
{"id":674,"date":"2014-12-07T19:03:45","date_gmt":"2014-12-07T17:03:45","guid":{"rendered":"http:\/\/80.69.171.23\/poro\/?page_id=674"},"modified":"2025-12-21T08:58:05","modified_gmt":"2025-12-21T06:58:05","slug":"nammasuojit","status":"publish","type":"page","link":"https:\/\/paliskunnat.fi\/boazu\/boazoborramus\/nammasuojit\/","title":{"rendered":"Bohccobierggu nammasuojit"},"content":{"rendered":"<h1>Bohccobierggu nammasuojit<\/h1>\n<p>Lappi Bohcco biergu, Lappu Bohcco goikebiergu ja Lappi bohcco galbmasuovasbiergu leat dovddastuvvon EU d\u00e1sis allad\u00e1s\u00e1t ja \u00e1rbevirola\u0161 buvttan ja dakk\u00e1rin lasihuvvon suodjaluvvon \u00e1lgovuolgganammadeami (SAN) o\u017e\u017eon buktagiid jovkui (<a href=\"https:\/\/www.mmm.fi\/fi\/nimisuoja\/\" class=\"external\" rel=\"nofollow\">EU nammasuodjevuog\u00e1dat<\/a>). Merkejupm\u00e1i vuoigadahtton boazobuktagat leat buvttaduvvon Suoma boazodoalloguovllus rieg\u00e1dan ja \u0161addan bohccuin, maid biergu lea \u010duhppon, ovddosdik\u0161ojuvvon ja maidd\u00e1i p\u00e1hkkejuvvon Suoma boazodoalloguovllus.<\/p>\n<p><a href=\"https:\/\/paliskunnat.fi\/boazu\/wp-content\/uploads\/2014\/12\/Kuva1.jpg\"><img loading=\"lazy\" decoding=\"async\" class=\"alignnone wp-image-676\" src=\"https:\/\/paliskunnat.fi\/boazu\/wp-content\/uploads\/2014\/12\/Kuva1.jpg\" alt=\"Bohccobierggu nammasuojit\" width=\"460\" height=\"307\" srcset=\"https:\/\/paliskunnat.fi\/boazu\/wp-content\/uploads\/2014\/12\/Kuva1.jpg 1500w, https:\/\/paliskunnat.fi\/boazu\/wp-content\/uploads\/2014\/12\/Kuva1-300x200.jpg 300w, https:\/\/paliskunnat.fi\/boazu\/wp-content\/uploads\/2014\/12\/Kuva1-1024x683.jpg 1024w\" sizes=\"auto, (max-width: 460px) 100vw, 460px\" \/><\/a><\/p>\n<p>Nammasuodjemerkejupmi lea f\u00e1mus mieht\u00e1 EU. EU nammasuodjemearkka ulbmilin lea suodjalit borramu\u0161g\u00e1lvvuid ja eanandoallobuktagiid st\u00e1\u0111\u00e1smuvvan nama boasttogeavahusas. Dat lea maidd\u00e1i kvalitehtamearka. Geogr\u00e1fala\u0161 saj\u00e1dat lea mearka borramu\u0161g\u00e1lvvuid kvalitehtas ja d\u00e1hk\u00e1dussan vuolggasajis, \u00e1vdnasiin ja buvttadanvuogis.<\/p>\n<p>&nbsp;<\/p>\n<p><!--more--><\/p>\n<h2>Nammasuodjedie\u0111\u00e1hus<\/h2>\n<p>Suomagillii:<\/p>\n<p>Lappi Bohcco biergu:<br \/>\n<a href=\"https:\/\/paliskunnat.fi\/boazu\/wp-content\/uploads\/2015\/05\/Lehdist\u00f6tilaisuus_8_5_2009.pdf\">Die\u0111\u00e1hus<\/a>\u00a0|\u00a0<a href=\"https:\/\/paliskunnat.fi\/boazu\/wp-content\/uploads\/2015\/05\/lapin_poron_liha.pdf\">\u00c1sahus<\/a><\/p>\n<p>Lappi Bohcco goikebiergu:<br \/>\n<a href=\"https:\/\/paliskunnat.fi\/boazu\/wp-content\/uploads\/2015\/05\/LapinPoronkuivaliha.pdf\">Die\u0111\u00e1hus<\/a>\u00a0|\u00a0<a href=\"https:\/\/paliskunnat.fi\/boazu\/wp-content\/uploads\/2015\/05\/lapin_poron_kuivaliha.pdf\">\u00c1sahus<\/a><\/p>\n<p>Lappi bohcco galbmasuovasbiergu:<br \/>\n<a href=\"https:\/\/paliskunnat.fi\/boazu\/wp-content\/uploads\/2015\/05\/lapin_poron_kylmasavuliha.pdf\">\u00c1sahus<\/a><\/p>\n<p><a href=\"https:\/\/eur-lex.europa.eu\/LexUriServ\/LexUriServ.do?uri=OJ:L:2008:173:0003:0005:FI:PDF\" class=\"external\" rel=\"nofollow\">Merkejumi ivdner\u00e1va <\/a><\/p>\n<p><a href=\"https:\/\/paliskunnat.fi\/boazu\/wp-content\/uploads\/2015\/05\/esimerkki_merkinnasta.doc\">Ovdamearka merkejumis<\/a><\/p>\n<p><a href=\"https:\/\/www.evira.fi\/files\/attachments\/fi\/evira\/lomakkeet_ja_ohjeet\/elintarvikkeet\/pakkausmerkinnat\/ohje_17049_2_nimisuoja_.pdf\" class=\"external\" rel=\"nofollow\">Gohcinr\u00e1va<\/a><\/p>\n<p><a href=\"http:\/\/ec.europa.eu\/agriculture\/quality\/door\/list.html\" class=\"external\" rel=\"nofollow\">EU DOOR nammasuodjeregister<\/a><\/p>\n<p>&nbsp;<\/p>\n","protected":false},"excerpt":{"rendered":"<p>Bohccobierggu nammasuojit Lappi Bohcco biergu, Lappu Bohcco goikebiergu ja Lappi bohcco galbmasuovasbiergu leat dovddastuvvon EU d\u00e1sis allad\u00e1s\u00e1t ja \u00e1rbevirola\u0161 buvttan ja dakk\u00e1rin lasihuvvon suodjaluvvon \u00e1lgovuolgganammadeami (SAN) o\u017e\u017eon buktagiid jovkui (EU nammasuodjevuog\u00e1dat). Merkejupm\u00e1i vuoigadahtton boazobuktagat leat buvttaduvvon Suoma boazodoalloguovllus rieg\u00e1dan ja \u0161addan bohccuin, maid biergu lea \u010duhppon, ovddosdik\u0161ojuvvon ja maidd\u00e1i p\u00e1hkkejuvvon Suoma boazodoalloguovllus. Nammasuodjemerkejupmi lea f\u00e1mus [&hellip;]<\/p>\n","protected":false},"author":1,"featured_media":0,"parent":174,"menu_order":2,"comment_status":"open","ping_status":"closed","template":"","meta":{"footnotes":""},"class_list":["post-674","page","type-page","status-publish","hentry"],"yoast_head":"<!-- This site is optimized with the Yoast SEO plugin v27.1.1 - https:\/\/yoast.com\/product\/yoast-seo-wordpress\/ -->\n<title>Bohccobierggu nammasuojit - Boazu<\/title>\n<meta name=\"robots\" content=\"index, follow, max-snippet:-1, max-image-preview:large, max-video-preview:-1\" \/>\n<link rel=\"canonical\" href=\"https:\/\/paliskunnat.fi\/boazu\/boazoborramus\/nammasuojit\/\" \/>\n<meta property=\"og:locale\" content=\"en_US\" \/>\n<meta property=\"og:type\" content=\"article\" \/>\n<meta property=\"og:title\" content=\"Bohccobierggu nammasuojit - Boazu\" \/>\n<meta property=\"og:description\" content=\"Bohccobierggu nammasuojit Lappi Bohcco biergu, Lappu Bohcco goikebiergu ja Lappi bohcco galbmasuovasbiergu leat dovddastuvvon EU d\u00e1sis allad\u00e1s\u00e1t ja \u00e1rbevirola\u0161 buvttan ja dakk\u00e1rin lasihuvvon suodjaluvvon \u00e1lgovuolgganammadeami (SAN) o\u017e\u017eon buktagiid jovkui (EU nammasuodjevuog\u00e1dat). Merkejupm\u00e1i vuoigadahtton boazobuktagat leat buvttaduvvon Suoma boazodoalloguovllus rieg\u00e1dan ja \u0161addan bohccuin, maid biergu lea \u010duhppon, ovddosdik\u0161ojuvvon ja maidd\u00e1i p\u00e1hkkejuvvon Suoma boazodoalloguovllus. Nammasuodjemerkejupmi lea f\u00e1mus [&hellip;]\" \/>\n<meta property=\"og:url\" content=\"https:\/\/paliskunnat.fi\/boazu\/boazoborramus\/nammasuojit\/\" \/>\n<meta property=\"og:site_name\" content=\"Boazu\" \/>\n<meta property=\"article:modified_time\" content=\"2025-12-21T06:58:05+00:00\" \/>\n<meta property=\"og:image\" content=\"https:\/\/paliskunnat.fi\/boazu\/wp-content\/uploads\/2014\/12\/Kuva1.jpg\" \/>\n\t<meta property=\"og:image:width\" content=\"1500\" \/>\n\t<meta property=\"og:image:height\" content=\"1000\" \/>\n\t<meta property=\"og:image:type\" content=\"image\/jpeg\" \/>\n<meta name=\"twitter:card\" content=\"summary_large_image\" \/>\n<meta name=\"twitter:label1\" content=\"Est. reading time\" \/>\n\t<meta name=\"twitter:data1\" content=\"1 minute\" \/>\n<script type=\"application\/ld+json\" class=\"yoast-schema-graph\">{\"@context\":\"https:\/\/schema.org\",\"@graph\":[{\"@type\":\"WebPage\",\"@id\":\"https:\/\/paliskunnat.fi\/boazu\/boazoborramus\/nammasuojit\/\",\"url\":\"https:\/\/paliskunnat.fi\/boazu\/boazoborramus\/nammasuojit\/\",\"name\":\"Bohccobierggu nammasuojit - Boazu\",\"isPartOf\":{\"@id\":\"https:\/\/paliskunnat.fi\/boazu\/#website\"},\"primaryImageOfPage\":{\"@id\":\"https:\/\/paliskunnat.fi\/boazu\/boazoborramus\/nammasuojit\/#primaryimage\"},\"image\":{\"@id\":\"https:\/\/paliskunnat.fi\/boazu\/boazoborramus\/nammasuojit\/#primaryimage\"},\"thumbnailUrl\":\"https:\/\/paliskunnat.fi\/boazu\/wp-content\/uploads\/2014\/12\/Kuva1.jpg\",\"datePublished\":\"2014-12-07T17:03:45+00:00\",\"dateModified\":\"2025-12-21T06:58:05+00:00\",\"breadcrumb\":{\"@id\":\"https:\/\/paliskunnat.fi\/boazu\/boazoborramus\/nammasuojit\/#breadcrumb\"},\"inLanguage\":\"en-US\",\"potentialAction\":[{\"@type\":\"ReadAction\",\"target\":[\"https:\/\/paliskunnat.fi\/boazu\/boazoborramus\/nammasuojit\/\"]}]},{\"@type\":\"ImageObject\",\"inLanguage\":\"en-US\",\"@id\":\"https:\/\/paliskunnat.fi\/boazu\/boazoborramus\/nammasuojit\/#primaryimage\",\"url\":\"https:\/\/paliskunnat.fi\/boazu\/wp-content\/uploads\/2014\/12\/Kuva1.jpg\",\"contentUrl\":\"https:\/\/paliskunnat.fi\/boazu\/wp-content\/uploads\/2014\/12\/Kuva1.jpg\"},{\"@type\":\"BreadcrumbList\",\"@id\":\"https:\/\/paliskunnat.fi\/boazu\/boazoborramus\/nammasuojit\/#breadcrumb\",\"itemListElement\":[{\"@type\":\"ListItem\",\"position\":1,\"name\":\"\u2630\",\"item\":\"https:\/\/paliskunnat.fi\/boazu\/\"},{\"@type\":\"ListItem\",\"position\":2,\"name\":\"Boazoborramu\u0161\",\"item\":\"https:\/\/paliskunnat.fi\/boazu\/boazoborramus\/\"},{\"@type\":\"ListItem\",\"position\":3,\"name\":\"Bohccobierggu nammasuojit\"}]},{\"@type\":\"WebSite\",\"@id\":\"https:\/\/paliskunnat.fi\/boazu\/#website\",\"url\":\"https:\/\/paliskunnat.fi\/boazu\/\",\"name\":\"Boazu\",\"description\":\"Bo - Boazu\",\"potentialAction\":[{\"@type\":\"SearchAction\",\"target\":{\"@type\":\"EntryPoint\",\"urlTemplate\":\"https:\/\/paliskunnat.fi\/boazu\/?s={search_term_string}\"},\"query-input\":{\"@type\":\"PropertyValueSpecification\",\"valueRequired\":true,\"valueName\":\"search_term_string\"}}],\"inLanguage\":\"en-US\"}]}<\/script>\n<!-- \/ Yoast SEO plugin. -->","yoast_head_json":{"title":"Bohccobierggu nammasuojit - Boazu","robots":{"index":"index","follow":"follow","max-snippet":"max-snippet:-1","max-image-preview":"max-image-preview:large","max-video-preview":"max-video-preview:-1"},"canonical":"https:\/\/paliskunnat.fi\/boazu\/boazoborramus\/nammasuojit\/","og_locale":"en_US","og_type":"article","og_title":"Bohccobierggu nammasuojit - Boazu","og_description":"Bohccobierggu nammasuojit Lappi Bohcco biergu, Lappu Bohcco goikebiergu ja Lappi bohcco galbmasuovasbiergu leat dovddastuvvon EU d\u00e1sis allad\u00e1s\u00e1t ja \u00e1rbevirola\u0161 buvttan ja dakk\u00e1rin lasihuvvon suodjaluvvon \u00e1lgovuolgganammadeami (SAN) o\u017e\u017eon buktagiid jovkui (EU nammasuodjevuog\u00e1dat). Merkejupm\u00e1i vuoigadahtton boazobuktagat leat buvttaduvvon Suoma boazodoalloguovllus rieg\u00e1dan ja \u0161addan bohccuin, maid biergu lea \u010duhppon, ovddosdik\u0161ojuvvon ja maidd\u00e1i p\u00e1hkkejuvvon Suoma boazodoalloguovllus. Nammasuodjemerkejupmi lea f\u00e1mus [&hellip;]","og_url":"https:\/\/paliskunnat.fi\/boazu\/boazoborramus\/nammasuojit\/","og_site_name":"Boazu","article_modified_time":"2025-12-21T06:58:05+00:00","og_image":[{"width":1500,"height":1000,"url":"https:\/\/paliskunnat.fi\/boazu\/wp-content\/uploads\/2014\/12\/Kuva1.jpg","type":"image\/jpeg"}],"twitter_card":"summary_large_image","twitter_misc":{"Est. reading time":"1 minute"},"schema":{"@context":"https:\/\/schema.org","@graph":[{"@type":"WebPage","@id":"https:\/\/paliskunnat.fi\/boazu\/boazoborramus\/nammasuojit\/","url":"https:\/\/paliskunnat.fi\/boazu\/boazoborramus\/nammasuojit\/","name":"Bohccobierggu nammasuojit - Boazu","isPartOf":{"@id":"https:\/\/paliskunnat.fi\/boazu\/#website"},"primaryImageOfPage":{"@id":"https:\/\/paliskunnat.fi\/boazu\/boazoborramus\/nammasuojit\/#primaryimage"},"image":{"@id":"https:\/\/paliskunnat.fi\/boazu\/boazoborramus\/nammasuojit\/#primaryimage"},"thumbnailUrl":"https:\/\/paliskunnat.fi\/boazu\/wp-content\/uploads\/2014\/12\/Kuva1.jpg","datePublished":"2014-12-07T17:03:45+00:00","dateModified":"2025-12-21T06:58:05+00:00","breadcrumb":{"@id":"https:\/\/paliskunnat.fi\/boazu\/boazoborramus\/nammasuojit\/#breadcrumb"},"inLanguage":"en-US","potentialAction":[{"@type":"ReadAction","target":["https:\/\/paliskunnat.fi\/boazu\/boazoborramus\/nammasuojit\/"]}]},{"@type":"ImageObject","inLanguage":"en-US","@id":"https:\/\/paliskunnat.fi\/boazu\/boazoborramus\/nammasuojit\/#primaryimage","url":"https:\/\/paliskunnat.fi\/boazu\/wp-content\/uploads\/2014\/12\/Kuva1.jpg","contentUrl":"https:\/\/paliskunnat.fi\/boazu\/wp-content\/uploads\/2014\/12\/Kuva1.jpg"},{"@type":"BreadcrumbList","@id":"https:\/\/paliskunnat.fi\/boazu\/boazoborramus\/nammasuojit\/#breadcrumb","itemListElement":[{"@type":"ListItem","position":1,"name":"\u2630","item":"https:\/\/paliskunnat.fi\/boazu\/"},{"@type":"ListItem","position":2,"name":"Boazoborramu\u0161","item":"https:\/\/paliskunnat.fi\/boazu\/boazoborramus\/"},{"@type":"ListItem","position":3,"name":"Bohccobierggu nammasuojit"}]},{"@type":"WebSite","@id":"https:\/\/paliskunnat.fi\/boazu\/#website","url":"https:\/\/paliskunnat.fi\/boazu\/","name":"Boazu","description":"Bo - Boazu","potentialAction":[{"@type":"SearchAction","target":{"@type":"EntryPoint","urlTemplate":"https:\/\/paliskunnat.fi\/boazu\/?s={search_term_string}"},"query-input":{"@type":"PropertyValueSpecification","valueRequired":true,"valueName":"search_term_string"}}],"inLanguage":"en-US"}]}},"_links":{"self":[{"href":"https:\/\/paliskunnat.fi\/boazu\/wp-json\/wp\/v2\/pages\/674","targetHints":{"allow":["GET"]}}],"collection":[{"href":"https:\/\/paliskunnat.fi\/boazu\/wp-json\/wp\/v2\/pages"}],"about":[{"href":"https:\/\/paliskunnat.fi\/boazu\/wp-json\/wp\/v2\/types\/page"}],"author":[{"embeddable":true,"href":"https:\/\/paliskunnat.fi\/boazu\/wp-json\/wp\/v2\/users\/1"}],"replies":[{"embeddable":true,"href":"https:\/\/paliskunnat.fi\/boazu\/wp-json\/wp\/v2\/comments?post=674"}],"version-history":[{"count":22,"href":"https:\/\/paliskunnat.fi\/boazu\/wp-json\/wp\/v2\/pages\/674\/revisions"}],"predecessor-version":[{"id":3873,"href":"https:\/\/paliskunnat.fi\/boazu\/wp-json\/wp\/v2\/pages\/674\/revisions\/3873"}],"up":[{"embeddable":true,"href":"https:\/\/paliskunnat.fi\/boazu\/wp-json\/wp\/v2\/pages\/174"}],"wp:attachment":[{"href":"https:\/\/paliskunnat.fi\/boazu\/wp-json\/wp\/v2\/media?parent=674"}],"curies":[{"name":"wp","href":"https:\/\/api.w.org\/{rel}","templated":true}]}}