{"id":1049,"date":"2014-11-18T13:06:00","date_gmt":"2014-11-18T11:06:00","guid":{"rendered":"http:\/\/80.69.171.23\/py\/?page_id=1049"},"modified":"2020-03-22T09:20:29","modified_gmt":"2020-03-22T07:20:29","slug":"tutkkeemhankkoozz","status":"publish","type":"page","link":"https:\/\/paliskunnat.fi\/poh\/hankkoozz\/tutkkeemhankkoozz\/","title":{"rendered":"Tu\u02b9t\u01e9\u01e9eemha\u02b9\u014b\u01e9\u01e9\u00f5\u00f5zz"},"content":{"rendered":"<h1>Tu\u02b9t\u01e9\u01e9eemha\u02b9\u014b\u01e9\u01e9\u00f5\u00f5zz<\/h1>\n<p>L\u00e4\u00e4\u02b9ddj\u00e2nnmest pu\u00e4ccja da pu\u00e4\u0292\u0292h\u00e5\u00e5id k\u00f5\u00f5\u010d\u010dm\u00f5\u00f5\u017e\u017eid \u00f5httneei tu\u02b9t\u01e9\u01e9ummu\u017e tuejjeet aktiivl\u00e2nji m\u00e4\u00e4\u014bgain universitee\u02b9ttin di <a href=\"http:\/\/www.luke.fi\/\"><strong>Lu\u00e2ttree\u02b9\u01e7\u01e7esvu\u00f5ttk\u00f5\u00f5sk\u00f5\u00f5zz\u00e2st.<\/strong><\/a><\/p>\n<p>Paal\u01e5\u00e2skoo\u02b9ddi \u00f5htt\u00f5\u00f5zz Kutuharju\u00a0<a href=\"http:\/\/paliskunnat.fi\/py\/organisaatio\/koeporotarha\/\"><strong>te\u02b9sttpu\u00e4\u0292\u0292<\/strong><\/a><strong>kardd\u00e2z<\/strong>\u00a0da Lu\u00e2ttree\u02b9\u01e7\u01e7esvu\u00f5ttk\u00f5\u00f5sk\u00f5\u00f5zz (LUKE) Aanar Kaam\u00e2s pu\u00e4\u0292\u0292tu\u02b9t\u01e9\u01e9eems\u00e2jld\u00f5k r\u00e4\u02b9jje maai\u02b9lmveidds\u00e2nji o\u02b9dinakai pu\u00e4\u0292\u0292tu\u02b9t\u01e9\u01e9eemobbvu\u00f5\u0111, koon \u00e4u\u02b9\u01e9\u01e9ee ju\u00f5\u02b9\u01e9\u01e9 ee\u02b9jj m\u00e4\u00e4\u014bg meeraik\u00f5skksa\u017e tu\u02b9t\u01e9\u01e9eemjoouk pirr maai\u02b9lm.<\/p>\n<p><a href=\"http:\/\/paliskunnat.fi\/py\/wp-content\/uploads\/2018\/01\/kutuharju.jpg\" rel=\"lightbox[1049]\"><img loading=\"lazy\" decoding=\"async\" class=\"alignnone wp-image-5581\" src=\"http:\/\/paliskunnat.fi\/py\/wp-content\/uploads\/2018\/01\/kutuharju.jpg\" alt=\"Kutuharju 2016\" width=\"460\" height=\"307\" srcset=\"https:\/\/paliskunnat.fi\/poh\/wp-content\/uploads\/2018\/01\/kutuharju.jpg 1100w, https:\/\/paliskunnat.fi\/poh\/wp-content\/uploads\/2018\/01\/kutuharju-300x200.jpg 300w, https:\/\/paliskunnat.fi\/poh\/wp-content\/uploads\/2018\/01\/kutuharju-1024x682.jpg 1024w, https:\/\/paliskunnat.fi\/poh\/wp-content\/uploads\/2018\/01\/kutuharju-768x512.jpg 768w\" sizes=\"auto, (max-width: 460px) 100vw, 460px\" \/><\/a><\/p>\n<p>&nbsp;<\/p>\n","protected":false},"excerpt":{"rendered":"<p>Tu\u02b9t\u01e9\u01e9eemha\u02b9\u014b\u01e9\u01e9\u00f5\u00f5zz L\u00e4\u00e4\u02b9ddj\u00e2nnmest pu\u00e4ccja da pu\u00e4\u0292\u0292h\u00e5\u00e5id k\u00f5\u00f5\u010d\u010dm\u00f5\u00f5\u017e\u017eid \u00f5httneei tu\u02b9t\u01e9\u01e9ummu\u017e tuejjeet aktiivl\u00e2nji m\u00e4\u00e4\u014bgain universitee\u02b9ttin di Lu\u00e2ttree\u02b9\u01e7\u01e7esvu\u00f5ttk\u00f5\u00f5sk\u00f5\u00f5zz\u00e2st. Paal\u01e5\u00e2skoo\u02b9ddi \u00f5htt\u00f5\u00f5zz Kutuharju\u00a0te\u02b9sttpu\u00e4\u0292\u0292kardd\u00e2z\u00a0da Lu\u00e2ttree\u02b9\u01e7\u01e7esvu\u00f5ttk\u00f5\u00f5sk\u00f5\u00f5zz (LUKE) Aanar Kaam\u00e2s pu\u00e4\u0292\u0292tu\u02b9t\u01e9\u01e9eems\u00e2jld\u00f5k r\u00e4\u02b9jje maai\u02b9lmveidds\u00e2nji o\u02b9dinakai pu\u00e4\u0292\u0292tu\u02b9t\u01e9\u01e9eemobbvu\u00f5\u0111, koon \u00e4u\u02b9\u01e9\u01e9ee ju\u00f5\u02b9\u01e9\u01e9 ee\u02b9jj m\u00e4\u00e4\u014bg meeraik\u00f5skksa\u017e tu\u02b9t\u01e9\u01e9eemjoouk pirr maai\u02b9lm. &nbsp;<\/p>\n","protected":false},"author":1,"featured_media":0,"parent":193,"menu_order":3,"comment_status":"open","ping_status":"closed","template":"","meta":{"footnotes":""},"class_list":["post-1049","page","type-page","status-publish","hentry"],"aioseo_notices":[],"_links":{"self":[{"href":"https:\/\/paliskunnat.fi\/poh\/wp-json\/wp\/v2\/pages\/1049","targetHints":{"allow":["GET"]}}],"collection":[{"href":"https:\/\/paliskunnat.fi\/poh\/wp-json\/wp\/v2\/pages"}],"about":[{"href":"https:\/\/paliskunnat.fi\/poh\/wp-json\/wp\/v2\/types\/page"}],"author":[{"embeddable":true,"href":"https:\/\/paliskunnat.fi\/poh\/wp-json\/wp\/v2\/users\/1"}],"replies":[{"embeddable":true,"href":"https:\/\/paliskunnat.fi\/poh\/wp-json\/wp\/v2\/comments?post=1049"}],"version-history":[{"count":2,"href":"https:\/\/paliskunnat.fi\/poh\/wp-json\/wp\/v2\/pages\/1049\/revisions"}],"predecessor-version":[{"id":6669,"href":"https:\/\/paliskunnat.fi\/poh\/wp-json\/wp\/v2\/pages\/1049\/revisions\/6669"}],"up":[{"embeddable":true,"href":"https:\/\/paliskunnat.fi\/poh\/wp-json\/wp\/v2\/pages\/193"}],"wp:attachment":[{"href":"https:\/\/paliskunnat.fi\/poh\/wp-json\/wp\/v2\/media?parent=1049"}],"curies":[{"name":"wp","href":"https:\/\/api.w.org\/{rel}","templated":true}]}}