{"id":1279,"date":"2014-11-20T14:38:31","date_gmt":"2014-11-20T12:38:31","guid":{"rendered":"http:\/\/80.69.171.23\/py\/?page_id=1279"},"modified":"2023-06-07T16:10:28","modified_gmt":"2023-06-07T13:10:28","slug":"kiottmaadd","status":"publish","type":"page","link":"https:\/\/paliskunnat.fi\/poh\/paalgaskaadd\/paalgaskooddi_tead\/kiottmaadd\/","title":{"rendered":"12 \u01e8i\u00f5ttmaadd"},"content":{"rendered":"<h2>\u01e8i\u00f5ttmaadd<\/h2>\n<p>Pu\u00e4\u0292\u0292ee\u02b9\u017e\u017eed: Valkeap\u00e4\u00e4 Lars-Jona<br \/>\nTe\u02b9lfon: 040 678 1185<br \/>\nNe\u02b9ttp\u00e5\u00e5\u02b9\u0161t: &#x6b;&#97;s&#x69;&#118;&#97;&#x72;&#x72;&#101;n&#x70;&#97;l&#x69;&#x73;&#107;u&#x6e;&#116;a&#x40;&#x67;&#109;a&#x69;&#108;&#46;&#x63;&#x6f;&#109;<\/p>\n<p><a href=\"https:\/\/paliskunnat.fi\/py\/wp-content\/uploads\/2014\/11\/12_kasivarsi.png\" rel=\"lightbox[1279]\"><img loading=\"lazy\" decoding=\"async\" class=\"alignnone wp-image-1282\" src=\"https:\/\/paliskunnat.fi\/py\/wp-content\/uploads\/2014\/11\/12_kasivarsi.png\" alt=\"12 K\u00e4sivarren paliskunta\" width=\"300\" height=\"387\" srcset=\"https:\/\/paliskunnat.fi\/poh\/wp-content\/uploads\/2014\/11\/12_kasivarsi.png 776w, https:\/\/paliskunnat.fi\/poh\/wp-content\/uploads\/2014\/11\/12_kasivarsi-233x300.png 233w, https:\/\/paliskunnat.fi\/poh\/wp-content\/uploads\/2014\/11\/12_kasivarsi-768x990.png 768w\" sizes=\"auto, (max-width: 300px) 100vw, 300px\" \/><\/a><\/p>\n<table width=\"450\">\n<tbody>\n<tr>\n<td>Dommk\u00e5\u02b9dd:<\/td>\n<td>Je\u00e4n\u00f5k<\/td>\n<\/tr>\n<tr>\n<td>Vu\u02b9vdd\u0161orr\u00e2dvu\u00f5tt:<\/td>\n<td>4 839,7 km<sup>2<\/sup><\/td>\n<\/tr>\n<tr>\n<td>\u0160uurm\u00f5s l\u00e5\u00e5vla\u017e pu\u00e4\u0292\u0292l\u00e5\u00e5kk:<\/td>\n<td>10 000<\/td>\n<\/tr>\n<tr>\n<td>Pu\u00e4\u0292\u0292vu\u00e4\u02b9msteei:<\/td>\n<td>191<\/td>\n<\/tr>\n<\/tbody>\n<\/table>\n<p>\u01e8i\u00f5ttmaddi paal\u01e5\u00e2sk\u00e5\u02b9dd kooll Je\u00e4n\u00f5\u00f5\u01e5\u01e5 mi\u00e2rkkpirr\u00f5\u02b9sse. Paal\u01e5\u00e2sk\u00e5\u02b9dd lij Je\u00e4n\u00f5\u00f5\u01e5\u01e5 k\u00e5\u00e5\u02b9dd reddvi\u00f5st\u00e2rvue\u02b9zzest. Paal\u01e5\u00e2sk\u00e5\u00e5\u02b9dd raajj\u00e2n lie vi\u00f5sttrest Ru\u00f5ccj\u00e2nnam v\u00e4\u02b9lddk\u00e5\u00e5\u02b9dd raajj da t\u00e2\u00e2vast Taarrj\u00e2nnam v\u00e4\u02b9lddk\u00e5\u00e5\u02b9dd raajj. Saujj- da nu\u00f5rttbe\u00e4\u02b9lnn paal\u01e5\u00e2sk\u00e5\u00e5\u02b9dd r\u00e4\u02b9jjli\u02b9\u017e\u017een lij N\u00e4kk\u00e4l\u00e4 paal\u01e5\u00e2sk\u00e5\u02b9dd.<\/p>\n<p>Paal\u01e5\u00e2sk\u00e5\u00e5\u02b9dd vuu\u02b9dest 95,7 % lie riikkj\u00e2nnam da 4,3 % privattj\u00e2nnam. P\u00e2\u02b9jjel pe\u00e4\u02b9l paal\u01e5\u00e2sk\u00e5\u00e5\u02b9dd vuu\u02b9dest lie poostaij\u00e2nnam- da je\u00e4\u02b9\u01e7\u01e7su\u00f5jjlemvuu\u02b9d. Kilpisj\u00e4\u00e4u\u02b9r reddvi\u00f5stt\u00e2r be\u00e4\u02b9lnn lij Malla lu\u00e2ttmu\u00f5rrkaard\u00e2s. V\u00e4\u02b9lddvue\u02b9zzest paal\u01e5\u00e2sk\u00e5\u00e5\u02b9dd jie le\u00e4kku \u010du\u00f5kku le\u02b9be vu\u02b9vdd lij aazz\u01e9\u00e2nai poostaij\u00e2nnam.<\/p>\n<p>Paal\u01e5\u00e2sk\u00e5\u00e5\u02b9dd v\u00e4\u02b9lddpikal\u00f5s\u00e4\u00e4id lie Raittij\u00e4u\u02b9rr, Njamakka, Saarikoski, Kultima da Paloj\u00e4u\u02b9rr. Jee\u02b9res \u00e4iddp\u00e4\u00e4i\u02b9\u01e9 lie Salvasj\u00e4u\u02b9rr, Jehkas da Pihtsusj\u00e4u\u02b9rr. Njamakka da Saarikoski k\u00f5\u00f5sk lij 15 \u01e9ilomettar ku\u02b9\u01e9es k\u00e5\u02b9ddempu\u00f5cci j\u00e5\u00e5\u02b9\u0111tem\u00e4idd.<\/p>\n<p>Aazzt\u00f5s lij h\u00e4\u00e4\u02b9rves da oummu j\u00e4lste v\u00e4\u02b9ldd\u010du\u00e2\u01e5\u01e5as 21 da Ruijatie pe\u00e4llsest \u00e5\u00e5rrai u\u02b9cc siidin. \u0160uurm\u00f5s \u010d\u00f5kkp\u00e4i\u02b9\u01e9\u01e9 lij Karesuvanto sijdd.<\/p>\n<p><!--more--><\/p>\n<h2>\u01e8i\u00f5ttmaddi paal\u01e5\u00e2sk\u00e5\u02b9dd<\/h2>\n<p>\u01e8i\u00f5ttmaddi paal\u01e5\u00e2sk\u00e5\u00e5\u02b9dd\u00a0<a href=\"http:\/\/www.kasivarrenpaliskunta.fi\/index.html\"><strong>WWW-seeid<\/strong><\/a><\/p>\n<h2>\u01e8ie\u02b9t\u01e9 ku\u00f5rrmen<\/h2>\n<p>\u01e8i\u00f5ttmaddi paal\u01e5\u00e2sk\u00e5\u00e5\u02b9dd pu\u00e4\u0292\u0292ee\u02b9\u017e\u017eed Tuomas I. Paloj\u00e4rvi mie\u02b9ldd \u01e9ie\u02b9t\u01e9 ku\u00f5rrmen Je\u00e4n\u00f5\u00f5\u01e5\u01e5 Paloj\u00e4\u00e4u\u02b9rest (<a href=\"https:\/\/www.youtube.com\/watch?v=QyOfrgpPtjw\"><strong>Youtube<\/strong><\/a>).\u00a0 Lapin Kansa \u2013 \u00f5lmst\u00f5ttum 3\/2013.<\/p>\n","protected":false},"excerpt":{"rendered":"<p>\u01e8i\u00f5ttmaadd Pu\u00e4\u0292\u0292ee\u02b9\u017e\u017eed: Valkeap\u00e4\u00e4 Lars-Jona Te\u02b9lfon: 040 678 1185 Ne\u02b9ttp\u00e5\u00e5\u02b9\u0161t: &#x6b;&#x61;&#x73;&#x69;&#x76;&#97;&#114;&#114;&#101;npa&#x6c;&#x69;&#x73;&#x6b;&#x75;&#x6e;&#116;&#97;&#64;gma&#x69;&#x6c;&#x2e;&#x63;&#x6f;&#x6d; Dommk\u00e5\u02b9dd: Je\u00e4n\u00f5k Vu\u02b9vdd\u0161orr\u00e2dvu\u00f5tt: 4 839,7 km2 \u0160uurm\u00f5s l\u00e5\u00e5vla\u017e pu\u00e4\u0292\u0292l\u00e5\u00e5kk: 10 000 Pu\u00e4\u0292\u0292vu\u00e4\u02b9msteei: 191 \u01e8i\u00f5ttmaddi paal\u01e5\u00e2sk\u00e5\u02b9dd kooll Je\u00e4n\u00f5\u00f5\u01e5\u01e5 mi\u00e2rkkpirr\u00f5\u02b9sse. Paal\u01e5\u00e2sk\u00e5\u02b9dd lij Je\u00e4n\u00f5\u00f5\u01e5\u01e5 k\u00e5\u00e5\u02b9dd reddvi\u00f5st\u00e2rvue\u02b9zzest. Paal\u01e5\u00e2sk\u00e5\u00e5\u02b9dd raajj\u00e2n lie vi\u00f5sttrest Ru\u00f5ccj\u00e2nnam v\u00e4\u02b9lddk\u00e5\u00e5\u02b9dd raajj da t\u00e2\u00e2vast Taarrj\u00e2nnam v\u00e4\u02b9lddk\u00e5\u00e5\u02b9dd raajj. Saujj- da nu\u00f5rttbe\u00e4\u02b9lnn paal\u01e5\u00e2sk\u00e5\u00e5\u02b9dd r\u00e4\u02b9jjli\u02b9\u017e\u017een lij N\u00e4kk\u00e4l\u00e4 paal\u01e5\u00e2sk\u00e5\u02b9dd. Paal\u01e5\u00e2sk\u00e5\u00e5\u02b9dd vuu\u02b9dest [&hellip;]<\/p>\n","protected":false},"author":1,"featured_media":0,"parent":420,"menu_order":12,"comment_status":"open","ping_status":"closed","template":"paliskuntasivut.php","meta":{"footnotes":""},"class_list":["post-1279","page","type-page","status-publish","hentry"],"aioseo_notices":[],"_links":{"self":[{"href":"https:\/\/paliskunnat.fi\/poh\/wp-json\/wp\/v2\/pages\/1279","targetHints":{"allow":["GET"]}}],"collection":[{"href":"https:\/\/paliskunnat.fi\/poh\/wp-json\/wp\/v2\/pages"}],"about":[{"href":"https:\/\/paliskunnat.fi\/poh\/wp-json\/wp\/v2\/types\/page"}],"author":[{"embeddable":true,"href":"https:\/\/paliskunnat.fi\/poh\/wp-json\/wp\/v2\/users\/1"}],"replies":[{"embeddable":true,"href":"https:\/\/paliskunnat.fi\/poh\/wp-json\/wp\/v2\/comments?post=1279"}],"version-history":[{"count":7,"href":"https:\/\/paliskunnat.fi\/poh\/wp-json\/wp\/v2\/pages\/1279\/revisions"}],"predecessor-version":[{"id":7090,"href":"https:\/\/paliskunnat.fi\/poh\/wp-json\/wp\/v2\/pages\/1279\/revisions\/7090"}],"up":[{"embeddable":true,"href":"https:\/\/paliskunnat.fi\/poh\/wp-json\/wp\/v2\/pages\/420"}],"wp:attachment":[{"href":"https:\/\/paliskunnat.fi\/poh\/wp-json\/wp\/v2\/media?parent=1279"}],"curies":[{"name":"wp","href":"https:\/\/api.w.org\/{rel}","templated":true}]}}