{"id":1304,"date":"2014-11-22T20:06:02","date_gmt":"2014-11-22T18:06:02","guid":{"rendered":"http:\/\/80.69.171.23\/py\/?page_id=1304"},"modified":"2023-06-07T15:30:05","modified_gmt":"2023-06-07T12:30:05","slug":"muddusjaurr","status":"publish","type":"page","link":"https:\/\/paliskunnat.fi\/poh\/paalgaskaadd\/paalgaskooddi_tead\/muddusjaurr\/","title":{"rendered":"4 Muddusj\u00e4u\u02b9rr"},"content":{"rendered":"<h2>Muddusj\u00e4u\u02b9rr<\/h2>\n<p>Pu\u00e4\u0292\u0292ee\u02b9\u017e\u017eed: Seuruj\u00e4rvi Osmo<br \/>\nTe\u02b9lfon: 040 352 4151<br \/>\nNe\u02b9ttp\u00e5\u00e5\u02b9\u0161t: s&#101;&#117;&#x72;&#x75;&#x6a;&#x61;r&#118;&#105;&#111;&#x73;&#x6d;&#x6f;&#64;g&#109;&#97;&#x69;&#x6c;&#x2e;co&#109;<\/p>\n<p><a href=\"https:\/\/paliskunnat.fi\/py\/wp-content\/uploads\/2014\/11\/4_muddusjarvi1.png\" rel=\"lightbox[1304]\"><img loading=\"lazy\" decoding=\"async\" class=\"alignnone wp-image-1306\" src=\"https:\/\/paliskunnat.fi\/py\/wp-content\/uploads\/2014\/11\/4_muddusjarvi1.png\" alt=\"4 Muddusj\u00e4rvi\" width=\"300\" height=\"387\" srcset=\"https:\/\/paliskunnat.fi\/poh\/wp-content\/uploads\/2014\/11\/4_muddusjarvi1.png 776w, https:\/\/paliskunnat.fi\/poh\/wp-content\/uploads\/2014\/11\/4_muddusjarvi1-233x300.png 233w, https:\/\/paliskunnat.fi\/poh\/wp-content\/uploads\/2014\/11\/4_muddusjarvi1-768x990.png 768w\" sizes=\"auto, (max-width: 300px) 100vw, 300px\" \/><\/a><\/p>\n<table style=\"height: 122px;\" width=\"450\">\n<tbody>\n<tr>\n<td>Dommk\u00e5\u02b9dd:<\/td>\n<td>Aanar<\/td>\n<\/tr>\n<tr>\n<td>Vu\u02b9vdd\u0161orr\u00e2dvu\u00f5tt:<\/td>\n<td>2 874,5 km<sup>2<\/sup><\/td>\n<\/tr>\n<tr>\n<td>\u0160uurm\u00f5s l\u00e5\u00e5vla\u017e pu\u00e4\u0292\u0292l\u00e5\u00e5kk:<\/td>\n<td>5 200<\/td>\n<\/tr>\n<tr>\n<td>Pu\u00e4\u0292\u0292vu\u00e4\u02b9msteei:<\/td>\n<td>67<\/td>\n<\/tr>\n<\/tbody>\n<\/table>\n<p>Muddusj\u00e4\u00e4u\u02b9r paal\u01e5\u00e2sk\u00e5\u02b9dd lij Aanar k\u00e5\u00e5\u02b9ddest. Paal\u01e5\u00e2sk\u00e5\u02b9dd kooll Aanar mi\u00e2rkkpirr\u00f5\u02b9sse. Paal\u01e5\u00e2sk\u00e5\u02b9dd raaj lie t\u00e2\u00e2vast Kaldoaivi, \u00e4pplest Njaudd\u00e2m, oo\u02b9bbdnee\u02b9\u01e9\u01e9est Pa\u010d\u010djoo\u01e5\u01e5, saauj\u00e2st P\u00e4\u00e4\u02b9nntu\u00f5dd\u00e2r, reddvi\u00f5sttrest Paistu\u00f5dd\u00e2r da vi\u00f5sttrest Muotkatu\u00f5dd\u00e2r paal\u01e5\u00e2skoo\u02b9ddivui\u02b9m.<\/p>\n<p>Paal\u01e5\u00e2sk\u00e5\u00e5\u02b9ddest \u0161uurm\u00f5s vue\u02b9ss lie riikkj\u00e2nnam. Jee\u02b9res m\u00e4ddvu\u00e4\u02b9msteei lie Uccjoo\u01e5\u01e5 vu\u00e2\u0111\u0111t\u00e4\u00e4lai da pu\u00e4\u0292\u0292t\u00e4\u00e4lai \u00f5httsa\u017eme\u00e4\u02b9cc di privatt vu\u00e4\u02b9msteei.Paal\u01e5\u00e2sk\u00e5\u00e5\u02b9dd vuu\u02b9dest 84,6 % lie riikkj\u00e2nnam da 15,4 % privattj\u00e2nnam. Paal\u01e5\u00e2sk\u00e5\u00e5\u02b9dd tu\u00e5immjumm\u0161a vaikkteei tuejjeei lie Vaijoo\u01e5\u01e5, Sammutjie\u02b9\u01e7\u01e7, Piera-Mari jie\u02b9\u01e7\u01e7 da Halstimajie\u02b9\u01e7\u01e7 jie\u02b9\u01e7\u01e7i su\u00f5jjlemvuu\u02b9d.<\/p>\n<p>Paal\u01e5\u00e2sk\u00e5\u00e5\u02b9dd v\u00e4\u02b9lddpikal\u00f5sp\u00e4i\u02b9\u01e9\u01e9 lij \u010ciuttajokk. \u01e8ie\u02b9ssmie\u02b9r\u01e9\u01e9eem\u00e4\u00e4idaid jie le\u00e4kku \u00e2\u00e2nnam ee\u02b9jj 1994 m\u00e2\u014b\u014ba. Pu\u00f5ccid kue\u02b9ddteei kue\u02b9ddte pu\u00f5ccid jii\u02b9jjez \u00e4\u00e4idain.<\/p>\n<p>Aazzt\u00f5s lij v\u00e4\u00e4\u02b9nes da j\u00e4\u00e4nm\u00f5s\u00e2n paal\u01e5\u00e2sk\u00e5\u00e5\u02b9dd saujjvue\u02b9zzest. V\u00e4\u02b9lddvue\u02b9ss paal\u01e5\u00e2sk\u00e5\u00e5\u02b9dd vue\u02b9ssnii\u02b9\u01e9\u01e9in j\u00e4\u00e4last Aanar ceerkavsiid\u00e2st le\u02b9be p\u00e5\u00e5\u0111j\u00e4lstemvuu\u02b9dest. M\u00e5ttmid siidid pe\u00e4ggtee\u02b9l: Riutula, Kaam\u00e2s, V\u00e4\u02b9vll da P\u00e4\u00e4rt\u00f5k.<\/p>\n<p>&nbsp;<\/p>\n<p>&nbsp;<\/p>\n<p>&nbsp;<\/p>\n","protected":false},"excerpt":{"rendered":"<p>Muddusj\u00e4u\u02b9rr Pu\u00e4\u0292\u0292ee\u02b9\u017e\u017eed: Seuruj\u00e4rvi Osmo Te\u02b9lfon: 040 352 4151 Ne\u02b9ttp\u00e5\u00e5\u02b9\u0161t: &#x73;&#101;&#x75;&#x72;u&#x6a;&#97;r&#x76;&#105;o&#x73;&#109;&#x6f;&#x40;g&#x6d;&#97;i&#x6c;&#46;c&#x6f;&#109; Dommk\u00e5\u02b9dd: Aanar Vu\u02b9vdd\u0161orr\u00e2dvu\u00f5tt: 2 874,5 km2 \u0160uurm\u00f5s l\u00e5\u00e5vla\u017e pu\u00e4\u0292\u0292l\u00e5\u00e5kk: 5 200 Pu\u00e4\u0292\u0292vu\u00e4\u02b9msteei: 67 Muddusj\u00e4\u00e4u\u02b9r paal\u01e5\u00e2sk\u00e5\u02b9dd lij Aanar k\u00e5\u00e5\u02b9ddest. Paal\u01e5\u00e2sk\u00e5\u02b9dd kooll Aanar mi\u00e2rkkpirr\u00f5\u02b9sse. Paal\u01e5\u00e2sk\u00e5\u02b9dd raaj lie t\u00e2\u00e2vast Kaldoaivi, \u00e4pplest Njaudd\u00e2m, oo\u02b9bbdnee\u02b9\u01e9\u01e9est Pa\u010d\u010djoo\u01e5\u01e5, saauj\u00e2st P\u00e4\u00e4\u02b9nntu\u00f5dd\u00e2r, reddvi\u00f5sttrest Paistu\u00f5dd\u00e2r da vi\u00f5sttrest Muotkatu\u00f5dd\u00e2r paal\u01e5\u00e2skoo\u02b9ddivui\u02b9m. Paal\u01e5\u00e2sk\u00e5\u00e5\u02b9ddest \u0161uurm\u00f5s vue\u02b9ss lie riikkj\u00e2nnam. Jee\u02b9res [&hellip;]<\/p>\n","protected":false},"author":1,"featured_media":0,"parent":420,"menu_order":4,"comment_status":"open","ping_status":"closed","template":"paliskuntasivut.php","meta":{"footnotes":""},"class_list":["post-1304","page","type-page","status-publish","hentry"],"aioseo_notices":[],"_links":{"self":[{"href":"https:\/\/paliskunnat.fi\/poh\/wp-json\/wp\/v2\/pages\/1304","targetHints":{"allow":["GET"]}}],"collection":[{"href":"https:\/\/paliskunnat.fi\/poh\/wp-json\/wp\/v2\/pages"}],"about":[{"href":"https:\/\/paliskunnat.fi\/poh\/wp-json\/wp\/v2\/types\/page"}],"author":[{"embeddable":true,"href":"https:\/\/paliskunnat.fi\/poh\/wp-json\/wp\/v2\/users\/1"}],"replies":[{"embeddable":true,"href":"https:\/\/paliskunnat.fi\/poh\/wp-json\/wp\/v2\/comments?post=1304"}],"version-history":[{"count":5,"href":"https:\/\/paliskunnat.fi\/poh\/wp-json\/wp\/v2\/pages\/1304\/revisions"}],"predecessor-version":[{"id":7036,"href":"https:\/\/paliskunnat.fi\/poh\/wp-json\/wp\/v2\/pages\/1304\/revisions\/7036"}],"up":[{"embeddable":true,"href":"https:\/\/paliskunnat.fi\/poh\/wp-json\/wp\/v2\/pages\/420"}],"wp:attachment":[{"href":"https:\/\/paliskunnat.fi\/poh\/wp-json\/wp\/v2\/media?parent=1304"}],"curies":[{"name":"wp","href":"https:\/\/api.w.org\/{rel}","templated":true}]}}