{"id":1463,"date":"2014-11-23T15:21:13","date_gmt":"2014-11-23T13:21:13","guid":{"rendered":"http:\/\/80.69.171.23\/py\/?page_id=1463"},"modified":"2023-06-07T15:49:54","modified_gmt":"2023-06-07T12:49:54","slug":"orajarvi","status":"publish","type":"page","link":"https:\/\/paliskunnat.fi\/poh\/paalgaskaadd\/paalgaskooddi_tead\/orajarvi\/","title":{"rendered":"31 Oraj\u00e4rvi"},"content":{"rendered":"<h2>Oraj\u00e4rvi<\/h2>\n<p>Pu\u00e4\u0292\u0292ee\u02b9\u017e\u017eed: Ekonoja Aimo<br \/>\nTe\u02b9lfon: 040 541 8937<br \/>\nNe\u02b9ttp\u00e5\u00e5\u02b9\u0161t: e&#107;&#111;&#x6e;&#x6f;ja&#116;&#64;&#x68;&#x6f;tm&#97;&#105;&#x6c;&#x2e;co&#109;<\/p>\n<p><a href=\"https:\/\/paliskunnat.fi\/py\/wp-content\/uploads\/2014\/11\/31_orajarvi.png\" rel=\"lightbox[1463]\"><img loading=\"lazy\" decoding=\"async\" class=\"alignnone wp-image-1516\" src=\"https:\/\/paliskunnat.fi\/py\/wp-content\/uploads\/2014\/11\/31_orajarvi.png\" alt=\"31 Oraj\u00e4rvi\" width=\"300\" height=\"387\" srcset=\"https:\/\/paliskunnat.fi\/poh\/wp-content\/uploads\/2014\/11\/31_orajarvi.png 775w, https:\/\/paliskunnat.fi\/poh\/wp-content\/uploads\/2014\/11\/31_orajarvi-233x300.png 233w, https:\/\/paliskunnat.fi\/poh\/wp-content\/uploads\/2014\/11\/31_orajarvi-768x991.png 768w\" sizes=\"auto, (max-width: 300px) 100vw, 300px\" \/><\/a><\/p>\n<table width=\"450\">\n<tbody>\n<tr>\n<td>Dommk\u00e5\u02b9dd:<\/td>\n<td>Pello<\/td>\n<\/tr>\n<tr>\n<td>Vu\u02b9vdd\u0161orr\u00e2dvu\u00f5tt:<\/td>\n<td>1 256,1 km<sup>2<\/sup><\/td>\n<\/tr>\n<tr>\n<td>\u0160uurm\u00f5s l\u00e5\u00e5vla\u017e pu\u00e4\u0292\u0292l\u00e5\u00e5kk:<\/td>\n<td>1 500<\/td>\n<\/tr>\n<tr>\n<td>Pu\u00e4\u0292\u0292vu\u00e4\u02b9msteei:<\/td>\n<td>52<\/td>\n<\/tr>\n<\/tbody>\n<\/table>\n<p>Oraj\u00e4rvi paal\u01e5\u00e2sk\u00e5\u02b9dd kooll vi\u00f5stt\u00e2r mi\u00e2rkkpirr\u00f5\u02b9sse. Paal\u01e5\u00e2sk\u00e5\u02b9dd lij Pello k\u00e5\u00e5\u02b9dd vuu\u02b9dest da u\u02b9cc vue\u02b9ss lij P\u00e2\u02b9jjtornio k\u00e5\u00e5\u02b9dd vuu\u02b9dest. Paal\u01e5\u00e2sk\u00e5\u00e5\u02b9dd r\u00e4\u02b9jjla\u017epaal\u01e5\u00e2sk\u00e5\u00e5\u02b9dd lie t\u00e2\u00e2vast Kolari, nu\u00f5rttjest Paloj\u00e4rvi da saauj\u00e2st Lohij\u00e4rvi paal\u01e5\u00e2sk\u00e5\u00e5\u02b9dd. Vi\u00f5sttrest paal\u01e5\u00e2sk\u00e5\u00e5\u02b9dd raajj m\u00e2\u00e2nn v\u00e4\u02b9lddk\u00e5\u00e5\u02b9dd raajj p\u00e4\u00e4i\u02b9\u01e9.<\/p>\n<p>Paal\u01e5\u00e2sk\u00e5\u00e5\u02b9dd vuu\u02b9dest 29,0 % lie riikkj\u00e2nnam da 71,0 % privattj\u00e2nnam. Tornio da Kolari k\u00f5\u00f5sk\u00e2st j\u00e5\u00e5tt ru\u02b9vdd\u010du\u00e2\u01e5\u01e5as, koon mie\u02b9ldd j\u00e5\u00e5tt nu\u02b9tt oouma\u017e- ko t\u00e4\u02b9vverj\u00e5\u00e5ttl\u00f5\u00f5\u01e5\u01e5. Ru\u02b9vdd\u010du\u00e2\u01e5\u01e5as j\u00e5\u00e5tt obb Oraj\u00e4rvi palgg\u00e2z \u010d\u00f5\u00f5\u0111 Torniojoo\u01e5\u01e5 vaard mie\u02b9ldd. L\u00e2u\u02b9\u014b\u014bjie\u02b9\u01e7\u01e7 lie kue\u02b9htt.<\/p>\n<p>Paal\u01e5\u00e2sk\u00e5\u00e5\u02b9dd v\u00e4\u02b9lddpikal\u00f5sp\u00e4\u00e4i\u02b9\u01e9 lie jm. Kuivalaki, Pekanmaa, Koppelo da Puonavaara.\u00a0 Oraj\u00e4rvi da Kolari palggsi k\u00f5\u00f5sk lij rajjum nu\u02b9tt 37 \u01e9ilomettar ku\u02b9\u01e9es c\u00f5gg\u00e2m\u00e4idd. Ru\u02b9vdd\u010du\u00f5kku pe\u00e4llsest lij VR re\u00e2uggamvu\u00f5ttvaa\u02b9rin rajjum nu\u02b9tt 50 \u01e9m ku\u02b9\u01e9es c\u00f5gg\u00e2m\u00e4idd, koon mie\u02b9rren lij c\u00f5gg\u00e2d pu\u00f5cci pi\u00e2ssm\u00f5\u00f5\u017e\u017e ru\u02b9vdd\u010du\u00f5kku \u00f5\u00f5l. Pello k\u00e5\u00e5\u02b9dd \u010d\u00f5kkp\u00e4i\u02b9\u01e9\u01e9 lij paal\u01e5\u00e2sk\u00e5\u00e5\u02b9dd vuu\u02b9dest. Jokkvaard\u00e2st lij vu\u00e4\u02b9mm aazzt\u00f5\u00f5zz da je\u00e4\u02b9rben to\u02b9ben lie ji\u00e2nnai lu\u00e2mmp\u00f5\u00f5rt. Pello, Turtola, Juoksinki da Lankoj\u00e4rvi lie \u0161uurm\u00f5s siid, kook lie Oraj\u00e4rvi palgg\u00e2z vuu\u02b9dest.<\/p>\n<p>&nbsp;<\/p>\n<p>&nbsp;<\/p>\n","protected":false},"excerpt":{"rendered":"<p>Oraj\u00e4rvi Pu\u00e4\u0292\u0292ee\u02b9\u017e\u017eed: Ekonoja Aimo Te\u02b9lfon: 040 541 8937 Ne\u02b9ttp\u00e5\u00e5\u02b9\u0161t: eko&#110;&#111;&#106;&#x61;&#x74;&#x40;&#x68;&#x6f;&#x74;mai&#108;&#46;&#99;&#111;&#x6d; Dommk\u00e5\u02b9dd: Pello Vu\u02b9vdd\u0161orr\u00e2dvu\u00f5tt: 1 256,1 km2 \u0160uurm\u00f5s l\u00e5\u00e5vla\u017e pu\u00e4\u0292\u0292l\u00e5\u00e5kk: 1 500 Pu\u00e4\u0292\u0292vu\u00e4\u02b9msteei: 52 Oraj\u00e4rvi paal\u01e5\u00e2sk\u00e5\u02b9dd kooll vi\u00f5stt\u00e2r mi\u00e2rkkpirr\u00f5\u02b9sse. Paal\u01e5\u00e2sk\u00e5\u02b9dd lij Pello k\u00e5\u00e5\u02b9dd vuu\u02b9dest da u\u02b9cc vue\u02b9ss lij P\u00e2\u02b9jjtornio k\u00e5\u00e5\u02b9dd vuu\u02b9dest. Paal\u01e5\u00e2sk\u00e5\u00e5\u02b9dd r\u00e4\u02b9jjla\u017epaal\u01e5\u00e2sk\u00e5\u00e5\u02b9dd lie t\u00e2\u00e2vast Kolari, nu\u00f5rttjest Paloj\u00e4rvi da saauj\u00e2st Lohij\u00e4rvi paal\u01e5\u00e2sk\u00e5\u00e5\u02b9dd. Vi\u00f5sttrest paal\u01e5\u00e2sk\u00e5\u00e5\u02b9dd raajj m\u00e2\u00e2nn [&hellip;]<\/p>\n","protected":false},"author":1,"featured_media":0,"parent":420,"menu_order":31,"comment_status":"open","ping_status":"closed","template":"paliskuntasivut.php","meta":{"footnotes":""},"class_list":["post-1463","page","type-page","status-publish","hentry"],"aioseo_notices":[],"_links":{"self":[{"href":"https:\/\/paliskunnat.fi\/poh\/wp-json\/wp\/v2\/pages\/1463","targetHints":{"allow":["GET"]}}],"collection":[{"href":"https:\/\/paliskunnat.fi\/poh\/wp-json\/wp\/v2\/pages"}],"about":[{"href":"https:\/\/paliskunnat.fi\/poh\/wp-json\/wp\/v2\/types\/page"}],"author":[{"embeddable":true,"href":"https:\/\/paliskunnat.fi\/poh\/wp-json\/wp\/v2\/users\/1"}],"replies":[{"embeddable":true,"href":"https:\/\/paliskunnat.fi\/poh\/wp-json\/wp\/v2\/comments?post=1463"}],"version-history":[{"count":6,"href":"https:\/\/paliskunnat.fi\/poh\/wp-json\/wp\/v2\/pages\/1463\/revisions"}],"predecessor-version":[{"id":7062,"href":"https:\/\/paliskunnat.fi\/poh\/wp-json\/wp\/v2\/pages\/1463\/revisions\/7062"}],"up":[{"embeddable":true,"href":"https:\/\/paliskunnat.fi\/poh\/wp-json\/wp\/v2\/pages\/420"}],"wp:attachment":[{"href":"https:\/\/paliskunnat.fi\/poh\/wp-json\/wp\/v2\/media?parent=1463"}],"curies":[{"name":"wp","href":"https:\/\/api.w.org\/{rel}","templated":true}]}}