{"id":1467,"date":"2014-11-23T17:25:05","date_gmt":"2014-11-23T15:25:05","guid":{"rendered":"http:\/\/80.69.171.23\/py\/?page_id=1467"},"modified":"2023-06-07T15:51:24","modified_gmt":"2023-06-07T12:51:24","slug":"jaasko","status":"publish","type":"page","link":"https:\/\/paliskunnat.fi\/poh\/paalgaskaadd\/paalgaskooddi_tead\/jaasko\/","title":{"rendered":"33 J\u00e4\u00e4sk\u00f6"},"content":{"rendered":"<h2>J\u00e4\u00e4sk\u00f6<\/h2>\n<p>Pu\u00e4\u0292\u0292ee\u02b9\u017e\u017eed: Ollila Lauri-Pekka<br \/>\nTe\u02b9lfon: +358 40 525 7369<br \/>\nNe\u02b9ttp\u00e5\u00e5\u02b9\u0161t: &#x6c;&#x61;&#116;&#101;o&#x6c;&#x6c;&#x69;&#108;&#97;&#64;&#x67;&#x6d;&#x61;&#105;&#108;&#46;&#x63;&#x6f;&#x6d;<\/p>\n<p><a href=\"https:\/\/paliskunnat.fi\/py\/wp-content\/uploads\/2014\/11\/33_jaasko.png\" rel=\"lightbox[1467]\"><img loading=\"lazy\" decoding=\"async\" class=\"alignnone wp-image-1521\" src=\"https:\/\/paliskunnat.fi\/py\/wp-content\/uploads\/2014\/11\/33_jaasko.png\" alt=\"33 J\u00e4\u00e4sk\u00f6\" width=\"300\" height=\"387\" srcset=\"https:\/\/paliskunnat.fi\/poh\/wp-content\/uploads\/2014\/11\/33_jaasko.png 775w, https:\/\/paliskunnat.fi\/poh\/wp-content\/uploads\/2014\/11\/33_jaasko-233x300.png 233w, https:\/\/paliskunnat.fi\/poh\/wp-content\/uploads\/2014\/11\/33_jaasko-768x991.png 768w\" sizes=\"auto, (max-width: 300px) 100vw, 300px\" \/><\/a><\/p>\n<p>&nbsp;<\/p>\n<table style=\"width: 47.1044%; height: 99px;\" width=\"450\">\n<tbody>\n<tr style=\"height: 24px;\">\n<td style=\"height: 24px;\">Dommk\u00e5\u02b9dd:<\/td>\n<td style=\"height: 24px;\">Ru\u00e4\u02b9vnjargg<\/td>\n<\/tr>\n<tr style=\"height: 27px;\">\n<td style=\"height: 27px;\">Vu\u02b9vdd\u0161orr\u00e2dvu\u00f5tt:<\/td>\n<td style=\"height: 27px;\">593,7 km<sup>2<\/sup><\/td>\n<\/tr>\n<tr style=\"height: 24px;\">\n<td style=\"height: 24px;\">\u0160uurm\u00f5s l\u00e5\u00e5vla\u017e pu\u00e4\u0292\u0292l\u00e5\u00e5kk:<\/td>\n<td style=\"height: 24px;\">1 000<\/td>\n<\/tr>\n<tr style=\"height: 24px;\">\n<td style=\"height: 24px;\">Pu\u00e4\u0292\u0292vu\u00e4\u02b9msteei:<\/td>\n<td style=\"height: 24px;\">25<\/td>\n<\/tr>\n<\/tbody>\n<\/table>\n<p>J\u00e4\u00e4sk\u00f6 paal\u01e5\u00e2sk\u00e5\u02b9dd kooll vi\u00f5stt\u00e2r mi\u00e2rkkpirr\u00f5\u02b9sse. Paal\u01e5\u00e2s lij v\u00e4\u02b9lddvue\u02b9zzest Ru\u00e4\u02b9vnjaar\u01e5\u00e2st, le\u0161a t\u00e2\u02b9vv-vue\u02b9zz vu\u00e4lla Kittil\u00e4 da Kolari koo\u02b9ddi vuu\u02b9did \u0161e.<\/p>\n<p>Paal\u01e5\u00e2sk\u00e5\u02b9dd rajjan t\u00e2\u00e2vast Alakyl\u00e4, nu\u00f5rttjest Poikaj\u00e4rvi, saauj\u00e2st Paloj\u00e4rvi da vi\u00f5sttrest Kolari paal\u01e5\u00e2skoo\u02b9ddid.<\/p>\n<p>Paal\u01e5\u00e2sk\u00e5\u00e5\u02b9dd vuu\u02b9dest 48,1 % lie riikkj\u00e2nnam da 51,9 % privattj\u00e2nnam. U\u02b9cc su\u00f5jjlum poostaime\u00e4\u02b9ccvuu\u02b9d lie palgg\u00e2z k\u00f5skkvue\u02b9zzin \u00e5\u00e5rrai Haukkakallionmaa da P\u00e4l\u00e4m\u00e4nnikk\u00f6.<\/p>\n<p>Paal\u01e5\u00e2sk\u00e5\u00e5\u02b9dd v\u00e4\u02b9lddpikal\u00f5sp\u00e4i\u02b9\u01e9\u01e9 lij Riiminj\u00e4nk\u00e4, k\u00e5\u00e5\u02b9tt lij paal\u01e5\u00e2sk\u00e5\u00e5\u02b9dd t\u00e2\u02b9vv-vue\u02b9zzest. Jee\u02b9res v\u00e4\u00e4\u017enai pikal\u00f5sp\u00e4\u00e4i\u02b9\u01e9 lie \u00c4ij\u00e4vaara, Liikamaa da Riikovaara.<\/p>\n<p>\u0160uurm\u00f5s siid lie Meltaus, Marrasj\u00e4rvi da Marraskoski. Paal\u01e5\u00e2sk\u00e5\u00e5\u02b9dd pu\u00e4\u0292\u0292oummu j\u00e4lste paal\u01e5\u00e2sk\u00e5\u00e5\u02b9dd vuu\u02b9d siidin: Meltaus, J\u00e4\u00e4sk\u00f6, Tolonen, Maijanen da Porokari.<\/p>\n<p>&nbsp;<\/p>\n","protected":false},"excerpt":{"rendered":"<p>J\u00e4\u00e4sk\u00f6 Pu\u00e4\u0292\u0292ee\u02b9\u017e\u017eed: Ollila Lauri-Pekka Te\u02b9lfon: +358 40 525 7369 Ne\u02b9ttp\u00e5\u00e5\u02b9\u0161t: &#x6c;&#x61;&#x74;&#x65;&#111;&#108;lil&#x61;&#x40;&#x67;&#x6d;&#97;&#105;l&#46;c&#x6f;&#x6d; &nbsp; Dommk\u00e5\u02b9dd: Ru\u00e4\u02b9vnjargg Vu\u02b9vdd\u0161orr\u00e2dvu\u00f5tt: 593,7 km2 \u0160uurm\u00f5s l\u00e5\u00e5vla\u017e pu\u00e4\u0292\u0292l\u00e5\u00e5kk: 1 000 Pu\u00e4\u0292\u0292vu\u00e4\u02b9msteei: 25 J\u00e4\u00e4sk\u00f6 paal\u01e5\u00e2sk\u00e5\u02b9dd kooll vi\u00f5stt\u00e2r mi\u00e2rkkpirr\u00f5\u02b9sse. Paal\u01e5\u00e2s lij v\u00e4\u02b9lddvue\u02b9zzest Ru\u00e4\u02b9vnjaar\u01e5\u00e2st, le\u0161a t\u00e2\u02b9vv-vue\u02b9zz vu\u00e4lla Kittil\u00e4 da Kolari koo\u02b9ddi vuu\u02b9did \u0161e. Paal\u01e5\u00e2sk\u00e5\u02b9dd rajjan t\u00e2\u00e2vast Alakyl\u00e4, nu\u00f5rttjest Poikaj\u00e4rvi, saauj\u00e2st Paloj\u00e4rvi da vi\u00f5sttrest Kolari paal\u01e5\u00e2skoo\u02b9ddid. Paal\u01e5\u00e2sk\u00e5\u00e5\u02b9dd [&hellip;]<\/p>\n","protected":false},"author":1,"featured_media":0,"parent":420,"menu_order":33,"comment_status":"open","ping_status":"closed","template":"paliskuntasivut.php","meta":{"footnotes":""},"class_list":["post-1467","page","type-page","status-publish","hentry"],"aioseo_notices":[],"_links":{"self":[{"href":"https:\/\/paliskunnat.fi\/poh\/wp-json\/wp\/v2\/pages\/1467","targetHints":{"allow":["GET"]}}],"collection":[{"href":"https:\/\/paliskunnat.fi\/poh\/wp-json\/wp\/v2\/pages"}],"about":[{"href":"https:\/\/paliskunnat.fi\/poh\/wp-json\/wp\/v2\/types\/page"}],"author":[{"embeddable":true,"href":"https:\/\/paliskunnat.fi\/poh\/wp-json\/wp\/v2\/users\/1"}],"replies":[{"embeddable":true,"href":"https:\/\/paliskunnat.fi\/poh\/wp-json\/wp\/v2\/comments?post=1467"}],"version-history":[{"count":7,"href":"https:\/\/paliskunnat.fi\/poh\/wp-json\/wp\/v2\/pages\/1467\/revisions"}],"predecessor-version":[{"id":7064,"href":"https:\/\/paliskunnat.fi\/poh\/wp-json\/wp\/v2\/pages\/1467\/revisions\/7064"}],"up":[{"embeddable":true,"href":"https:\/\/paliskunnat.fi\/poh\/wp-json\/wp\/v2\/pages\/420"}],"wp:attachment":[{"href":"https:\/\/paliskunnat.fi\/poh\/wp-json\/wp\/v2\/media?parent=1467"}],"curies":[{"name":"wp","href":"https:\/\/api.w.org\/{rel}","templated":true}]}}