{"id":1469,"date":"2014-11-23T17:27:20","date_gmt":"2014-11-23T15:27:20","guid":{"rendered":"http:\/\/80.69.171.23\/py\/?page_id=1469"},"modified":"2023-06-07T15:52:03","modified_gmt":"2023-06-07T12:52:03","slug":"narkaus","status":"publish","type":"page","link":"https:\/\/paliskunnat.fi\/poh\/paalgaskaadd\/paalgaskooddi_tead\/narkaus\/","title":{"rendered":"34 Narkaus"},"content":{"rendered":"<h2>Narkaus<\/h2>\n<p>Pu\u00e4\u0292\u0292ee\u02b9\u017e\u017eed: Pet\u00e4j\u00e4j\u00e4rvi Antero<br \/>\nTe\u02b9lfon: 0400 151 988<br \/>\nNe\u02b9ttp\u00e5\u00e5\u02b9\u0161t: &#x61;n&#x74;&#101;r&#x6f;&#46;&#x70;&#x65;t&#x61;&#106;a&#x6a;&#97;&#x72;&#118;i&#x40;&#103;m&#x61;&#105;&#x6c;&#46;c&#x6f;&#109;<\/p>\n<p><a href=\"https:\/\/paliskunnat.fi\/py\/wp-content\/uploads\/2014\/11\/34_narkaus.png\" rel=\"lightbox[1469]\"><img loading=\"lazy\" decoding=\"async\" class=\"alignnone wp-image-1523\" src=\"https:\/\/paliskunnat.fi\/py\/wp-content\/uploads\/2014\/11\/34_narkaus.png\" alt=\"34 Narkaus\" width=\"300\" height=\"387\" srcset=\"https:\/\/paliskunnat.fi\/poh\/wp-content\/uploads\/2014\/11\/34_narkaus.png 775w, https:\/\/paliskunnat.fi\/poh\/wp-content\/uploads\/2014\/11\/34_narkaus-233x300.png 233w, https:\/\/paliskunnat.fi\/poh\/wp-content\/uploads\/2014\/11\/34_narkaus-768x991.png 768w\" sizes=\"auto, (max-width: 300px) 100vw, 300px\" \/><\/a><\/p>\n<table width=\"450\">\n<tbody>\n<tr>\n<td>Dommk\u00e5\u02b9dd:<\/td>\n<td>Ru\u00e4\u02b9vnjargg<\/td>\n<\/tr>\n<tr>\n<td>Vu\u02b9vdd\u0161orr\u00e2dvu\u00f5tt:<\/td>\n<td>2 462,5 km<sup>2<\/sup><\/td>\n<\/tr>\n<tr>\n<td>\u0160uurm\u00f5s l\u00e5\u00e5vla\u017e pu\u00e4\u0292\u0292l\u00e5\u00e5kk:<\/td>\n<td>2 000<\/td>\n<\/tr>\n<tr>\n<td>Pu\u00e4\u0292\u0292vu\u00e4\u02b9msteei:<\/td>\n<td>74<\/td>\n<\/tr>\n<\/tbody>\n<\/table>\n<p>Narkaus paal\u01e5\u00e2sk\u00e5\u02b9dd kooll Nu\u00f5rtt\u01e9ee\u02b9mmjoo\u01e5\u01e5 mi\u00e2rkkpirr\u00f5\u02b9sse. Paal\u01e5\u00e2sk\u00e5\u02b9dd lij Ru\u00e4\u02b9vnjaar\u01e5 g\u00e5\u00e5rad di Tervola k\u00e5\u00e5\u02b9dd da Ranua k\u00e5\u00e5\u02b9dd vuu\u02b9din. T\u00e2\u00e2vast paal\u01e5\u00e2sk\u00e5\u00e5\u02b9dd r\u00e4\u02b9jjla\u017e lij Poikaj\u00e4rvi, nu\u00f5rttjest Vanttaus da Niemel\u00e4, saauj\u00e2st Isosyd\u00e4nmaa da Kuukas di vi\u00f5sttrest Paloj\u00e4rvi paal\u01e5\u00e2sk\u00e5\u02b9dd.<\/p>\n<p>Paal\u01e5\u00e2sk\u00e5\u00e5\u02b9dd vuu\u02b9dest 34,8 % lie riikkj\u00e2nnam da 65,2 % privattj\u00e2nnam. Vuu\u02b9dest lij Suhanko palladiumku\u00e5iv\u00e2sv\u00e4\u02b9lddemvu\u02b9vdd, Ranua M\u00e4t\u00e4skaira uraanku\u00e5iv\u00e2sv\u00e4\u02b9lddemvu\u02b9vdd, Kakariaapa je\u00e4\u02b9\u01e7\u01e7su\u00f5jjlemvu\u02b9vdd, Runkaus lu\u00e2ttmu\u00f5rrkaard\u00e2s, Rakkaviita di Poikkimaa l\u00e2u\u02b9\u014b\u014bpuu\u02b9t\u02bctemvu\u02b9vdd.<\/p>\n<p>Paal\u01e5\u00e2sk\u00e5\u00e5\u02b9ddest lij \u0161i\u00f5\u01e5\u01e5 \u00e4iddne\u02b9tt, \u01e9iidd\u00f5s \u00e4\u00e4id lie l\u00e5\u00e5i da se\u02b9rddem\u00e4\u00e4idid \u00e2\u00e2\u02b9net taarb mie\u02b9ldd.<\/p>\n<p>Palgg\u00e2z mi\u00e2rkteei aazzt\u00f5sk\u00f5\u00f5sk\u00f5s lij Ru\u00e4\u02b9vnjaar\u01e5 g\u00e5\u00e5rad. Palgg\u00e2z vuu\u02b9dest lie ji\u00e2nnai siid, m\u00e2\u02b9te Rautionsaari, Kivitaipale, Portimoj\u00e4rvi, Narkaus da Jokela. Aazzt\u00f5\u00f5zz lij Ranua da Tervola koo\u02b9ddi vuu\u02b9dest \u0161e.<\/p>\n<p>&nbsp;<\/p>\n<p>&nbsp;<\/p>\n<p>&nbsp;<\/p>\n","protected":false},"excerpt":{"rendered":"<p>Narkaus Pu\u00e4\u0292\u0292ee\u02b9\u017e\u017eed: Pet\u00e4j\u00e4j\u00e4rvi Antero Te\u02b9lfon: 0400 151 988 Ne\u02b9ttp\u00e5\u00e5\u02b9\u0161t: a&#110;&#x74;&#x65;&#x72;o&#46;&#x70;&#x65;&#x74;a&#106;&#x61;&#x6a;&#x61;r&#118;&#x69;&#x40;&#x67;m&#97;&#x69;&#x6c;&#x2e;c&#111;&#x6d; Dommk\u00e5\u02b9dd: Ru\u00e4\u02b9vnjargg Vu\u02b9vdd\u0161orr\u00e2dvu\u00f5tt: 2 462,5 km2 \u0160uurm\u00f5s l\u00e5\u00e5vla\u017e pu\u00e4\u0292\u0292l\u00e5\u00e5kk: 2 000 Pu\u00e4\u0292\u0292vu\u00e4\u02b9msteei: 74 Narkaus paal\u01e5\u00e2sk\u00e5\u02b9dd kooll Nu\u00f5rtt\u01e9ee\u02b9mmjoo\u01e5\u01e5 mi\u00e2rkkpirr\u00f5\u02b9sse. Paal\u01e5\u00e2sk\u00e5\u02b9dd lij Ru\u00e4\u02b9vnjaar\u01e5 g\u00e5\u00e5rad di Tervola k\u00e5\u00e5\u02b9dd da Ranua k\u00e5\u00e5\u02b9dd vuu\u02b9din. T\u00e2\u00e2vast paal\u01e5\u00e2sk\u00e5\u00e5\u02b9dd r\u00e4\u02b9jjla\u017e lij Poikaj\u00e4rvi, nu\u00f5rttjest Vanttaus da Niemel\u00e4, saauj\u00e2st Isosyd\u00e4nmaa da Kuukas di vi\u00f5sttrest Paloj\u00e4rvi [&hellip;]<\/p>\n","protected":false},"author":1,"featured_media":0,"parent":420,"menu_order":34,"comment_status":"open","ping_status":"closed","template":"paliskuntasivut.php","meta":{"footnotes":""},"class_list":["post-1469","page","type-page","status-publish","hentry"],"aioseo_notices":[],"_links":{"self":[{"href":"https:\/\/paliskunnat.fi\/poh\/wp-json\/wp\/v2\/pages\/1469","targetHints":{"allow":["GET"]}}],"collection":[{"href":"https:\/\/paliskunnat.fi\/poh\/wp-json\/wp\/v2\/pages"}],"about":[{"href":"https:\/\/paliskunnat.fi\/poh\/wp-json\/wp\/v2\/types\/page"}],"author":[{"embeddable":true,"href":"https:\/\/paliskunnat.fi\/poh\/wp-json\/wp\/v2\/users\/1"}],"replies":[{"embeddable":true,"href":"https:\/\/paliskunnat.fi\/poh\/wp-json\/wp\/v2\/comments?post=1469"}],"version-history":[{"count":6,"href":"https:\/\/paliskunnat.fi\/poh\/wp-json\/wp\/v2\/pages\/1469\/revisions"}],"predecessor-version":[{"id":7065,"href":"https:\/\/paliskunnat.fi\/poh\/wp-json\/wp\/v2\/pages\/1469\/revisions\/7065"}],"up":[{"embeddable":true,"href":"https:\/\/paliskunnat.fi\/poh\/wp-json\/wp\/v2\/pages\/420"}],"wp:attachment":[{"href":"https:\/\/paliskunnat.fi\/poh\/wp-json\/wp\/v2\/media?parent=1469"}],"curies":[{"name":"wp","href":"https:\/\/api.w.org\/{rel}","templated":true}]}}