{"id":1481,"date":"2014-11-23T17:37:48","date_gmt":"2014-11-23T15:37:48","guid":{"rendered":"http:\/\/80.69.171.23\/py\/?page_id=1481"},"modified":"2023-06-07T15:56:22","modified_gmt":"2023-06-07T12:56:22","slug":"kuukas","status":"publish","type":"page","link":"https:\/\/paliskunnat.fi\/poh\/paalgaskaadd\/paalgaskooddi_tead\/kuukas\/","title":{"rendered":"41 Kuukas"},"content":{"rendered":"<h2>Kuukas<\/h2>\n<p>Pu\u00e4\u0292\u0292ee\u02b9\u017e\u017eed: Juotasniemi Hannu<br \/>\nTe\u02b9lfon: 040 012 1364<br \/>\nNe\u02b9ttp\u00e5\u00e5\u02b9\u0161t: &#x70;o&#x72;&#111;&#x6d;&#105;e&#x73;&#55;&#x39;&#64;g&#x6d;&#97;&#x69;&#108;&#46;&#x63;o&#x6d;<\/p>\n<p><a href=\"https:\/\/paliskunnat.fi\/py\/wp-content\/uploads\/2014\/11\/41_kuukas.png\" rel=\"lightbox[1481]\"><img loading=\"lazy\" decoding=\"async\" class=\"alignnone wp-image-1538\" src=\"https:\/\/paliskunnat.fi\/py\/wp-content\/uploads\/2014\/11\/41_kuukas.png\" alt=\"41 Kuukas\" width=\"300\" height=\"387\" srcset=\"https:\/\/paliskunnat.fi\/poh\/wp-content\/uploads\/2014\/11\/41_kuukas.png 775w, https:\/\/paliskunnat.fi\/poh\/wp-content\/uploads\/2014\/11\/41_kuukas-233x300.png 233w, https:\/\/paliskunnat.fi\/poh\/wp-content\/uploads\/2014\/11\/41_kuukas-768x991.png 768w\" sizes=\"auto, (max-width: 300px) 100vw, 300px\" \/><\/a><\/p>\n<table width=\"450\">\n<tbody>\n<tr>\n<td>Dommk\u00e5\u02b9dd:<\/td>\n<td>Ranua<\/td>\n<\/tr>\n<tr>\n<td>Vu\u02b9vdd\u0161orr\u00e2dvu\u00f5tt:<\/td>\n<td>1 476,0 km<sup>2<\/sup><\/td>\n<\/tr>\n<tr>\n<td>\u0160uurm\u00f5s l\u00e5\u00e5vla\u017e pu\u00e4\u0292\u0292l\u00e5\u00e5kk:<\/td>\n<td>1 500<\/td>\n<\/tr>\n<tr>\n<td>Pu\u00e4\u0292\u0292vu\u00e4\u02b9msteei:<\/td>\n<td>60<\/td>\n<\/tr>\n<\/tbody>\n<\/table>\n<p>Kuukas paal\u01e5\u00e2sk\u00e5\u02b9dd kooll Nu\u00f5rtt\u01e9ee\u02b9mmjoo\u01e5\u01e5 mi\u00e2rkkpirr\u00f5\u02b9sse. Paal\u01e5\u00e2sk\u00e5\u02b9dd lij Ranua da Pudasj\u00e4rvi koo\u02b9ddi vuu\u02b9dest. Paal\u01e5\u00e2sk\u00e5\u02b9dd rajjan t\u00e2\u00e2vast Narkaus, \u00e4pplest Niemel\u00e4, oo\u02b9bbdnee\u02b9\u01e9\u01e9est Pudasj\u00e4rven Livo, saauj\u00e2st Ikonen da vi\u00f5sttrest Oij\u00e4rvi da Isosyd\u00e4nmaa paal\u01e5\u00e2skoo\u02b9ddid.<\/p>\n<p>Paal\u01e5\u00e2sk\u00e5\u00e5\u02b9dd vuu\u02b9dest 45,1 % lie riikkj\u00e2nnam da 54,9 % privattj\u00e2nnam. Hu\u00f5l\u01e9\u00e2ni t\u00f5\u02b9st, \u0161to Ranua \u010d\u00f5kkp\u00e4i\u02b9\u01e9\u01e9 lij k\u00e2skka paal\u01e5\u00e2sk\u00e5\u00e5\u02b9dd, t\u00f5t ij v\u00e4\u00e4\u02b9ld ji\u00e2nnai paal\u01e5\u00e2sk\u00e5\u00e5\u02b9dd vuu\u02b9dest t\u00f5\u02b9nt, ko t\u00f5t lij nu\u02b9tt occka\u017e. Paal\u01e5\u00e2sk\u00e5\u00e5\u02b9dd vu\u02b9vdd rajjan Litokaira su\u00f5jjlemvoudda vi\u00f5st\u00e2r-raaj\u00e2st. Ko paal\u01e5\u00e2sk\u00e5\u00e5\u02b9dd vuu\u02b9dest lie ji\u00e2nnai je\u00e4\u02b9\u01e7\u01e7vuu\u02b9d, l\u00e2u\u02b9\u014b\u014bpuu\u02b9t\u02bctemvuu\u02b9d pe\u00e2hssa paal\u01e5\u00e2sk\u00e5\u00e5\u02b9dd tu\u00e5immjummu\u017e da pu\u00e4\u0292\u0292paai\u02b9\u01e9id.<\/p>\n<p>Vue\u02b9ssmie\u02b9r\u01e9\u01e9eem- da pikal\u00f5s\u00e4\u00e4id lie \u010di\u010d\u010d\u00e2m. Pu\u00f5cci \u01e9i\u00f5tt\u02bct\u00f5\u00f5ll\u00e2mpaai\u02b9\u01e9in \u00e2\u00e2\u02b9net se\u02b9rddem\u00e4\u00e4idaid. Paal\u01e5\u00e2sk\u00e5\u00e5\u02b9dd vuu\u02b9dest lie aain\u00e2s 70 \u0161\u00e2ddeem\u00e4iddad, kooi teevvm\u00f5\u0161 da raajjm\u00f5\u0161 ve\u02b9\u01e9\u01e9e ji\u00e2nnai \u00e4\u00e4i\u02b9j.<\/p>\n<p>Aazzt\u00f5\u00f5zz lij j\u00e4\u00e4nm\u00f5s\u00e2n Ranua \u010d\u00f5kkp\u00e4\u00e4i\u02b9\u01e9est, Kuhan kyl\u00e4 -siid\u00e2st da Simoj\u00e4rvi pirr\u00f5\u00f5zz\u00e2st. Pu\u00e4\u0292\u0292vu\u00e4\u02b9mstee\u02b9jin s\u00f5rgg puk vue\u02b9ssnee\u02b9\u01e9\u01e9 vu\u00e4\u02b9mste tu\u00e5immjeei m\u00e4dd- da me\u00e4\u02b9cct\u00e4\u00e4l.<\/p>\n<p>&nbsp;<\/p>\n<p>&nbsp;<\/p>\n<p>&nbsp;<\/p>\n<p>&nbsp;<\/p>\n","protected":false},"excerpt":{"rendered":"<p>Kuukas Pu\u00e4\u0292\u0292ee\u02b9\u017e\u017eed: Juotasniemi Hannu Te\u02b9lfon: 040 012 1364 Ne\u02b9ttp\u00e5\u00e5\u02b9\u0161t: &#112;&#x6f;r&#111;&#x6d;i&#101;&#x73;7&#57;&#x40;g&#109;&#x61;i&#108;&#x2e;c&#111;&#x6d; Dommk\u00e5\u02b9dd: Ranua Vu\u02b9vdd\u0161orr\u00e2dvu\u00f5tt: 1 476,0 km2 \u0160uurm\u00f5s l\u00e5\u00e5vla\u017e pu\u00e4\u0292\u0292l\u00e5\u00e5kk: 1 500 Pu\u00e4\u0292\u0292vu\u00e4\u02b9msteei: 60 Kuukas paal\u01e5\u00e2sk\u00e5\u02b9dd kooll Nu\u00f5rtt\u01e9ee\u02b9mmjoo\u01e5\u01e5 mi\u00e2rkkpirr\u00f5\u02b9sse. Paal\u01e5\u00e2sk\u00e5\u02b9dd lij Ranua da Pudasj\u00e4rvi koo\u02b9ddi vuu\u02b9dest. Paal\u01e5\u00e2sk\u00e5\u02b9dd rajjan t\u00e2\u00e2vast Narkaus, \u00e4pplest Niemel\u00e4, oo\u02b9bbdnee\u02b9\u01e9\u01e9est Pudasj\u00e4rven Livo, saauj\u00e2st Ikonen da vi\u00f5sttrest Oij\u00e4rvi da Isosyd\u00e4nmaa paal\u01e5\u00e2skoo\u02b9ddid. Paal\u01e5\u00e2sk\u00e5\u00e5\u02b9dd vuu\u02b9dest 45,1 [&hellip;]<\/p>\n","protected":false},"author":1,"featured_media":0,"parent":420,"menu_order":41,"comment_status":"open","ping_status":"closed","template":"paliskuntasivut.php","meta":{"footnotes":""},"class_list":["post-1481","page","type-page","status-publish","hentry"],"aioseo_notices":[],"_links":{"self":[{"href":"https:\/\/paliskunnat.fi\/poh\/wp-json\/wp\/v2\/pages\/1481","targetHints":{"allow":["GET"]}}],"collection":[{"href":"https:\/\/paliskunnat.fi\/poh\/wp-json\/wp\/v2\/pages"}],"about":[{"href":"https:\/\/paliskunnat.fi\/poh\/wp-json\/wp\/v2\/types\/page"}],"author":[{"embeddable":true,"href":"https:\/\/paliskunnat.fi\/poh\/wp-json\/wp\/v2\/users\/1"}],"replies":[{"embeddable":true,"href":"https:\/\/paliskunnat.fi\/poh\/wp-json\/wp\/v2\/comments?post=1481"}],"version-history":[{"count":6,"href":"https:\/\/paliskunnat.fi\/poh\/wp-json\/wp\/v2\/pages\/1481\/revisions"}],"predecessor-version":[{"id":7071,"href":"https:\/\/paliskunnat.fi\/poh\/wp-json\/wp\/v2\/pages\/1481\/revisions\/7071"}],"up":[{"embeddable":true,"href":"https:\/\/paliskunnat.fi\/poh\/wp-json\/wp\/v2\/pages\/420"}],"wp:attachment":[{"href":"https:\/\/paliskunnat.fi\/poh\/wp-json\/wp\/v2\/media?parent=1481"}],"curies":[{"name":"wp","href":"https:\/\/api.w.org\/{rel}","templated":true}]}}