{"id":1572,"date":"2014-11-23T18:44:18","date_gmt":"2014-11-23T16:44:18","guid":{"rendered":"http:\/\/80.69.171.23\/py\/?page_id=1572"},"modified":"2023-06-07T16:03:25","modified_gmt":"2023-06-07T13:03:25","slug":"pintamo","status":"publish","type":"page","link":"https:\/\/paliskunnat.fi\/poh\/paalgaskaadd\/paalgaskooddi_tead\/pintamo\/","title":{"rendered":"52 Pintamo"},"content":{"rendered":"<h2>Pintamo<\/h2>\n<p>Pu\u00e4\u0292\u0292ee\u02b9\u017e\u017eed: Kosamo Eero<br \/>\nTe\u02b9lfon: +358 40 089 6583<br \/>\nNe\u02b9ttp\u00e5\u00e5\u02b9\u0161t: kosamoeero&#64;g&#109;&#97;&#105;&#108;&#46;&#99;&#111;&#109;<\/p>\n<p><a href=\"https:\/\/paliskunnat.fi\/py\/wp-content\/uploads\/2014\/11\/52_pintamo.png\" rel=\"lightbox[1572]\"><img loading=\"lazy\" decoding=\"async\" class=\"alignnone wp-image-1574\" src=\"https:\/\/paliskunnat.fi\/py\/wp-content\/uploads\/2014\/11\/52_pintamo.png\" alt=\"Pintamon paliskunta (nro 52)\" width=\"300\" height=\"387\" srcset=\"https:\/\/paliskunnat.fi\/poh\/wp-content\/uploads\/2014\/11\/52_pintamo.png 775w, https:\/\/paliskunnat.fi\/poh\/wp-content\/uploads\/2014\/11\/52_pintamo-233x300.png 233w, https:\/\/paliskunnat.fi\/poh\/wp-content\/uploads\/2014\/11\/52_pintamo-768x991.png 768w\" sizes=\"auto, (max-width: 300px) 100vw, 300px\" \/><\/a><\/p>\n<table width=\"450\">\n<tbody>\n<tr>\n<td>Dommk\u00e5\u02b9dd:<\/td>\n<td>Pudasj\u00e4rvi<\/td>\n<\/tr>\n<tr>\n<td>Vu\u02b9vdd\u0161orr\u00e2dvu\u00f5tt:<\/td>\n<td>1 812,5 km<sup>2<\/sup><\/td>\n<\/tr>\n<tr>\n<td>\u0160uurm\u00f5s l\u00e5\u00e5vla\u017e pu\u00e4\u0292\u0292l\u00e5\u00e5kk:<\/td>\n<td>2 600<\/td>\n<\/tr>\n<tr>\n<td>Pu\u00e4\u0292\u0292vu\u00e4\u02b9msteei:<\/td>\n<td>55<\/td>\n<\/tr>\n<\/tbody>\n<\/table>\n<p>Pintamo paal\u01e5\u00e2sk\u00e5\u02b9dd kooll Pudasj\u00e4rvi mi\u00e2rkkpirr\u00f5\u02b9sse. Paal\u01e5\u00e2sk\u00e5\u02b9dd lij Pudasj\u00e4rvi g\u00e5\u00e5rdest (75 %) di Taivalkoski (15 %) da Puolanka (10 %) koo\u02b9ddin. Paal\u01e5\u00e2sk\u00e5\u02b9dd rajjan saauj\u00e2st pu\u00e4\u0292\u0292h\u00e5iddvuu\u02b9d saujjra\u02b9jje, vi\u00f5sttrest Pudasj\u00e4rvi, reddvi\u00f5sttrest Pudasj\u00e4rven Livo, oo\u02b9bbdnee\u02b9\u01e9\u01e9est Taivalkoski da nu\u00f5rttjest N\u00e4lj\u00e4nk\u00e4 paal\u01e5\u00e2skoo\u02b9ddid.<\/p>\n<p>Paal\u01e5\u00e2sk\u00e5\u00e5\u02b9dd vuu\u02b9dest 56,3 % lie riikkj\u00e2nnam da 43,7 % privattj\u00e2nnam. Pintamo paal\u01e5\u00e2sk\u00e5\u00e5\u02b9ddest lie m\u00e4\u00e4\u014bg Naturavuu\u02b9d. Vue\u02b9ss lij Sy\u00f6te meermie\u02b9ccest da Iso-Sy\u00f6te lu\u00e2\u0111astj\u00e5\u00e5\u02b9ttemvuu\u02b9dest pu\u00e4tt Pintamo paal\u01e5\u00e2sk\u00e5\u00e5\u02b9dd t\u00e2\u02b9vv-vu\u00e2ssa. V\u00e4\u02b9ldd\u010du\u00e2\u01e5\u01e5as 20, Oulust Kuusamoo\u02b9je, pue\u02b9t\u01e9\u01e9ad paal\u01e5\u00e2sk\u00e5\u00e5\u02b9dd t\u00e2\u02b9vv-vue\u02b9zzest. \u010cu\u00f5kku jii\u02b9jjesnall\u0161emvu\u00f5tt\u00e2n lij pu\u00e4\u0292\u0292paa\u02b9rti j\u00f5nn mie\u02b9rr.<\/p>\n<p>Pintamo paal\u01e5\u00e2sk\u00e5\u00e5\u02b9ddest lie vitt \u01e9iidd\u00f5s \u00e4\u00e4id, Alakangas, Sulakangas, Pirinkangas, Ruuhivaara da Kurkikangas. \u0160\u00e2ddeem\u00e4\u00e4id paal\u01e5\u00e2sk\u00e5\u00e5\u02b9ddest lie \u010due\u02b9\u0111id \u01e9ilomettrid.<\/p>\n<p>Aazzt\u00f5\u00f5zz lij occanj da t\u00f5n lij j\u00e4\u00e4nm\u00f5s\u00e2n jokkvaardin da j\u00e4u\u02b9rr-reeddain. Paal\u01e5\u00e2sk\u00e5\u00e5\u02b9dd vuu\u02b9dest ij le\u00e4kku j\u00f5nn \u010d\u00f5kkp\u00e4i\u02b9\u01e9\u01e9vu\u02b9vdd. Pe\u00e4ggtemnallsa\u017e siid lie Iinattij\u00e4rvi, Jaurakka da Puhos. Pu\u00e4\u0292\u0292- da lu\u00e2tt-t\u00e4ll\u00f5\u02b9sse vu\u00e2\u0111\u0111\u00f5\u00f5vi t\u00e4\u00e4l lie t\u00e4n poodd vitt.<\/p>\n<p>&nbsp;<\/p>\n","protected":false},"excerpt":{"rendered":"<p>Pintamo Pu\u00e4\u0292\u0292ee\u02b9\u017e\u017eed: Kosamo Eero Te\u02b9lfon: +358 40 089 6583 Ne\u02b9ttp\u00e5\u00e5\u02b9\u0161t: &#x6b;&#111;&#x73;&#97;m&#x6f;&#101;e&#x72;&#111;&#x40;&#x67;m&#x61;&#105;l&#x2e;&#99;&#x6f;&#x6d; Dommk\u00e5\u02b9dd: Pudasj\u00e4rvi Vu\u02b9vdd\u0161orr\u00e2dvu\u00f5tt: 1 812,5 km2 \u0160uurm\u00f5s l\u00e5\u00e5vla\u017e pu\u00e4\u0292\u0292l\u00e5\u00e5kk: 2 600 Pu\u00e4\u0292\u0292vu\u00e4\u02b9msteei: 55 Pintamo paal\u01e5\u00e2sk\u00e5\u02b9dd kooll Pudasj\u00e4rvi mi\u00e2rkkpirr\u00f5\u02b9sse. Paal\u01e5\u00e2sk\u00e5\u02b9dd lij Pudasj\u00e4rvi g\u00e5\u00e5rdest (75 %) di Taivalkoski (15 %) da Puolanka (10 %) koo\u02b9ddin. Paal\u01e5\u00e2sk\u00e5\u02b9dd rajjan saauj\u00e2st pu\u00e4\u0292\u0292h\u00e5iddvuu\u02b9d saujjra\u02b9jje, vi\u00f5sttrest Pudasj\u00e4rvi, reddvi\u00f5sttrest Pudasj\u00e4rven Livo, oo\u02b9bbdnee\u02b9\u01e9\u01e9est [&hellip;]<\/p>\n","protected":false},"author":1,"featured_media":0,"parent":420,"menu_order":52,"comment_status":"open","ping_status":"closed","template":"paliskuntasivut.php","meta":{"footnotes":""},"class_list":["post-1572","page","type-page","status-publish","hentry"],"aioseo_notices":[],"_links":{"self":[{"href":"https:\/\/paliskunnat.fi\/poh\/wp-json\/wp\/v2\/pages\/1572","targetHints":{"allow":["GET"]}}],"collection":[{"href":"https:\/\/paliskunnat.fi\/poh\/wp-json\/wp\/v2\/pages"}],"about":[{"href":"https:\/\/paliskunnat.fi\/poh\/wp-json\/wp\/v2\/types\/page"}],"author":[{"embeddable":true,"href":"https:\/\/paliskunnat.fi\/poh\/wp-json\/wp\/v2\/users\/1"}],"replies":[{"embeddable":true,"href":"https:\/\/paliskunnat.fi\/poh\/wp-json\/wp\/v2\/comments?post=1572"}],"version-history":[{"count":6,"href":"https:\/\/paliskunnat.fi\/poh\/wp-json\/wp\/v2\/pages\/1572\/revisions"}],"predecessor-version":[{"id":7081,"href":"https:\/\/paliskunnat.fi\/poh\/wp-json\/wp\/v2\/pages\/1572\/revisions\/7081"}],"up":[{"embeddable":true,"href":"https:\/\/paliskunnat.fi\/poh\/wp-json\/wp\/v2\/pages\/420"}],"wp:attachment":[{"href":"https:\/\/paliskunnat.fi\/poh\/wp-json\/wp\/v2\/media?parent=1572"}],"curies":[{"name":"wp","href":"https:\/\/api.w.org\/{rel}","templated":true}]}}