{"id":1576,"date":"2014-11-23T18:47:52","date_gmt":"2014-11-23T16:47:52","guid":{"rendered":"http:\/\/80.69.171.23\/py\/?page_id=1576"},"modified":"2023-06-07T16:04:11","modified_gmt":"2023-06-07T13:04:11","slug":"kiiminki","status":"publish","type":"page","link":"https:\/\/paliskunnat.fi\/poh\/paalgaskaadd\/paalgaskooddi_tead\/kiiminki\/","title":{"rendered":"53 Kiiminki"},"content":{"rendered":"<h2>Kiiminki<\/h2>\n<p>Pu\u00e4\u0292\u0292ee\u02b9\u017e\u017eed: Parkkinen Juha<br \/>\nTe\u02b9lfon: 040 138 9488<br \/>\nNe\u02b9ttp\u00e5\u00e5\u02b9\u0161t:<\/p>\n<p><a href=\"https:\/\/paliskunnat.fi\/py\/wp-content\/uploads\/2014\/11\/53_kiiminki.png\" rel=\"lightbox[1576]\"><img loading=\"lazy\" decoding=\"async\" class=\"alignnone wp-image-1578\" src=\"https:\/\/paliskunnat.fi\/py\/wp-content\/uploads\/2014\/11\/53_kiiminki.png\" alt=\"Kiimingin paliskunta (nro 53)\" width=\"300\" height=\"387\" srcset=\"https:\/\/paliskunnat.fi\/poh\/wp-content\/uploads\/2014\/11\/53_kiiminki.png 775w, https:\/\/paliskunnat.fi\/poh\/wp-content\/uploads\/2014\/11\/53_kiiminki-233x300.png 233w, https:\/\/paliskunnat.fi\/poh\/wp-content\/uploads\/2014\/11\/53_kiiminki-768x991.png 768w\" sizes=\"auto, (max-width: 300px) 100vw, 300px\" \/><\/a><\/p>\n<table width=\"450\">\n<tbody>\n<tr>\n<td>Dommk\u00e5\u02b9dd:<\/td>\n<td>Oulu<\/td>\n<\/tr>\n<tr>\n<td>Vu\u02b9vdd\u0161orr\u00e2dvu\u00f5tt:<\/td>\n<td>851,4 km<sup>2<\/sup><\/td>\n<\/tr>\n<tr>\n<td>\u0160uurm\u00f5s l\u00e5\u00e5vla\u017e pu\u00e4\u0292\u0292l\u00e5\u00e5kk:<\/td>\n<td>800<\/td>\n<\/tr>\n<tr>\n<td>Pu\u00e4\u0292\u0292vu\u00e4\u02b9msteei:<\/td>\n<td>30<\/td>\n<\/tr>\n<\/tbody>\n<\/table>\n<p>Kiiminki paal\u01e5\u00e2sk\u00e5\u02b9dd kooll Pudasj\u00e4rvi mi\u00e2rkkpirr\u00f5\u02b9sse. Paal\u01e5\u00e2sk\u00e5\u02b9dd lij Oulu g\u00e5\u00e5rad \u00e4\u00e4ppalvue\u02b9zzest. Kiiminki da Kollaja paal\u01e5\u00e2sk\u00e5\u00e5\u02b9dd lie vaald\u0161emvu\u00f5\u0111l\u00e2nji jii\u02b9jjesnall\u0161em paal\u01e5\u00e2sk\u00e5\u00e5\u02b9dd. T\u00f5k lie h\u00e5iddam pu\u00f5cceez \u00f5\u00f5uts\u00e2\u00e2\u02b9jest obb paal\u01e5\u00e2sk\u00e5\u02b9ddri\u00e2\u0161ld\u00f5\u00f5\u01e5\u01e5 \u00e5\u00e5rram \u00e4\u00e4i\u02b9j. Takai mainstumm\u0161est mainstet t\u00e4ujja Kiiminki-Kollaja paal\u01e5\u00e2sk\u00e5\u00e5\u02b9ddest.<\/p>\n<p>Kiiminki paal\u01e5\u00e2sk\u00e5\u00e5\u02b9dd vu\u00e4rjjalraajj tu\u00e5immai se\u00e4mmast obb pu\u00e4\u0292\u0292h\u00e5iddvuu\u02b9d raajj\u00e2n. T\u00e2\u00e2vast paal\u01e5\u00e2sk\u00e5\u02b9dd rajjan Oij\u00e4rvi, \u00e4pplest Kollaja da nu\u00f5rttjest Pud\u00e4sj\u00e4rvi paal\u01e5\u00e2skoo\u02b9ddid.<\/p>\n<p>Paal\u01e5\u00e2sk\u00e5\u00e5\u02b9dd vuu\u02b9dest 17,4 % lie riikkj\u00e2nnam da 82,6 % privattj\u00e2nnam. V\u00e4\u02b9ldd\u010du\u00e2\u01e5\u01e5as 20 Oulust Kuusamoo\u02b9je j\u00e5\u00e5tt paal\u01e5\u00e2sk\u00e5\u00e5\u02b9dd \u010d\u00f5\u00f5\u0111. Paal\u01e5\u00e2sk\u00e5\u00e5\u02b9dd raaj\u00e2st lij Ii k\u00e5\u00e5\u02b9ddest k\u00e4\u00e4u\u02b9c \u01e9ilomettred raajj\u00e4\u00e4id.<\/p>\n<p>Paal\u01e5\u00e2sk\u00e5\u00e5\u02b9dd \u00e2\u00e2\u02b9nnmest lie Matala, Loukko, Isokangas, Tiironkangas da Ahvenkangas \u010d\u00f5h\u010d\u010dpikal\u00f5s\u00e4\u00e4id. \u01e8iidd\u00f5s \u01e9ie\u02b9sspikal\u00f5s\u00e4\u00e4id lie Py\u00f6ri\u00e4-Orastinsuo, Konikaisto da Puurokangas.<\/p>\n<p>\u0160uurm\u00f5s siid paal\u01e5\u00e2sk\u00e5\u00e5\u02b9dd vuu\u02b9dest lie Yli-Ii, Jakkuranta, Maalismaa, Jolos da Hetekyl\u00e4. V\u00e4\u02b9lddve\u00e4rla\u017e pu\u00e4\u0292\u0292hoi\u02b9ddjee\u02b9ji p\u00f5rtt\u00e5\u00e5rrm\u00f5\u00f5\u017e\u017e lie v\u00e4\u02b9lddvue\u02b9zzest \u0161i\u00f5\u01e5\u01e5 da pu\u00e4\u0292\u0292oummu j\u00e4lste j\u00f5nn vue\u02b9zzest p\u00e5\u00e5\u0111j\u00e4lstemvuu\u02b9dest.<\/p>\n<p>&nbsp;<\/p>\n<p>&nbsp;<\/p>\n<p>&nbsp;<\/p>\n","protected":false},"excerpt":{"rendered":"<p>Kiiminki Pu\u00e4\u0292\u0292ee\u02b9\u017e\u017eed: Parkkinen Juha Te\u02b9lfon: 040 138 9488 Ne\u02b9ttp\u00e5\u00e5\u02b9\u0161t: Dommk\u00e5\u02b9dd: Oulu Vu\u02b9vdd\u0161orr\u00e2dvu\u00f5tt: 851,4 km2 \u0160uurm\u00f5s l\u00e5\u00e5vla\u017e pu\u00e4\u0292\u0292l\u00e5\u00e5kk: 800 Pu\u00e4\u0292\u0292vu\u00e4\u02b9msteei: 30 Kiiminki paal\u01e5\u00e2sk\u00e5\u02b9dd kooll Pudasj\u00e4rvi mi\u00e2rkkpirr\u00f5\u02b9sse. Paal\u01e5\u00e2sk\u00e5\u02b9dd lij Oulu g\u00e5\u00e5rad \u00e4\u00e4ppalvue\u02b9zzest. Kiiminki da Kollaja paal\u01e5\u00e2sk\u00e5\u00e5\u02b9dd lie vaald\u0161emvu\u00f5\u0111l\u00e2nji jii\u02b9jjesnall\u0161em paal\u01e5\u00e2sk\u00e5\u00e5\u02b9dd. T\u00f5k lie h\u00e5iddam pu\u00f5cceez \u00f5\u00f5uts\u00e2\u00e2\u02b9jest obb paal\u01e5\u00e2sk\u00e5\u02b9ddri\u00e2\u0161ld\u00f5\u00f5\u01e5\u01e5 \u00e5\u00e5rram \u00e4\u00e4i\u02b9j. Takai mainstumm\u0161est mainstet t\u00e4ujja Kiiminki-Kollaja paal\u01e5\u00e2sk\u00e5\u00e5\u02b9ddest. Kiiminki paal\u01e5\u00e2sk\u00e5\u00e5\u02b9dd [&hellip;]<\/p>\n","protected":false},"author":1,"featured_media":0,"parent":420,"menu_order":53,"comment_status":"open","ping_status":"closed","template":"paliskuntasivut.php","meta":{"footnotes":""},"class_list":["post-1576","page","type-page","status-publish","hentry"],"aioseo_notices":[],"_links":{"self":[{"href":"https:\/\/paliskunnat.fi\/poh\/wp-json\/wp\/v2\/pages\/1576","targetHints":{"allow":["GET"]}}],"collection":[{"href":"https:\/\/paliskunnat.fi\/poh\/wp-json\/wp\/v2\/pages"}],"about":[{"href":"https:\/\/paliskunnat.fi\/poh\/wp-json\/wp\/v2\/types\/page"}],"author":[{"embeddable":true,"href":"https:\/\/paliskunnat.fi\/poh\/wp-json\/wp\/v2\/users\/1"}],"replies":[{"embeddable":true,"href":"https:\/\/paliskunnat.fi\/poh\/wp-json\/wp\/v2\/comments?post=1576"}],"version-history":[{"count":5,"href":"https:\/\/paliskunnat.fi\/poh\/wp-json\/wp\/v2\/pages\/1576\/revisions"}],"predecessor-version":[{"id":7082,"href":"https:\/\/paliskunnat.fi\/poh\/wp-json\/wp\/v2\/pages\/1576\/revisions\/7082"}],"up":[{"embeddable":true,"href":"https:\/\/paliskunnat.fi\/poh\/wp-json\/wp\/v2\/pages\/420"}],"wp:attachment":[{"href":"https:\/\/paliskunnat.fi\/poh\/wp-json\/wp\/v2\/media?parent=1576"}],"curies":[{"name":"wp","href":"https:\/\/api.w.org\/{rel}","templated":true}]}}