{"id":1903,"date":"2014-12-21T17:29:26","date_gmt":"2014-12-21T15:29:26","guid":{"rendered":"http:\/\/80.69.171.23\/py\/?page_id=1903"},"modified":"2026-03-06T13:21:55","modified_gmt":"2026-03-06T11:21:55","slug":"puoccu-vuezz-puuttos","status":"publish","type":"page","link":"https:\/\/paliskunnat.fi\/poh\/puazzteatt\/statistiikk\/puoccu-vuezz-puuttos\/","title":{"rendered":"Pu\u00f5ccu vue\u02b9\u01ef\u01ef puu\u02b9t\u02bct\u00f5s"},"content":{"rendered":"<h2>Pu\u00f5ccu vue\u02b9\u01ef\u01ef puu\u02b9t\u02bct\u00f5s<\/h2>\n<p>Pu\u00f5ccu vue\u02b9\u01ef\u01ef puu\u02b9t\u02bctem-mie\u02b9rr vaajt\u00e2\u00e2ll ju\u00f5\u02b9\u01e9\u01e9 ee\u02b9jj vu\u00f5ss-s\u00e2\u00e2\u02b9jest lu\u00e2tt\u00e5\u00e5rrm\u00f5\u00f5\u017e\u017ei da n\u00e4u\u02b9ddsk\u00e4\u00e4\u0111ai vaikkt\u00f5\u00f5zz\u00e2st. Pu\u00f5ccu vue\u02b9\u01ef\u01ef puu\u02b9t\u02bctem-me\u00e4\u02b9ri \u01e9e\u00e4ppnummu\u0161 \u01e9i\u010d\u010dl\u00e2dd pu\u00e4\u0292\u0292vu\u00e4\u02b9msteei l\u00e2\u00e2\u02b9ssen pu\u00f5ccu vue\u02b9\u01ef\u01ef valm\u0161tee\u02b9jid \u0161e.<\/p>\n<p><a href=\"https:\/\/paliskunnat.fi\/poh\/wp-content\/uploads\/2026\/03\/puoccu-vuojj-puuttos-2000-2025.jpg\" rel=\"lightbox[1903]\"><img loading=\"lazy\" decoding=\"async\" class=\"alignnone wp-image-7230\" src=\"https:\/\/paliskunnat.fi\/poh\/wp-content\/uploads\/2026\/03\/puoccu-vuojj-puuttos-2000-2025.jpg\" alt=\"Pu\u00f5ccu vue\u02b9\u01ef\u01ef puu\u02b9t\u02bct\u00f5s 2000-2025.\" width=\"460\" height=\"297\" srcset=\"https:\/\/paliskunnat.fi\/poh\/wp-content\/uploads\/2026\/03\/puoccu-vuojj-puuttos-2000-2025.jpg 1200w, https:\/\/paliskunnat.fi\/poh\/wp-content\/uploads\/2026\/03\/puoccu-vuojj-puuttos-2000-2025-300x194.jpg 300w, https:\/\/paliskunnat.fi\/poh\/wp-content\/uploads\/2026\/03\/puoccu-vuojj-puuttos-2000-2025-1024x660.jpg 1024w, https:\/\/paliskunnat.fi\/poh\/wp-content\/uploads\/2026\/03\/puoccu-vuojj-puuttos-2000-2025-768x495.jpg 768w\" sizes=\"auto, (max-width: 460px) 100vw, 460px\" \/><\/a><\/p>\n<p>&nbsp;<\/p>\n","protected":false},"excerpt":{"rendered":"<p>Pu\u00f5ccu vue\u02b9\u01ef\u01ef puu\u02b9t\u02bct\u00f5s Pu\u00f5ccu vue\u02b9\u01ef\u01ef puu\u02b9t\u02bctem-mie\u02b9rr vaajt\u00e2\u00e2ll ju\u00f5\u02b9\u01e9\u01e9 ee\u02b9jj vu\u00f5ss-s\u00e2\u00e2\u02b9jest lu\u00e2tt\u00e5\u00e5rrm\u00f5\u00f5\u017e\u017ei da n\u00e4u\u02b9ddsk\u00e4\u00e4\u0111ai vaikkt\u00f5\u00f5zz\u00e2st. Pu\u00f5ccu vue\u02b9\u01ef\u01ef puu\u02b9t\u02bctem-me\u00e4\u02b9ri \u01e9e\u00e4ppnummu\u0161 \u01e9i\u010d\u010dl\u00e2dd pu\u00e4\u0292\u0292vu\u00e4\u02b9msteei l\u00e2\u00e2\u02b9ssen pu\u00f5ccu vue\u02b9\u01ef\u01ef valm\u0161tee\u02b9jid \u0161e. &nbsp;<\/p>\n","protected":false},"author":1,"featured_media":0,"parent":1105,"menu_order":2,"comment_status":"open","ping_status":"closed","template":"","meta":{"footnotes":""},"class_list":["post-1903","page","type-page","status-publish","hentry"],"aioseo_notices":[],"_links":{"self":[{"href":"https:\/\/paliskunnat.fi\/poh\/wp-json\/wp\/v2\/pages\/1903","targetHints":{"allow":["GET"]}}],"collection":[{"href":"https:\/\/paliskunnat.fi\/poh\/wp-json\/wp\/v2\/pages"}],"about":[{"href":"https:\/\/paliskunnat.fi\/poh\/wp-json\/wp\/v2\/types\/page"}],"author":[{"embeddable":true,"href":"https:\/\/paliskunnat.fi\/poh\/wp-json\/wp\/v2\/users\/1"}],"replies":[{"embeddable":true,"href":"https:\/\/paliskunnat.fi\/poh\/wp-json\/wp\/v2\/comments?post=1903"}],"version-history":[{"count":9,"href":"https:\/\/paliskunnat.fi\/poh\/wp-json\/wp\/v2\/pages\/1903\/revisions"}],"predecessor-version":[{"id":7231,"href":"https:\/\/paliskunnat.fi\/poh\/wp-json\/wp\/v2\/pages\/1903\/revisions\/7231"}],"up":[{"embeddable":true,"href":"https:\/\/paliskunnat.fi\/poh\/wp-json\/wp\/v2\/pages\/1105"}],"wp:attachment":[{"href":"https:\/\/paliskunnat.fi\/poh\/wp-json\/wp\/v2\/media?parent=1903"}],"curies":[{"name":"wp","href":"https:\/\/api.w.org\/{rel}","templated":true}]}}