{"id":284,"date":"2014-08-29T11:37:14","date_gmt":"2014-08-29T08:37:14","guid":{"rendered":"http:\/\/80.69.171.23\/py\/?page_id=284"},"modified":"2025-10-29T09:57:37","modified_gmt":"2025-10-29T07:57:37","slug":"poromies-lostt","status":"publish","type":"page","link":"https:\/\/paliskunnat.fi\/poh\/organisaatio\/poromies-lostt\/","title":{"rendered":"Poromies-l\u00f5stt"},"content":{"rendered":"<h2>Poromies-l\u00f5stt<\/h2>\n<p>Poromies lij pu\u00e4\u0292\u0292h\u00e5\u00e5id \u00e4mmatl\u00f5stt. T\u00f5t lij jurddum nu\u02b9tt jie\u02b9llemvu\u00f5\u02b9jjin re\u00e2uggai pu\u00e4\u0292\u0292oummid ko \u010d\u00f5\u00f5nqsjooukid da pukid je\u00e4rrsid \u0161e, \u01e9e\u00e4i mi\u00f5l pu\u00e4\u0292\u0292h\u00e5\u00e5id ku\u00f5skki \u00e4\u00e4\u02b9\u0161\u0161 \u01e9e\u00e4\u02b9sse. Vu\u00f5ssm\u00f5s Poromies-l\u00f5\u00f5st \u00f5lmst\u00f5\u02b9tte\u0161 ee\u02b9jj 1931. Ii\u02b9jjin 1945\u201347 l\u00f5\u00f5st lie mie\u02b9r\u01e9\u01e9uum \u00f5htt\u00e2n ee\u02b9jj\u01e9e\u02b9rdden. Mu\u0111oi l\u00f5\u00f5st lie \u00f5lmst\u00e2\u00e2ttam mie\u02b9rrk\u00f5\u00f5ski ju\u00f5\u02b9\u01e9\u01e9 ee\u02b9jj.<\/p>\n<p>Poromies-l\u00f5\u00f5st va\u02b9lljuum <a href=\"https:\/\/poromieslehti.blogspot.com\/\">digiartikkeel<\/a>.<\/p>\n<p>V\u00e4\u02b9lddtu\u00e5imteei: Hanna Nurmi<\/p>\n<p>Tu\u00e5imtempiisar<a href=\"https:\/\/paliskunnat.fi\/py\/organisaatio\/yhteystiedot\/henkilokunta\/#Konstig\">:<\/a>\u00a0Tarja Konstig<\/p>\n<p><a href=\"https:\/\/paliskunnat.fi\/py\/wp-content\/uploads\/2018\/12\/poromieslehti.jpg\" rel=\"lightbox[284]\"><img loading=\"lazy\" decoding=\"async\" class=\"alignnone wp-image-5947\" src=\"https:\/\/paliskunnat.fi\/py\/wp-content\/uploads\/2018\/12\/poromieslehti.jpg\" alt=\"Poromies-lehden vuoden 2018 julkaisuja\" width=\"460\" height=\"307\" \/><\/a><\/p>\n<p>&nbsp;<\/p>\n<p><!--more--><\/p>\n<h2>Ti\u02b9lle Poromies-l\u00f5\u00f5st<\/h2>\n<p>Ti\u02b9lle te\u00e4ddum Poromies-l\u00f5\u00f5\u0161t ne\u02b9ttp\u00e5\u00e5\u02b9\u0161tin (<a href=\"mailto:ti\u02b9ll\u02bcjemh\u00e2\u00e2\u02b9dd\"><strong>ti\u02b9ll\u02bcjemh\u00e2\u00e2\u02b9dd<\/strong><\/a>): &#x6b;&#105;r&#x6a;&#97;a&#x6d;&#111;&#64;&#x70;&#x61;&#108;&#x69;&#x73;&#107;u&#x6e;&#110;a&#x74;&#46;f&#x69;<\/p>\n<p><img decoding=\"async\" src=\"https:\/\/feed.lehtiluukku.fi\/cover?id=634\" alt=\"\" \/><\/p>\n<h3>Mediakortt da addr\u00f5smuutt\u00e2s<\/h3>\n<p><a href=\"https:\/\/paliskunnat.fi\/poh\/wp-content\/uploads\/2025\/10\/poromies-lehti-mediakortti-2026.pdf\">Mediakortt 2026<\/a><\/p>\n<p>I\u02b9lmmt\u00f5skaaup\u0161ummu\u0161 da addr\u00f5smuutt\u00e2s:<br \/>\n&#x74;a&#x72;&#106;&#x61;&#46;k&#x6f;&#110;&#x73;&#116;i&#x67;&#64;&#x70;&#97;l&#x69;s&#x6b;&#117;&#x6e;&#x6e;a&#x74;&#46;&#x66;&#105;<br \/>\n0400 633 159<\/p>\n<h3>Tu\u00e5imtemk\u00e5\u02b9dd<\/h3>\n<p>Nurmi Hanna<br \/>\n&#8212;&#8212;&#8212;&#8212;&#8212;&#8211;<br \/>\nAngeli Maaren<br \/>\nHeikkil\u00e4 Elisa<br \/>\nJortikka Aarre<br \/>\nKela Sarai-Natalia<br \/>\nKonstig Tarja<br \/>\nSanaksenaho Vilma<br \/>\nUkkola Viola<\/p>\n<p>&nbsp;<\/p>\n","protected":false},"excerpt":{"rendered":"<p>Poromies-lehti on poroalan ammattilehti. Se ilmestyy kuudesti vuodessa. Ensimm\u00e4inen Poromies ilmestyi vuonna 1931. <\/p>\n","protected":false},"author":1,"featured_media":0,"parent":5750,"menu_order":3,"comment_status":"open","ping_status":"closed","template":"","meta":{"footnotes":""},"class_list":["post-284","page","type-page","status-publish","hentry"],"aioseo_notices":[],"_links":{"self":[{"href":"https:\/\/paliskunnat.fi\/poh\/wp-json\/wp\/v2\/pages\/284","targetHints":{"allow":["GET"]}}],"collection":[{"href":"https:\/\/paliskunnat.fi\/poh\/wp-json\/wp\/v2\/pages"}],"about":[{"href":"https:\/\/paliskunnat.fi\/poh\/wp-json\/wp\/v2\/types\/page"}],"author":[{"embeddable":true,"href":"https:\/\/paliskunnat.fi\/poh\/wp-json\/wp\/v2\/users\/1"}],"replies":[{"embeddable":true,"href":"https:\/\/paliskunnat.fi\/poh\/wp-json\/wp\/v2\/comments?post=284"}],"version-history":[{"count":16,"href":"https:\/\/paliskunnat.fi\/poh\/wp-json\/wp\/v2\/pages\/284\/revisions"}],"predecessor-version":[{"id":7214,"href":"https:\/\/paliskunnat.fi\/poh\/wp-json\/wp\/v2\/pages\/284\/revisions\/7214"}],"up":[{"embeddable":true,"href":"https:\/\/paliskunnat.fi\/poh\/wp-json\/wp\/v2\/pages\/5750"}],"wp:attachment":[{"href":"https:\/\/paliskunnat.fi\/poh\/wp-json\/wp\/v2\/media?parent=284"}],"curies":[{"name":"wp","href":"https:\/\/api.w.org\/{rel}","templated":true}]}}