{"id":45,"date":"2014-08-07T20:36:42","date_gmt":"2014-08-07T17:36:42","guid":{"rendered":"http:\/\/80.69.171.23\/py\/?page_id=45"},"modified":"2020-03-22T13:13:43","modified_gmt":"2020-03-22T11:13:43","slug":"vuakkoozz","status":"publish","type":"page","link":"https:\/\/paliskunnat.fi\/poh\/organisaatio\/paalgaskooddi-ohttos\/vuakkoozz\/","title":{"rendered":"\u00d5htt\u00f5\u00f5zz vu\u00e2kk\u00f5\u00f5zz"},"content":{"rendered":"<h2>Paal\u01e5\u00e2skoo\u02b9ddi \u00f5htt\u00f5\u00f5zz vu\u00e2kk\u00f5\u00f5zz<\/h2>\n<h3>1 \u00a7<\/h3>\n<p>Paal\u01e5\u00e2skoo\u02b9ddi \u00f5htt\u00f5\u00f5zz dommp\u00e4i\u02b9\u01e9\u01e9 lij Ru\u00e4\u02b9vnjaar\u01e5 g\u00e5\u00e5rad da \u00f5htt\u00f5\u00f5zz tu\u00e5immvu\u02b9vdd lij pu\u00e4\u0292\u0292h\u00e5iddl\u00e4\u00e4\u02b9jj 2 \u00a7:st jurddum pu\u00e4\u0292\u0292h\u00e5iddvu\u02b9vdd.<\/p>\n<p>\u00d5htt\u00f5\u00f5zz vu\u00e4zzlain lij \u0161i\u00f5ttuum pu\u00e4\u0292\u0292h\u00e5iddl\u00e4\u00e4\u02b9jj 20 \u00a7 2 momee\u02b9ntest.<\/p>\n<h3>2 \u00a7<\/h3>\n<p>\u00d5htt\u00f5\u00f5zz mie\u02b9rren lij spraav\u00e2d t\u00f5\u00f5zz pu\u00e4\u0292\u0292h\u00e5iddl\u00e4\u00e4\u02b9jj da pu\u00e4\u0292\u0292h\u00e5iddaset\u00f5\u00f5zz mie\u02b9ldd kuulli tu\u00e2jaid. Tu\u00e2jai spraav\u00e2m di\u00f5tt \u00f5htt\u00f5s:<\/p>\n<p>1) oudd pu\u00e4\u0292\u0292h\u00e5\u00e5id da pu\u00e4\u0292\u0292t\u00e4\u00e4l ku\u00f5skki vu\u00e4\u02b9pstummu\u017e<br \/>\n2) tu\u00e4rjjad da spraav pu\u00e4\u0292\u0292h\u00e5\u00e5id ku\u00f5skki te\u02b9stt-tu\u00e5immjummu\u017e da tu\u00f5\u02b9llai te\u02b9sttpu\u00e4\u0292\u0292kardd\u00e2z;<br \/>\n3) spraav pu\u00e4\u0292\u0292\u0161\u00f5\u00f5\u01e5\u01e5tummu\u017e da -valm\u0161tummu\u017e da re\u00e4\u0161\u0161 pu\u00e4\u0292\u0292\u0161\u00f5\u00f5\u01e5\u01e5tem\/-valm\u0161tem\u01e9e\u00e2\u0161taid;<br \/>\n4) ha\u02b9\u014b\u01e9\u01e9ad \u00e2\u00e2\u02b9nnmasas pu\u00e4\u0292\u0292h\u00e5\u00e5id da pu\u00e4\u0292\u0292t\u00e4\u00e4l ku\u00f5skki te\u00e2\u0111 da seu\u02b9rrai sue\u02b9rj dommj\u00e2nnmalla\u0161 da \u00e5lggj\u00e2nnmalla\u0161 ouddnummu\u017e;<br \/>\n5) harjjat \u00f5lmst\u00e2\u02b9ttemtu\u00e5immjummu\u017e di re\u00e4\u0161\u0161 sa\u01e5st\u00f5\u00f5ll\u00e2m-, te\u00e2\u0111tem- da \u0161koou\u02b9l\u02bcjempooddid, pu\u00e4\u0292\u0292peei\u02b9vid, pu\u00e4\u0292\u0292\u01e9e\u00e2\u0161taid di \u010du\u00e4jt\u00f5\u00f5zzid di puu\u02b9tat vu\u00e2mm\u0161\u00f5s- da m\u00e4ttmateriaalid.<br \/>\n6) tuejjad pu\u00e4\u0292\u0292h\u00e5\u00e5id da pu\u00e4\u0292\u0292t\u00e4\u00e4l ooud\u00e2sviikk\u00e2m di\u00f5tt aal\u01e5t\u00f5\u00f5zzid l\u00e4\u00e4\u02b9jj\u0161i\u00f5ttummu\u017e da vaald\u00e2\u0161m sue\u02b9rjest<br \/>\n7) oou\u02b9dad paal\u01e5\u00e2skoo\u02b9ddi \u00f5httsa\u017etu\u00e5immjummu\u017e da vaikkat pu\u00e4\u0292\u0292tallu \u00f5httneei jie\u02b9llemvu\u00f5\u02b9jjid pu\u00e4\u0292\u0292t\u00e4\u00e4l tu\u00e5immjemoudld\u00f5\u00f5zzi seeiltem di\u00f5tt; di<br \/>\n8) spraav t\u00f5id jee\u02b9res tu\u00e5imid, koid \u00f5htt\u00f5\u00f5zz tu\u00e2jai h\u00e5iddm\u00f5\u0161 ooud\u00e2ld<\/p>\n<h3>3 \u00a7<\/h3>\n<p>\u00d5htt\u00f5\u00f5zz v\u00e4\u02b9lddve\u00e4rla\u017e s\u00e5bbar s\u00e5bbr\u00f5\u00f5\u0161\u0161\u00e2t \u01e9ie\u02b9ssmannust hallt\u00f5\u00f5zz mie\u02b9rreem pei\u02b9vven. P\u00e2i\u02b9lme\u00e4rrsa\u017e s\u00e5bbar s\u00e5bbr\u00f5\u00f5\u0161\u0161\u00e2t, ko hallt\u00f5s \u01e9e\u00e4\u010d\u010d, \u0161to t\u00f5t lij tarbbs\u00f5s le\u02b9be uu\u02b9ccm\u00f5s\u00e2n l\u00e5\u00e5\u01e5\u01e5ad vue\u02b9ss \u00f5htt\u00f5\u00f5zz vu\u00e4zzlain r\u00e4ukk t\u00f5n mie\u02b9rruum \u00e4\u00e4\u02b9\u0161\u0161 \u01e9i\u00f5tt\u02bct\u00f5\u00f5ll\u00e2m di\u00f5tt.<\/p>\n<h3>4 \u00a7<\/h3>\n<p>K\u00e5\u00e5\u010d\u010d \u00f5htt\u00f5\u00f5zz s\u00e5bbra tu\u00e5imtet paal\u01e5\u00e2skoo\u02b9ddid \u01e9e\u02b9rjjen, koon \u00e2lgg vu\u00f5ltteed uu\u02b9ccm\u00f5s\u00e2n kue\u02b9htt ne\u00e4\u02b9ttel oudd\u00e2l s\u00e5\u00e5bbarpeei\u02b9v. \u01e8ee\u02b9rjest \u00e2lgg pe\u00e4ggted s\u00e5bbrest \u01e9i\u00f5tt\u02bct\u00f5\u00f5ll\u00e2mnalla \u00e5\u00e5rrai aa\u02b9\u0161\u0161id. Jee\u02b9res te\u00e2ttouddm\u00f5\u00f5\u017e\u017eid \u00f5htt\u00f5\u00f5zz vu\u00e4zzlaid tu\u00e5imtet \u01e9e\u02b9rjjen.<\/p>\n<h3>5 \u00a7<\/h3>\n<p>Tu\u02b9mmst\u00f5ktu\u00e2jast \u00f5htt\u00f5\u00f5zz s\u00e5bbrest lij \u0161i\u00f5ttuum pu\u00e4\u0292\u0292h\u00e5iddl\u00e4\u00e4\u02b9jj 20 \u00a7 2 momee\u02b9ntest. \u00d5htt\u00f5\u00f5zz s\u00e5bbar \u00e4\u00e4vad \u00f5htt\u00f5\u00f5zz saa\u01e5\u01e5j\u00e5\u00e5\u02b9\u0111teei le\u02b9be te\u02b9l, ko son lij c\u00f5ggnam, s\u00e5bbar \u00e4\u00e4vad v\u00e4\u00e4rrsaa\u01e5\u01e5j\u00e5\u00e5\u02b9\u0111teei le\u02b9be hallt\u00f5\u00f5zz se\u02b9st hallt\u00f5\u00f5zz va\u02b9llj\u00e4\u00e4m vu\u00e4zzla\u017e. S\u00e5bbra va\u02b9lljeet kolmm saa\u01e5\u01e5j\u00e5\u00e5\u02b9\u0111teei, kue\u02b9htt piisar, kue\u02b9htt p\u00e5\u02b9rdd\u01e9e\u02b9rjjta\u02b9r\u01e9steei da kue\u02b9htt ji\u00f5nnla\u02b9s\u01e9\u01e9eei.<\/p>\n<p>\u00d5htt\u00f5\u00f5zz v\u00e4\u02b9lddve\u00e4rla\u017e s\u00e5bbrest:<\/p>\n<p>1) tu\u00f5\u0111\u00e2t s\u00e5bbar l\u00e4\u00e4\u01e5\u01e5la\u017evu\u00f5\u0111;<br \/>\n2) n\u00e2\u00e2neet ee\u02b9tt\u01e9eei- da ji\u00f5nnlo\u01e5st\u00f5\u00f5\u01e5\u01e5;<br \/>\n3) va\u02b9lljeet s\u00e5bbra saa\u01e5\u01e5j\u00e5\u00e5\u02b9\u0111tee\u02b9jid;<br \/>\n4) va\u02b9lljeet s\u00e5bbra piisrid;<br \/>\n5) va\u02b9lljeet kue\u02b9htt p\u00e5\u02b9rdd\u01e9e\u02b9rjjta\u02b9r\u01e9steei:<br \/>\n6) va\u02b9lljeet kue\u02b9htt ji\u00f5nnla\u02b9s\u01e9\u01e9eei;<br \/>\n7) puu\u02b9tet ou\u02b9dde oou\u02b9dab tu\u00e5immp\u00e2\u00e2\u02b9j ee\u02b9\u01e9\u01e9\u010di\u00f5l\u01e5t\u00f5\u00f5zz, tiilid, tiilta\u02b9r\u01e9stee\u02b9ji ce\u00e2lkalm di n\u00e2\u00e2need tiill\u01e9i\u00f5r\u01e5t\u00f5\u00f5zz;<br \/>\n8) tu\u02b9mmjet vastt\u00f5sfrijjvu\u00f5\u0111 mi\u00f5ttmest hallt\u00f5\u02b9sse da jee\u02b9res tiill\u00f5\u00f5l\u01e5nii\u02b9\u01e9\u01e9id di jee\u02b9res tu\u00e5imin, koid ee\u02b9\u01e9\u01e9\u010di\u00f5l\u01e5t\u00f5s, tiil da tiilta\u02b9r\u01e9stee\u02b9ji ce\u00e2lkalm mo\u017e\u00e2t u\u02b9vdde taarb;<br \/>\n9) va\u02b9lljeet \u00f5htt\u00f5\u02b9sse pu\u00f5\u02b9tti ka\u02b9lndarekka tiilta\u02b9r\u01e9steei da su\u02b9nne v\u00e4\u00e4rroummu di kue\u02b9htt tu\u00e5immta\u02b9r\u01e9steei da su\u00e4nnaid v\u00e4\u00e4rroummid;<br \/>\n10) n\u00e2\u00e2need tu\u00e5immjummu\u017e \u00e2\u02b9lddii\u02b9jji vu\u00e2\u0111\u0111jurddjid di pu\u00f5\u02b9tti tu\u00e5immee\u02b9jj tu\u00e5immplaan;<br \/>\n11) n\u00e2\u00e2need pu\u00e5\u0111- da kuullarvvl\u00f5\u00f5zz pu\u00f5\u02b9tti tu\u00e5immee\u01e5\u01e5as;<br \/>\n12) tu\u02b9mmjet \u00f5htt\u00f5\u00f5zz s\u00e5bbar vu\u00e4ss\u00f5\u00f5ttji s\u00e5\u00e5bbarp\u00e4\u00e4\u02b9l\u01e9est da m\u00e4\u02b9t\u01e9\u01e9-kuuli ko\u02b9rvv\u00f5\u00f5zzin;<br \/>\n13) tu\u02b9mmjet \u00f5htt\u00f5\u00f5zz saa\u01e5\u01e5j\u00e5\u00e5\u02b9\u0111teei, v\u00e4\u00e4rrsaa\u01e5\u01e5j\u00e5\u00e5\u02b9\u0111teei, hallt\u00f5\u00f5zz vu\u00e4zzlai da tiilta\u02b9r\u01e9stee\u02b9ji paa\u02b9l\u01e9in;<br \/>\n14) va\u02b9lljeet \u00f5htt\u00f5\u00f5zz saa\u01e5\u01e5j\u00e5\u00e5\u02b9\u0111teei da v\u00e4\u00e4rrsaa\u01e5\u01e5j\u00e5\u00e5\u02b9\u0111teei tu\u00e5immp\u00e2\u00e2\u02b9j puu\u0111ee\u02b9n kolmm\u00e2n pu\u00f5\u02b9tti tu\u00e5immee\u01e5\u01e5as;<br \/>\n15) va\u02b9lljeet hallt\u00f5\u00f5zz vu\u00e4zzlaid (ku\u00e2httmlo) kolmm\u00e2n ee\u01e5\u01e5as;<br \/>\n16) n\u00e2\u00e2need nu\u02b9bb paal\u01e5\u00e2sk\u00e5dda kuulli pu\u00f5ccui h\u00e5iddmest pe\u02b9rrjum h\u00e5iddm\u00e4\u00e4us \u0161orradvu\u00f5\u0111.<\/p>\n<p>\u00d5htt\u00f5\u00f5zz s\u00e5bbrest \u01e9i\u00f5tt\u02bct\u00f5\u00f5l\u00e2t l\u00e2\u00e2\u02b9ssen t\u00f5id vu\u00e2\u0111\u0111juurdla\u017e da veidds\u00e2nji vaikkteei aa\u02b9\u0161\u0161id, koid \u00f5htt\u00f5\u00f5zz hallt\u00f5s pohtt s\u00e5bbra \u01e9i\u00f5tt\u02bct\u00f5\u00f5ll\u00e2mnalla di aa\u02b9\u0161\u0161id, koid uu\u02b9ccm\u00f5s\u00e2n l\u00e5\u00e5\u01e5\u01e5ad vue\u02b9ss s\u00e5bbar ji\u00f5nnmie\u02b9rest haa\u02b9lad v\u00e4\u02b9ldded s\u00e5bbra \u01e9i\u00f5tt\u02bct\u00f5\u00f5ll\u00e2mnalla.<\/p>\n<h3>6 \u00a7<\/h3>\n<p>\u00d5htt\u00f5\u00f5zz hallt\u00f5\u02b9sse ko\u02b9lle \u00f5htt\u00f5\u00f5zz saa\u01e5\u01e5j\u00e5\u00e5\u02b9\u0111teei saa\u01e5\u01e5j\u00e5\u00e5\u02b9\u0111tee\u02b9jen, \u00f5htt\u00f5\u00f5zz v\u00e4\u00e4rrsaa\u01e5\u01e5j\u00e5\u00e5\u02b9\u0111teei v\u00e4\u00e4rrsaa\u01e5\u01e5j\u00e5\u00e5\u02b9\u0111tee\u02b9jen da 12 vu\u00e4zzli\u02b9\u017e\u017eed jee\u02b9res \u00e5\u02b9rnn pu\u00e4\u0292\u0292h\u00e5iddvuu\u02b9d pu\u00e4\u0292\u0292loo\u01e5\u01e5i me\u00e2ldla\u017e k\u00f5skkvu\u00f5\u0111\u00e2st di m\u00e4dd- da me\u00e4\u02b9cct\u00e4\u00e4llministeria mie\u02b9rr\u00e4\u00e4m riikk ee\u02b9tt\u01e9eei di S\u00e4\u00e4\u02b9m parlamee\u02b9nt n\u00f5mm\u00e4\u00e4m s\u00e4\u02b9mmlai ee\u02b9tt\u01e9eei. \u00d5htt\u00f5\u00f5zz tu\u00e5immj\u00e5\u00e5\u02b9\u0111tee\u02b9jest lij vu\u00f5igg\u00e2dvu\u00f5tt lee\u02b9d p\u00e4\u00e4i\u02b9\u01e9 \u00e2\u02b9lnn hallt\u00f5\u00f5zz s\u00e5bbrin.<\/p>\n<h3>7 \u00a7<\/h3>\n<p>Hallt\u00f5s norr\u00e2\u00e2tt saa\u01e5\u01e5j\u00e5\u00e5\u02b9\u0111teei le\u02b9be ko son lij c\u00f5ggnam, v\u00e4\u00e4rrsaa\u01e5\u01e5j\u00e5\u00e5\u02b9\u0111teei k\u00e5\u00e5\u010d\u010dast. Hallt\u00f5s lij tu\u02b9mmjemv\u00e4\u00e4ldla\u017e, ko saa\u01e5\u01e5j\u00e5\u00e5\u02b9\u0111teei le\u02b9be v\u00e4\u00e4rrsaa\u01e5\u01e5j\u00e5\u00e5\u02b9\u0111teei da uu\u02b9ccm\u00f5s\u00e2n pe\u00e4\u02b9l vu\u00e4zzlain lie p\u00e4\u00e4i\u02b9\u01e9 \u00e2\u02b9lnn. S\u00e5bbar tu\u02b9mmst\u00f5kk\u00e2n \u01e9i\u00f5\u010d\u010d\u00e2t t\u00f5n mi\u00f5lljuurd, koon je\u00e4\u02b9nb\u00f5s uvddum ji\u00f5nin lij kanntam. J\u00f5s ji\u00f5n m\u00e2\u02b9nne t\u00e4ssa, saa\u01e5\u01e5j\u00e5\u00e5\u02b9\u0111teei ji\u00f5nn r\u00e4\u02b9t\u01e9\u01e9ad pe\u02b9ce oouma\u017evaalin vu\u00e2rbb. Hallt\u00f5s peejj tu\u00e2jjv\u00e4lljk\u00e5\u00e5\u02b9dd.<\/p>\n<h3>8 \u00a7<\/h3>\n<p>Hallt\u00f5\u00f5zz tu\u00e2jjan lij<\/p>\n<p>1) j\u00e5\u00e5\u02b9\u0111ted \u00f5htt\u00f5\u00f5zz tu\u00e5immjummu\u017e da vu\u00e5ppad pu\u00e4\u0292\u0292t\u00e4\u00e4l oudd\u00f5\u00f5zz;<br \/>\n2) k\u00e5\u010d\u010dad \u00f5\u02b9htte \u00f5htt\u00f5\u00f5zz s\u00e5\u00e5bbar, valm\u0161t\u00f5\u00f5ll\u00e2d t\u00f5\u00f5zz ou\u02b9dde puhttum aa\u02b9\u0161\u0161id da tiu\u02b9ddepiijj\u00e2d t\u00f5n tu\u02b9mmst\u00f5\u00f5\u01e5\u01e5id;<br \/>\n3) v\u00e4\u02b9ldded vergga da piijj\u00e2d me\u00e4dda vee\u02b9rjest \u00f5htt\u00f5\u00f5zz tu\u00e5immj\u00e5\u00e5\u02b9\u0111teei da jee\u02b9res ve\u02b9r\u01e7\u01e7nii\u02b9\u01e9\u01e9id di mie\u02b9rreed sij p\u00e4\u00e4\u02b9l\u01e9;<br \/>\n4) raajj\u00e2d riikkve\u00e4\u02b9\u01e9\u01e9vu\u00f5ttve\u02b9r\u01e7\u01e7nii\u02b9\u01e9\u01e9id e\u02b9t\u01e9\u01e9\u00f5\u00f5zz \u00f5htt\u00f5\u02b9sse mi\u00f5ttum ve\u00e4\u02b9\u01e9\u01e9vu\u00f5\u0111in di raajj\u00e2d \u010di\u00f5\u02b9l\u01e7\u01e7\u00f5\u00f5zzid ve\u00e4\u02b9\u01e9\u01e9vu\u00f5\u0111i \u00e2\u00e2\u02b9nnmest;<br \/>\n5) h\u00e5iddad \u00f5htt\u00f5\u00f5zz j\u00e4llm\u00f5\u00f5\u017e\u017e da tu\u00f5\u02b9ll\u02bcjet \u01e9ee\u02b9rjtu\u00f5\u02b9ll\u02bcj\u00f5\u00f5zz t\u00f5\u02b9st di \u00f5htt\u00f5\u00f5zz pu\u00e5ttjin da kuulin di raajj\u00e2d ee\u02b9\u01e9\u01e9\u010di\u00f5l\u01e5t\u00f5\u00f5zz da tiill\u01e9i\u00f5r\u01e5t\u00f5\u00f5zz;<br \/>\n6) \u00e2\u00e2\u02b9nned hu\u00f5l \u00f5htt\u00f5\u00f5zz \u00f5lmst\u00e2\u02b9ttemtu\u00e5immjumm\u0161est; di<br \/>\n7) tu\u02b9mmjed pe\u02b9lljmi\u00e2rki priimm\u02bcmest, me\u00e4dda \u01e9ie\u02b9ssmest da j\u00f5skkmest, da \u00e2\u00e2\u02b9nned hu\u00f5l tu\u02b9mmst\u00f5\u00f5\u01e5\u01e5i te\u00e2ttanouddmest pu\u00e4\u0292\u0292h\u00e5iddaset\u00f5\u00f5zz 18 \u00a7:st \u0161i\u00f5ttuum vue\u02b9jj me\u00e2ldl\u00e2nji.<\/p>\n<p>Hallt\u00f5\u00f5zz tu\u00e2jjv\u00e4lljk\u00e5\u02b9dd spraav t\u00f5id tu\u00e2jaid, koid hallt\u00f5s v\u00e4lljk\u00e5dda me\u00e4\u02b9rrad.<\/p>\n<h3>9 \u00a7<\/h3>\n<p>\u00d5htt\u00f5\u00f5zz n\u00f5\u00f5m \u01e9ee\u02b9rjat saa\u01e5\u01e5j\u00e5\u00e5\u02b9\u0111teei le\u02b9be tu\u00e5immj\u00e5\u00e5\u02b9\u0111teei \u00f5httu.<\/p>\n<h3>10 \u00a7<\/h3>\n<p>\u00d5htt\u00f5\u00f5zz tiilid \u01e9i\u00f5r\u01e5tet ka\u02b9lndarii\u02b9jji mie\u02b9ldd. Tiill\u01e9i\u00f5r\u01e5t\u00f5\u00f5zzid da jee\u02b9res \u00f5htt\u00f5\u00f5zz aa\u02b9\u0161\u0161i h\u00e5iddm\u00f5\u00f5\u017e\u017e ku\u00f5skki \u00e4\u02b9\u0161\u0161\u01e9ii\u02b9rjid \u00e2lgg tu\u00e5imted p\u00e2\u02b9ssla\u0161tt\u00e2m-mannu 15. peivva m\u00f5\u00f5nee\u02b9st tiilta\u02b9r\u01e9stee\u02b9jid, kooi \u00e2lgg u\u02b9vdded hallt\u00f5\u02b9sse \u010di\u00f5l\u01e5t\u00f5\u00f5zz\u00e2s tiili da vaald\u00e2\u0161m ta\u02b9r\u01e9stumm\u0161est njuh\u010d\u010dmannu 15. peivva m\u00f5\u00f5nee\u02b9st.<\/p>\n<h3>11 \u00a7<\/h3>\n<p>Muutt\u00e2sooccmest hallt\u00f5s tu\u02b9mmst\u00f5\u00f5\u01e5\u01e5id lij \u0161i\u00f5ttuum pu\u00e4\u0292\u0292h\u00e5iddl\u00e4\u00e4\u02b9jj 45 \u00a7:st da pu\u00e4\u0292\u0292h\u00e5iddaset\u00f5\u00f5zz 22 \u00a7:st.<\/p>\n<h3>12 \u00a7<\/h3>\n<p>J\u00f5s \u00f5htt\u00f5\u00f5zz tu\u00e5immjummu\u0161 poott, \u00f5htt\u00f5\u00f5zz vaa\u02b9rid \u00e2\u00e2\u02b9net n\u00e5kam organisaatio tu\u00e4rjjumm\u0161a, k\u00e5\u00e5\u02b9tt re\u00e2ugg pu\u00e4\u0292\u0292h\u00e5\u00e5id da pu\u00e4\u0292\u0292t\u00e4\u00e4l oou\u02b9deem di\u00f5tt L\u00e4\u00e4\u02b9ddj\u00e2nnmest.<\/p>\n<h3>13 \u00a7<\/h3>\n<p>\u00d5htt\u00f5\u00f5zz vu\u00e2kk\u00f5\u00f5zzi mu\u02b9ttmest tu\u02b9mmjet \u00f5htt\u00f5\u00f5zz v\u00e4\u02b9lddve\u00e4rla\u017e le\u02b9be p\u00e2i\u02b9lme\u00e4rrsa\u017e s\u00e5bbrest da mu\u02b9ttem ooudald, \u0161to t\u00f5n lie kanntam uu\u02b9ccm\u00f5s\u00e2n kolmm neelljad vue\u02b9ss uvddum ji\u00f5nin. M\u00e4dd- da me\u00e4\u02b9cct\u00e4\u00e4llministeria \u00e2lgg n\u00e2\u00e2need mutt\u00e2z.<\/p>\n<h3>14 \u00a7<\/h3>\n<p>T\u00e4k vu\u00e2kk\u00f5\u00f5zz pu\u00e4\u02b9tte vi\u00f5\u02b9\u01e9\u01e9e skamm-mannu 20. pei\u02b9vven 1990.<\/p>\n<p>Vu\u00e2kk\u00f5\u00f5zz lie primmum Paal\u01e5\u00e2skoo\u02b9ddi \u00f5htt\u00f5\u00f5zz p\u00e2i\u02b9lme\u00e4rrsa\u017e ee\u02b9tt\u01e9eeis\u00e5bbrest 29.10.1990.<\/p>\n<p>&nbsp;<\/p>\n","protected":false},"excerpt":{"rendered":"<p>Paal\u01e5\u00e2skoo\u02b9ddi \u00f5htt\u00f5\u00f5zz vu\u00e2kk\u00f5\u00f5zz 1 \u00a7 Paal\u01e5\u00e2skoo\u02b9ddi \u00f5htt\u00f5\u00f5zz dommp\u00e4i\u02b9\u01e9\u01e9 lij Ru\u00e4\u02b9vnjaar\u01e5 g\u00e5\u00e5rad da \u00f5htt\u00f5\u00f5zz tu\u00e5immvu\u02b9vdd lij pu\u00e4\u0292\u0292h\u00e5iddl\u00e4\u00e4\u02b9jj 2 \u00a7:st jurddum pu\u00e4\u0292\u0292h\u00e5iddvu\u02b9vdd. \u00d5htt\u00f5\u00f5zz vu\u00e4zzlain lij \u0161i\u00f5ttuum pu\u00e4\u0292\u0292h\u00e5iddl\u00e4\u00e4\u02b9jj 20 \u00a7 2 momee\u02b9ntest. 2 \u00a7 \u00d5htt\u00f5\u00f5zz mie\u02b9rren lij spraav\u00e2d t\u00f5\u00f5zz pu\u00e4\u0292\u0292h\u00e5iddl\u00e4\u00e4\u02b9jj da pu\u00e4\u0292\u0292h\u00e5iddaset\u00f5\u00f5zz mie\u02b9ldd kuulli tu\u00e2jaid. Tu\u00e2jai spraav\u00e2m di\u00f5tt \u00f5htt\u00f5s: 1) oudd pu\u00e4\u0292\u0292h\u00e5\u00e5id da pu\u00e4\u0292\u0292t\u00e4\u00e4l ku\u00f5skki vu\u00e4\u02b9pstummu\u017e 2) tu\u00e4rjjad [&hellip;]<\/p>\n","protected":false},"author":1,"featured_media":0,"parent":429,"menu_order":2,"comment_status":"open","ping_status":"closed","template":"","meta":{"footnotes":""},"class_list":["post-45","page","type-page","status-publish","hentry"],"aioseo_notices":[],"_links":{"self":[{"href":"https:\/\/paliskunnat.fi\/poh\/wp-json\/wp\/v2\/pages\/45","targetHints":{"allow":["GET"]}}],"collection":[{"href":"https:\/\/paliskunnat.fi\/poh\/wp-json\/wp\/v2\/pages"}],"about":[{"href":"https:\/\/paliskunnat.fi\/poh\/wp-json\/wp\/v2\/types\/page"}],"author":[{"embeddable":true,"href":"https:\/\/paliskunnat.fi\/poh\/wp-json\/wp\/v2\/users\/1"}],"replies":[{"embeddable":true,"href":"https:\/\/paliskunnat.fi\/poh\/wp-json\/wp\/v2\/comments?post=45"}],"version-history":[{"count":2,"href":"https:\/\/paliskunnat.fi\/poh\/wp-json\/wp\/v2\/pages\/45\/revisions"}],"predecessor-version":[{"id":6424,"href":"https:\/\/paliskunnat.fi\/poh\/wp-json\/wp\/v2\/pages\/45\/revisions\/6424"}],"up":[{"embeddable":true,"href":"https:\/\/paliskunnat.fi\/poh\/wp-json\/wp\/v2\/pages\/429"}],"wp:attachment":[{"href":"https:\/\/paliskunnat.fi\/poh\/wp-json\/wp\/v2\/media?parent=45"}],"curies":[{"name":"wp","href":"https:\/\/api.w.org\/{rel}","templated":true}]}}