{"id":450,"date":"2014-10-30T15:29:42","date_gmt":"2014-10-30T13:29:42","guid":{"rendered":"http:\/\/80.69.171.23\/py\/?page_id=450"},"modified":"2020-03-20T16:10:32","modified_gmt":"2020-03-20T14:10:32","slug":"po-hankkoozz","status":"publish","type":"page","link":"https:\/\/paliskunnat.fi\/poh\/hankkoozz\/po-hankkoozz\/","title":{"rendered":"Paal\u01e5\u00e2skoo\u02b9ddi \u00f5htt\u00f5\u00f5zz ha\u02b9\u014b\u01e9\u01e9\u00f5\u00f5zz"},"content":{"rendered":"<h2>Paal\u01e5\u00e2skoo\u02b9ddi \u00f5htt\u00f5\u00f5zz ha\u02b9\u014b\u01e9\u01e9\u00f5\u00f5zz<\/h2>\n<p>Paal\u01e5\u00e2skoo\u02b9ddi \u00f5htt\u00f5s alttii ooud\u00e2sviikk\u00e2mha\u02b9\u014b\u01e9\u01e9\u00f5stu\u00e5immjummu\u017e ee\u02b9jj 1999. Ii\u02b9jji mie\u02b9ldd ha\u02b9\u014b\u01e9\u01e9\u00f5stu\u00e5immjummu\u017e \u00e5\u00e5\u02b9ble\u01e9 lij vaajt\u00f5\u00f5ll\u00e2m. Alggii\u02b9jjin vii\u01e5\u01e5iim \u010d\u00f5\u00f5\u0111 pu\u00e4\u0292\u0292ha\u02b9\u014b\u01e9\u01e9\u00f5\u00f5zzid ji\u00f5\u010d\u010d\u00e2nji. M\u00e2\u014b\u014ba tu\u00e5immjumm\u0161a pu\u00e4\u02b9tte \u00f5httsa\u017etu\u00e2jjkuei\u02b9mmen mie\u02b9ldd jee\u02b9res vue\u02b9sspe\u00e4\u02b9l, m\u00e2\u02b9te m\u00e4ttstroi\u02b9ttel da k\u00e5\u00e5\u02b9dd, v\u00e4\u00e4\u02b9ldee\u02b9l m\u00e5ttmid ha\u02b9\u014b\u01e9\u01e9\u00f5\u00f5zzid vaald\u0161emnalla. M\u00f5\u00f5nni ii\u02b9jjin le\u00e4\u02b9p \u010di\u014blm\u00f5\u00f5vv\u00e2m pu\u00e4\u0292\u0292ha\u02b9\u014b\u01e9\u01e9\u00f5stu\u00e5immjummu\u017e vi\u00f5kk\u0161\u00f5s plaanumm\u0161a, koordin\u00e2\u02b9sttma da ha\u02b9\u014b\u01e9\u01e9\u00f5ste\u00e4ggt\u00f5\u00f5zz ooccmest ve\u00e4\u02b9\u01e9\u01e9tumm\u0161a. Ha\u02b9\u014b\u01e9\u01e9\u00f5\u00f5zz lie v\u00e4\u02b9lddvue\u02b9zzest vikkum \u010d\u00f5\u00f5\u0111 jee\u02b9res organisaatio vaald\u0161em vue\u02b9lnn.<\/p>\n<p>Paal\u01e5\u00e2skoo\u02b9ddi \u00f5htt\u00f5\u00f5zz ha\u02b9\u014b\u01e9\u01e9\u00f5stu\u00e5immjummu\u0161 lij le\u00e4mma\u017e odd\u00e2l da le\u00e4\u02b9p vu\u00e4\u01ef\u01efam t\u00f5in \u00e4igga \u0161i\u00f5\u01e5\u01e5 ouddnemvuu\u02b9did je\u00e4\u02b9rbi mie\u02b9ldd vue\u02b9\u01ef\u01ef valm\u0161tumm\u0161est. Pu\u00f5\u02b9ttivu\u00f5\u0111 va\u02b9\u01ef\u01eft\u00f5ss\u00e2n ha\u02b9\u014b\u01e9\u01e9\u00f5stu\u00e5immjummu\u017e ooud\u00e2sviikkmest lij paal\u01e5\u00e2skoo\u02b9ddi jii\u02b9jjez ha\u02b9\u014b\u01e9\u01e9\u00f5stu\u00e5immjummu\u017e aal\u01e5tummu\u0161. P\u00e4\u00e4ikla\u017e taarbin vu\u00f5\u02b9l\u01e7\u01e7i ha\u02b9\u014b\u01e9\u01e9\u00f5\u00f5zz va\u02b9stte\u02b9\u010de pue\u02b9rm\u00f5s vue\u02b9jjest samai t\u00e4\u00e4\u02b9r\u01e9eld ju\u00f5\u02b9\u01e9\u01e9 vuu\u02b9d \u00e4\u00e4i\u02b9jpoddsa\u017e taarbid. Paal\u01e5\u00e2skoo\u02b9ddin jie t\u00e4ujja le\u00e4kku ri\u02b9jttjeei resuurs h\u00e5iddad ha\u02b9\u014b\u01e9\u01e9\u00f5\u00f5zz vaald\u0161mummu\u017e, le\u0161a potentiaal\u02bcla\u017e ha\u02b9\u014b\u01e9\u01e9\u00f5splaani raajji da ha\u02b9\u014b\u01e9\u01e9\u00f5\u00f5zz j\u00e5\u00e5\u02b9\u0111teei k\u00e4unn\u02bcje ju\u00f5\u02b9\u01e9\u01e9 paal\u01e5\u00e2sk\u00e5\u00e5\u02b9ddest. Ha\u02b9\u014b\u01e9\u01e9\u00f5\u00f5zz vaald\u0161ee\u02b9jen su\u00e5pp pu\u00e2rast mii-ne jee\u02b9res p\u00e4\u00e4ikla\u017e tu\u00e5immjeei, ouddmi\u00e2rkk\u00e2n k\u00e5\u02b9dd. N\u00e4kam ha\u02b9\u014b\u01e9\u01e9\u00f5s \u010d\u00f5\u00f5\u0111te\u02b9\u010di pu\u00e2rast \u0161e EU \u00f5\u00f5ld\u00e2svu\u00f5ttvu\u00e2\u0111\u0111jurddi.<\/p>\n","protected":false},"excerpt":{"rendered":"<p>Paal\u01e5\u00e2skoo\u02b9ddi \u00f5htt\u00f5\u00f5zz ha\u02b9\u014b\u01e9\u01e9\u00f5\u00f5zz Paal\u01e5\u00e2skoo\u02b9ddi \u00f5htt\u00f5s alttii ooud\u00e2sviikk\u00e2mha\u02b9\u014b\u01e9\u01e9\u00f5stu\u00e5immjummu\u017e ee\u02b9jj 1999. Ii\u02b9jji mie\u02b9ldd ha\u02b9\u014b\u01e9\u01e9\u00f5stu\u00e5immjummu\u017e \u00e5\u00e5\u02b9ble\u01e9 lij vaajt\u00f5\u00f5ll\u00e2m. Alggii\u02b9jjin vii\u01e5\u01e5iim \u010d\u00f5\u00f5\u0111 pu\u00e4\u0292\u0292ha\u02b9\u014b\u01e9\u01e9\u00f5\u00f5zzid ji\u00f5\u010d\u010d\u00e2nji. M\u00e2\u014b\u014ba tu\u00e5immjumm\u0161a pu\u00e4\u02b9tte \u00f5httsa\u017etu\u00e2jjkuei\u02b9mmen mie\u02b9ldd jee\u02b9res vue\u02b9sspe\u00e4\u02b9l, m\u00e2\u02b9te m\u00e4ttstroi\u02b9ttel da k\u00e5\u00e5\u02b9dd, v\u00e4\u00e4\u02b9ldee\u02b9l m\u00e5ttmid ha\u02b9\u014b\u01e9\u01e9\u00f5\u00f5zzid vaald\u0161emnalla. M\u00f5\u00f5nni ii\u02b9jjin le\u00e4\u02b9p \u010di\u014blm\u00f5\u00f5vv\u00e2m pu\u00e4\u0292\u0292ha\u02b9\u014b\u01e9\u01e9\u00f5stu\u00e5immjummu\u017e vi\u00f5kk\u0161\u00f5s plaanumm\u0161a, koordin\u00e2\u02b9sttma da ha\u02b9\u014b\u01e9\u01e9\u00f5ste\u00e4ggt\u00f5\u00f5zz ooccmest ve\u00e4\u02b9\u01e9\u01e9tumm\u0161a. Ha\u02b9\u014b\u01e9\u01e9\u00f5\u00f5zz lie v\u00e4\u02b9lddvue\u02b9zzest vikkum \u010d\u00f5\u00f5\u0111 jee\u02b9res organisaatio vaald\u0161em [&hellip;]<\/p>\n","protected":false},"author":1,"featured_media":0,"parent":193,"menu_order":1,"comment_status":"open","ping_status":"closed","template":"","meta":{"footnotes":""},"class_list":["post-450","page","type-page","status-publish","hentry"],"aioseo_notices":[],"_links":{"self":[{"href":"https:\/\/paliskunnat.fi\/poh\/wp-json\/wp\/v2\/pages\/450","targetHints":{"allow":["GET"]}}],"collection":[{"href":"https:\/\/paliskunnat.fi\/poh\/wp-json\/wp\/v2\/pages"}],"about":[{"href":"https:\/\/paliskunnat.fi\/poh\/wp-json\/wp\/v2\/types\/page"}],"author":[{"embeddable":true,"href":"https:\/\/paliskunnat.fi\/poh\/wp-json\/wp\/v2\/users\/1"}],"replies":[{"embeddable":true,"href":"https:\/\/paliskunnat.fi\/poh\/wp-json\/wp\/v2\/comments?post=450"}],"version-history":[{"count":2,"href":"https:\/\/paliskunnat.fi\/poh\/wp-json\/wp\/v2\/pages\/450\/revisions"}],"predecessor-version":[{"id":6661,"href":"https:\/\/paliskunnat.fi\/poh\/wp-json\/wp\/v2\/pages\/450\/revisions\/6661"}],"up":[{"embeddable":true,"href":"https:\/\/paliskunnat.fi\/poh\/wp-json\/wp\/v2\/pages\/193"}],"wp:attachment":[{"href":"https:\/\/paliskunnat.fi\/poh\/wp-json\/wp\/v2\/media?parent=450"}],"curies":[{"name":"wp","href":"https:\/\/api.w.org\/{rel}","templated":true}]}}