{"id":595,"date":"2014-11-05T14:54:35","date_gmt":"2014-11-05T12:54:35","guid":{"rendered":"http:\/\/80.69.171.23\/py\/?page_id=595"},"modified":"2022-02-13T11:49:58","modified_gmt":"2022-02-13T09:49:58","slug":"kuebzz","status":"publish","type":"page","link":"https:\/\/paliskunnat.fi\/poh\/puazzskaad\/nauddskaad\/kuebzz\/","title":{"rendered":"Kue\u02b9b\u01ef\u01ef"},"content":{"rendered":"<h2>Kue\u02b9b\u01ef\u01ef (Ursus arctos)<\/h2>\n<p>Kue\u02b9b\u01ef\u01ef k\u00e5\u02b9dd pu\u00f5ccuid obb pu\u00e4\u0292\u0292h\u00e5iddvuu\u02b9dest \u010d\u00f5\u00f5\u0111 ju\u00f5\u02b9\u01e9\u01e9 ekksa\u017e k\u00e5\u00e5ccam\u00e4\u00e4i\u02b9jes, le\u0161a takai je\u00e4\u02b9rab sk\u00e4\u00e4\u0111aid t\u00f5t tuejjad \u010di\u00f5kkrin \u01e9e\u00e2\u0111\u0111a da algg\u01e9ie\u02b9zzest. Kue\u02b9b\u01ef poorr\u00e2mliist\u00e2st lie ji\u00e2nnai vue\u02b9zz, ko kue\u02b9b\u01ef vue\u02b9\u01ef\u01efpoorr\u00e2m\u00e4i\u02b9\u01e7\u01e7 da pu\u00f5ccui kue\u02b9ddem\u00e4i\u02b9\u01e7\u01e7 lie se\u00e4mma ee\u02b9jjpoodd, vue\u02b9ss-\u01e9ie\u02b9ssmannust.<\/p>\n<p><a href=\"https:\/\/paliskunnat.fi\/poh\/wp-content\/uploads\/2022\/02\/brown-bear-pexels-rasmus-svinding.jpg\" rel=\"lightbox[595]\"><img loading=\"lazy\" decoding=\"async\" class=\"alignnone wp-image-6933\" src=\"https:\/\/paliskunnat.fi\/poh\/wp-content\/uploads\/2022\/02\/brown-bear-pexels-rasmus-svinding.jpg\" alt=\"Kue\u02b9b\u01ef\u01ef - karhu - Ursus arctos\" width=\"460\" height=\"305\" srcset=\"https:\/\/paliskunnat.fi\/poh\/wp-content\/uploads\/2022\/02\/brown-bear-pexels-rasmus-svinding.jpg 1200w, https:\/\/paliskunnat.fi\/poh\/wp-content\/uploads\/2022\/02\/brown-bear-pexels-rasmus-svinding-300x199.jpg 300w, https:\/\/paliskunnat.fi\/poh\/wp-content\/uploads\/2022\/02\/brown-bear-pexels-rasmus-svinding-1024x679.jpg 1024w, https:\/\/paliskunnat.fi\/poh\/wp-content\/uploads\/2022\/02\/brown-bear-pexels-rasmus-svinding-768x509.jpg 768w\" sizes=\"auto, (max-width: 460px) 100vw, 460px\" \/><\/a><\/p>\n<p>Kue\u02b9b\u01ef\u01ef p\u00e5\u00e5rr \u0161ill\u02bcjes t\u00e4ujja obbnes, k\u00e5\u00e5\u02b9tt vaikkat statistis\u00f5\u02b9sttum kue\u02b9b\u01ef\u01efsk\u00e4\u00e4\u0111ai me\u00e4rra. Kue\u02b9b\u01ef poorr\u00e2m pu\u00f5ccust, je\u00e4\u02b9rben \u01e9ie\u02b9ssvue\u02b9zzest, ij t\u00e4ujja ku\u00f5\u0111\u0111u ni mii kaunn\u00e2mnalla le\u02b9be sk\u00e4\u00e4\u0111\u0111an statistis\u00e2\u02b9sttemnalla. Kue\u02b9b\u01ef vaikkt\u00f5s pu\u00f5ccuid ku\u00e2sttai-i \u010di\u00f5lggsummsen vue\u02b9ssm\u00f5\u00f5nt\u00f5ss\u00e2n da jee\u02b9res pu\u00e4\u0292\u0292m\u00f5\u00f5nt\u00f5\u00f5zz \u00e5\u00e5\u02b9bl\u01e9est.<\/p>\n<p><!--more--><\/p>\n<h2>Kue\u02b9b\u01ef\u01efn\u00e4\u00e4\u02b9l h\u00e5iddamplaan<\/h2>\n<p>MMM 2\/2007 (<a href=\"http:\/\/mmm.fi\/documents\/1410837\/1516659\/Karhukannan+hoitosuunnitelma+2_2007\/00bc40c6-1801-451f-8915-d8801b8b1286\">PDF<\/a>\u00a01374 kt)<\/p>\n<p>&nbsp;<\/p>\n","protected":false},"excerpt":{"rendered":"<p>Kue\u02b9b\u01ef\u01ef (Ursus arctos) Kue\u02b9b\u01ef\u01ef k\u00e5\u02b9dd pu\u00f5ccuid obb pu\u00e4\u0292\u0292h\u00e5iddvuu\u02b9dest \u010d\u00f5\u00f5\u0111 ju\u00f5\u02b9\u01e9\u01e9 ekksa\u017e k\u00e5\u00e5ccam\u00e4\u00e4i\u02b9jes, le\u0161a takai je\u00e4\u02b9rab sk\u00e4\u00e4\u0111aid t\u00f5t tuejjad \u010di\u00f5kkrin \u01e9e\u00e2\u0111\u0111a da algg\u01e9ie\u02b9zzest. Kue\u02b9b\u01ef poorr\u00e2mliist\u00e2st lie ji\u00e2nnai vue\u02b9zz, ko kue\u02b9b\u01ef vue\u02b9\u01ef\u01efpoorr\u00e2m\u00e4i\u02b9\u01e7\u01e7 da pu\u00f5ccui kue\u02b9ddem\u00e4i\u02b9\u01e7\u01e7 lie se\u00e4mma ee\u02b9jjpoodd, vue\u02b9ss-\u01e9ie\u02b9ssmannust. Kue\u02b9b\u01ef\u01ef p\u00e5\u00e5rr \u0161ill\u02bcjes t\u00e4ujja obbnes, k\u00e5\u00e5\u02b9tt vaikkat statistis\u00f5\u02b9sttum kue\u02b9b\u01ef\u01efsk\u00e4\u00e4\u0111ai me\u00e4rra. Kue\u02b9b\u01ef poorr\u00e2m pu\u00f5ccust, je\u00e4\u02b9rben \u01e9ie\u02b9ssvue\u02b9zzest, ij t\u00e4ujja ku\u00f5\u0111\u0111u [&hellip;]<\/p>\n","protected":false},"author":1,"featured_media":0,"parent":578,"menu_order":3,"comment_status":"open","ping_status":"closed","template":"","meta":{"footnotes":""},"class_list":["post-595","page","type-page","status-publish","hentry"],"aioseo_notices":[],"_links":{"self":[{"href":"https:\/\/paliskunnat.fi\/poh\/wp-json\/wp\/v2\/pages\/595","targetHints":{"allow":["GET"]}}],"collection":[{"href":"https:\/\/paliskunnat.fi\/poh\/wp-json\/wp\/v2\/pages"}],"about":[{"href":"https:\/\/paliskunnat.fi\/poh\/wp-json\/wp\/v2\/types\/page"}],"author":[{"embeddable":true,"href":"https:\/\/paliskunnat.fi\/poh\/wp-json\/wp\/v2\/users\/1"}],"replies":[{"embeddable":true,"href":"https:\/\/paliskunnat.fi\/poh\/wp-json\/wp\/v2\/comments?post=595"}],"version-history":[{"count":4,"href":"https:\/\/paliskunnat.fi\/poh\/wp-json\/wp\/v2\/pages\/595\/revisions"}],"predecessor-version":[{"id":6934,"href":"https:\/\/paliskunnat.fi\/poh\/wp-json\/wp\/v2\/pages\/595\/revisions\/6934"}],"up":[{"embeddable":true,"href":"https:\/\/paliskunnat.fi\/poh\/wp-json\/wp\/v2\/pages\/578"}],"wp:attachment":[{"href":"https:\/\/paliskunnat.fi\/poh\/wp-json\/wp\/v2\/media?parent=595"}],"curies":[{"name":"wp","href":"https:\/\/api.w.org\/{rel}","templated":true}]}}