{"id":825,"date":"2014-11-12T13:37:17","date_gmt":"2014-11-12T11:37:17","guid":{"rendered":"http:\/\/80.69.171.23\/py\/?page_id=825"},"modified":"2023-12-28T12:14:40","modified_gmt":"2023-12-28T10:14:40","slug":"puazzpaart_sooddeen","status":"publish","type":"page","link":"https:\/\/paliskunnat.fi\/poh\/puazzskaad\/jaattlokskaad\/puazzpaart_sooddeen\/","title":{"rendered":"Pu\u00e4\u0292\u0292p\u00e4\u00e4\u02b9rt \u0161\u00f5\u00f5ddee\u02b9n"},"content":{"rendered":"<h2>Pu\u00e4\u0292\u0292sk\u00e4\u00e4\u0111 \u0161\u00f5\u00f5ddee\u02b9n tu\u00e5imme n\u00e4\u00e4i\u02b9t:<\/h2>\n<ul>\n<li><strong>C\u00f5\u00f5gg l\u00e2\u00e2ss-sk\u00e4\u00e4\u0111ai \u0161\u00f5ddm\u00f5\u00f5\u017e\u017e. Piij vaartemkoolm\u00f5\u00f5\u01e5\u01e5 \u010du\u00f5kku \u00f5\u00f5l vaarted je\u00e4rrsid.<\/strong><\/li>\n<li><strong>\u00c2\u00e2nn hu\u00f5l lamm\u0161\u00f5\u00f5vv\u00e2m oummi vu\u00f5ssvie\u02b9\u01e9\u01e9est da soi\u02b9tte t\u00e2\u02b9lles jie\u02b9ttk\u00f5\u00f5sk\u00f5\u02b9sse (112).<\/strong><\/li>\n<li><strong>K\u00e5\u00e5\u02b9dd lamm\u0161\u00f5\u00f5vv\u00e2m pu\u00f5ccu le\u02b9be soi\u02b9tte p\u00e4\u00e4i\u02b9\u01e9 \u00f5\u00f5l oummu, k\u00e5\u00e5\u02b9tt tuejjad t\u00f5n. <\/strong><\/li>\n<li><strong>I\u02b9lmmet jie\u02b9ttk\u00f5\u00f5sk\u00f5\u02b9sse (112) ju\u00f5\u02b9\u01e9\u01e9 vu\u00e2ra, j\u00f5s re\u00e4\u02b9bccj\u00e2\u00e2stak pu\u00f5ccu. H\u00e5\u02b9t pu\u00e4\u0292\u0292 ju\u00e4tk\u010di m\u00e4\u00e4\u02b9t\u01e9es, t\u00f5t lij vu\u00e2sti lamm\u0161\u00f5\u00f5vv\u00e2m. <\/strong><strong>JE\u00c4\u02b9L KUE\u02b9\u0110 JIE\u02b9LLI MU\u00d5KK\u0160\u00d5\u00d5VV\u00c2D!<\/strong><\/li>\n<li><strong>See\u02b9rd kroopp \u010du\u00e2\u01e5\u01e5asku\u00e2\u014b\u014bsa da mie\u02b9r\u01e9\u01e9e p\u00e4\u00e4i\u02b9\u01e9 nu\u02b9tt, \u0161to t\u00f5t ku\u00e2sttai pu\u00e2rast. Kroopp ij vu\u00e4\u01ef\u01ef v\u00e4\u02b9ldded mie\u02b9ldd. <\/strong><\/li>\n<li><strong>I\u02b9lmmet \u00e5\u00e5sktem\u00f5htt\u00f5ss\u00e2d, j\u00f5s p\u00e4\u00e4rtast lie \u0161\u00f5dd\u00e2m oouma\u017e- le\u02b9be j\u00e4llm\u00f5\u0161-sk\u00e4\u00e4\u0111.<\/strong><\/li>\n<\/ul>\n<p>Paal\u01e5\u00e2sk\u00e5\u00e5\u02b9dd <a href=\"https:\/\/paliskunnat.fi\/map\/\"><strong>Leaflet-kaart\u00e2st<\/strong><\/a>\u00a0(te\u00e4\u02b9ddel kaart, \u0161to vu\u00e4inak paal\u01e5\u00e2skoo\u02b9ddi n\u00f5\u00f5mid).<\/p>\n<p>&nbsp;<\/p>\n<p>&nbsp;<\/p>\n","protected":false},"excerpt":{"rendered":"<p>Pu\u00e4\u0292\u0292sk\u00e4\u00e4\u0111 \u0161\u00f5\u00f5ddee\u02b9n tu\u00e5imme n\u00e4\u00e4i\u02b9t: C\u00f5\u00f5gg l\u00e2\u00e2ss-sk\u00e4\u00e4\u0111ai \u0161\u00f5ddm\u00f5\u00f5\u017e\u017e. Piij vaartemkoolm\u00f5\u00f5\u01e5\u01e5 \u010du\u00f5kku \u00f5\u00f5l vaarted je\u00e4rrsid. \u00c2\u00e2nn hu\u00f5l lamm\u0161\u00f5\u00f5vv\u00e2m oummi vu\u00f5ssvie\u02b9\u01e9\u01e9est da soi\u02b9tte t\u00e2\u02b9lles jie\u02b9ttk\u00f5\u00f5sk\u00f5\u02b9sse (112). K\u00e5\u00e5\u02b9dd lamm\u0161\u00f5\u00f5vv\u00e2m pu\u00f5ccu le\u02b9be soi\u02b9tte p\u00e4\u00e4i\u02b9\u01e9 \u00f5\u00f5l oummu, k\u00e5\u00e5\u02b9tt tuejjad t\u00f5n. I\u02b9lmmet jie\u02b9ttk\u00f5\u00f5sk\u00f5\u02b9sse (112) ju\u00f5\u02b9\u01e9\u01e9 vu\u00e2ra, j\u00f5s re\u00e4\u02b9bccj\u00e2\u00e2stak pu\u00f5ccu. H\u00e5\u02b9t pu\u00e4\u0292\u0292 ju\u00e4tk\u010di m\u00e4\u00e4\u02b9t\u01e9es, t\u00f5t lij vu\u00e2sti lamm\u0161\u00f5\u00f5vv\u00e2m. JE\u00c4\u02b9L KUE\u02b9\u0110 JIE\u02b9LLI MU\u00d5KK\u0160\u00d5\u00d5VV\u00c2D! See\u02b9rd [&hellip;]<\/p>\n","protected":false},"author":1,"featured_media":0,"parent":774,"menu_order":1,"comment_status":"open","ping_status":"closed","template":"","meta":{"footnotes":""},"class_list":["post-825","page","type-page","status-publish","hentry"],"aioseo_notices":[],"_links":{"self":[{"href":"https:\/\/paliskunnat.fi\/poh\/wp-json\/wp\/v2\/pages\/825","targetHints":{"allow":["GET"]}}],"collection":[{"href":"https:\/\/paliskunnat.fi\/poh\/wp-json\/wp\/v2\/pages"}],"about":[{"href":"https:\/\/paliskunnat.fi\/poh\/wp-json\/wp\/v2\/types\/page"}],"author":[{"embeddable":true,"href":"https:\/\/paliskunnat.fi\/poh\/wp-json\/wp\/v2\/users\/1"}],"replies":[{"embeddable":true,"href":"https:\/\/paliskunnat.fi\/poh\/wp-json\/wp\/v2\/comments?post=825"}],"version-history":[{"count":3,"href":"https:\/\/paliskunnat.fi\/poh\/wp-json\/wp\/v2\/pages\/825\/revisions"}],"predecessor-version":[{"id":7112,"href":"https:\/\/paliskunnat.fi\/poh\/wp-json\/wp\/v2\/pages\/825\/revisions\/7112"}],"up":[{"embeddable":true,"href":"https:\/\/paliskunnat.fi\/poh\/wp-json\/wp\/v2\/pages\/774"}],"wp:attachment":[{"href":"https:\/\/paliskunnat.fi\/poh\/wp-json\/wp\/v2\/media?parent=825"}],"curies":[{"name":"wp","href":"https:\/\/api.w.org\/{rel}","templated":true}]}}