{"id":863,"date":"2014-11-12T15:18:31","date_gmt":"2014-11-12T13:18:31","guid":{"rendered":"http:\/\/80.69.171.23\/py\/?page_id=863"},"modified":"2020-03-19T14:48:42","modified_gmt":"2020-03-19T12:48:42","slug":"piannaiskaad","status":"publish","type":"page","link":"https:\/\/paliskunnat.fi\/poh\/puazzskaad\/piannaiskaad\/","title":{"rendered":"Pi\u00e2nnaisk\u00e4\u00e4\u0111"},"content":{"rendered":"<h2>Pi\u00e2nnaisk\u00e4\u00e4\u0111<\/h2>\n<p>Pu\u00e4\u0292\u0292h\u00e5iddvu\u02b9vdd lij \u00f5htt L\u00e4\u00e4\u02b9ddj\u00e2nnam mi\u00f5llsummuz maatk\u010dem- da me\u00e4ccjemvuu\u02b9din. Pi\u00e2nnaivu\u00e4\u02b9msteei \u00e2lgg v\u00e4\u02b9ldded lokku pu\u00f5ccui da pi\u00e2nn\u02bcji teivvma \u00f5httneei v\u00e4\u02b9\u01ef\u01efelvu\u00f5\u0111id di naa\u02b9lid d ij-tu\u00e5ivvum teivvmi da sk\u00e4\u00e4\u0111ai c\u00f5\u00f5gg\u00f5\u00f5ttma. \u0160i\u00f5\u01e5\u01e5 \u00f5httsa\u017etu\u00e2jain t\u00e2\u00e2\u02b9v lu\u00e2\u0111ast liikkummu\u0161 lij pukid vue\u02b9sspie\u02b9lid mi\u00f5llsa\u017e \u01e9i\u00f5\u010d\u010dl\u00e2sttm\u00f5\u0161. Pue\u02b9rm\u00f5s vue\u02b9\u01e9\u01e9 sk\u00e4\u00e4\u0111ai c\u00f5\u00f5gg\u00f5\u00f5ttma lij j\u00e4\u00e4\u02b9\u01e9\u01e9ted pi\u00e2nn\u02bcji \u01e9iddtu\u00f5\u02b9ll\u02bcjummu\u017e ku\u00f5skki l\u00e4\u00e4\u02b9jj\u0161i\u00f5ttummu\u017e. Vue\u02b9l\u01e7\u01e7ems\u00e2\u00e2\u02b9jjen lij, \u0161to pie\u02b9nne \u00f5\u02b9l\u01e7\u01e7e lee\u02b9d \u01e9idd. Pie\u02b9nne ij \u0161\u00e2t vu\u00e4\u01ef\u01ef \u00e2\u00e2\u02b9nned lu\u00f5v\u00e2s nuu\u02b9bb oummu vuu\u02b9dest m\u00e4ddvu\u00e4\u02b9msteei le\u02b9be me\u00e4ccjemvu\u00f5igg\u00e2dvu\u00f5\u0111 vaald\u0161eei l\u00e5\u00e5\u02b9vtaa. \u01e8iddtu\u00f5\u02b9ll\u02bcjem\u00e4i\u02b9\u01e7\u01e7en da l\u00e5\u00e5vla\u017e \u00e4i\u02b9\u01e7\u01e7en \u0161e me\u00e4ccjem\u0161\u00f5ddm\u00f5\u00f5\u017e\u017ein pi\u00e2nnaivu\u00e4\u02b9mstee\u02b9jest lij k\u00f5rr vastt\u00f5s pi\u00e2nn\u02bcje\u02b9stes.<\/p>\n<p><a href=\"https:\/\/paliskunnat.fi\/py\/wp-content\/uploads\/2014\/11\/koira-ja-poro.jpg\" rel=\"lightbox[863]\"><img loading=\"lazy\" decoding=\"async\" class=\"alignnone wp-image-1781\" src=\"https:\/\/paliskunnat.fi\/py\/wp-content\/uploads\/2014\/11\/koira-ja-poro.jpg\" alt=\"\" width=\"500\" height=\"352\" srcset=\"https:\/\/paliskunnat.fi\/poh\/wp-content\/uploads\/2014\/11\/koira-ja-poro.jpg 532w, https:\/\/paliskunnat.fi\/poh\/wp-content\/uploads\/2014\/11\/koira-ja-poro-300x211.jpg 300w\" sizes=\"auto, (max-width: 500px) 100vw, 500px\" \/><\/a><\/p>\n<p>Pi\u00e2nn\u02bcji pu\u00f5ccuid da pu\u00e4\u0292\u0292h\u00e5iddamtu\u00e2jaid tuejj\u00e4\u00e4m sk\u00e4\u00e4\u0111 da stamld\u00f5\u00f5zz lie l\u00e2ssnam mi\u00e2rkkteeinalla m\u00f5\u00f5nni ii\u02b9jjin. Takai \u0161oorab v\u00e4\u02b9\u01ef\u01efelvu\u00f5\u0111id lij tuejj\u00e4\u00e4m t\u00e4ujjnam m\u00e4\u00e4\u014bg me\u00e4ccjempie\u02b9nne se\u00e4mma \u00e4iggsa\u017e \u00e2\u00e2nnm\u00f5\u0161. \u0160e jee\u02b9res pie\u02b9nne ko me\u00e4ccjempie\u02b9nne tuejjee t\u00e4ujja pu\u00e4\u0292\u0292sk\u00e4\u00e4\u0111aid, j\u00f5s t\u00f5id je\u00e4\u02b9t vaalv.<\/p>\n<p>Pie\u02b9nne k\u00e5\u02b9dde pu\u00f5ccuid \u01e9e\u00e2\u0161kee\u02b9l t\u00f5id ji\u00f5ggte\u02b9mmen le\u02b9be p\u00e4\u02b9rttee t\u00f5id \u01e9e\u00e2\u0161kee\u02b9l le\u02b9be vuejtee\u02b9l pu\u00f5ccuid nu\u02b9tt, \u0161to pu\u00f5ccu \u00e2lgg k\u00e5\u02b9dded. Pi\u00e2nn\u02bcji di\u00f5tt pu\u00f5ccu hi\u00e2vvne da p\u00e4\u02b9cce aauti vu\u00e2lla \u0161e, ko t\u00f5k ouddmi\u00e2rkk\u00e2n vuejte pu\u00f5ccuid j\u00e5\u00e5ttl\u00f5\u00f5\u01e5\u01e5 se\u00e4kka le\u02b9be r\u00e2\u00e2\u02b9\u017e\u017ees ji\u00f5\u014bi \u00f5\u00f5l. Jee\u02b9res samai takai sk\u00e4\u00e4\u0111 lie pu\u00f5ccui vuejtummu\u0161 \u00e4\u00e4idi \u010d\u00f5\u00f5\u0111, \u010di\u00f5kkri pi\u00f5\u02b9d\u01e7\u01e7ummu\u0161 di pu\u00e4\u0292\u0292paai\u02b9\u01e9i \u00e2\u00e2nnm\u00f5\u00f5\u017e\u017e da pu\u00e4\u0292\u0292h\u00e5iddtu\u00e2jai he\u00e4rr\u0161\u00f5\u00f5vvm\u00f5\u0161 le\u02b9be c\u00f5ggnummu\u0161. L\u00e4\u00e4\u02b9jj\u0161i\u00f5ttummu\u017e pi\u00e2nn\u02bcjid ku\u00f5skki paragraafid lij \u0161i\u00f5\u01e5\u01e5 tobdd\u00e2d pu\u00e4\u0292\u0292h\u00e5iddvuu\u02b9dest liikkee\u02b9n.<\/p>\n<p>Vue\u02b9l\u01e7\u01e7ems\u00e2\u00e2\u02b9jjen lij, \u0161to pi\u00e2nn\u02bcjid ij vu\u00e4\u01ef\u01ef tu\u00f5\u02b9ll\u02bcjed lu\u00f5v\u00e2s: <a href=\"http:\/\/www.finlex.fi\/fi\/laki\/ajantasa\/1993\/19930615#P53\"><strong>Me\u00e4ccjeml\u00e4\u00e4\u02b9jj 53 \u00a7<\/strong><\/a> mie\u02b9ldd pi\u00e2nnai ij vu\u00e4\u01ef\u01ef lee\u02b9d lu\u00f5v\u00e2s nuu\u02b9bb oummu vuu\u02b9dest m\u00e4ddvu\u00e4\u02b9msteei le\u02b9be me\u00e4ccjemvu\u00f5igg\u00e2dvu\u00f5\u0111 vaald\u0161eei l\u00e5\u00e5\u02b9vtaa. Takai \u01e9iddtu\u00f5\u02b9ll\u02bcjem\u00f5\u00f5l\u01e5t\u00f5\u00f5zz l\u00e2\u00e2\u02b9ssen me\u00e4ccjeml\u00e4\u00e4\u02b9jj \u0161i\u00f5tt\u00e4\u00e4m pi\u00e2nn\u02bcji \u01e9iddtu\u00f5\u02b9ll\u02bcjem\u00e4i\u02b9\u01e7\u01e7 lij 1.3.\u201319.8. T\u00e4n \u00e4i\u02b9\u01e7\u01e7en me\u00e4ccjempie\u02b9nne \u00e2lgg \u0161e tu\u00f5\u02b9ll\u02bcjed \u01e9idd le\u02b9be nu\u02b9tt, \u0161to t\u00f5n vu\u00e4\u01ef\u01ef t\u00e2\u02b9lles \u01e9idd.<\/p>\n<p><a href=\"https:\/\/www.finlex.fi\/fi\/laki\/ajantasa\/1990\/19900848#P42\"><strong>Pu\u00e4\u0292\u0292h\u00e5iddl\u00e4\u00e4\u02b9jj 42 \u00a7:s<\/strong><\/a><strong><u>t<\/u><\/strong>\u00a0\u0161i\u00f5tteet pu\u00f5ccui p\u00f5\u00f5lt\u00f5\u00f5llm\u00f5\u00f5\u017e\u017e c\u00f5gg\u00f5\u00f5ttmest. Pu\u00f5ccui p\u00f5\u00f5lt\u00f5\u00f5llm\u00f5\u0161 lij \u01e9i\u00f5lddum. P\u00f5\u00f5lt\u00f5\u00f5llmest pu\u00e4\u0292\u0292vu\u00e4\u02b9msteeja le\u02b9be paal\u01e5\u00e2sk\u00e5dda \u0161\u00f5dd\u00e2m sk\u00e4\u00e4\u0111 da h\u00e4\u00e4i\u02b9t \u00e2lgg ko\u02b9rvveed. Me\u00e4ccjeml\u00e4\u00e4\u02b9jj j\u00e4\u00e4\u02b9\u01e9\u01e9tummu\u017e vu\u00e5ppai ve\u02b9r\u01e7\u01e7ne\u01e9 di pu\u00e4\u0292\u0292vu\u00e4\u02b9msteei da pu\u00e4\u0292\u0292\u01e9i\u00f5\u010d\u010di vu\u00e4\u01ef\u01efa jii\u02b9jjes paal\u01e5\u00e2sk\u00e5\u00e5\u02b9ddes vuu\u02b9dest k\u00e5\u02b9dded pie\u02b9nne, m\u00e2\u02b9st ij le\u00e4kku ee\u02b9\u017e\u017eed da k\u00e5\u00e5\u02b9tt pi\u00e2nn\u02bcji \u01e9iddtu\u00f5\u02b9ll\u02bcjem\u00e4i\u02b9\u01e7\u01e7en vuei\u02b9net vuejjte\u02b9mmen pu\u00f5ccuid t\u00f5i ku\u00e4ivvam- le\u02b9be palgg\u00e2mj\u00e2nnmest le\u02b9be koon jee\u02b9res \u00e4i\u02b9\u01e7\u01e7en vuei\u02b9net \u01e9e\u00e2\u0161ke\u02b9mmen t\u00f5n vuejtam pu\u00f5ccu. Pie\u02b9nne ij kuuit\u00e2\u01e5 vu\u00e4\u01ef\u01ef k\u00e5\u02b9dded, j\u00f5s t\u00f5n vu\u00e4\u01ef\u01efat \u01e9idd le\u02b9be sk\u00e4\u00e4\u0111 vuei\u02b9tet mu\u0111oi c\u00f5gg\u00e2d. \u01e8iddv\u00e4\u02b9lddmest le\u02b9be k\u00e5\u02b9ddmest \u00e2lgg t\u00e2\u02b9lles i\u02b9lmmted p\u00e5\u00e5\u02b9lsa. (PHL 42.2 \u00a7.)<\/p>\n<p>Pu\u00e4\u0292\u0292sk\u00e4\u00e4\u0111ai riskk \u0161\u00e2dd m\u00e4\u00e4\u014bg\u01e9e\u00e2rddsen, j\u00f5s p\u00e5\u00e5\u0111ai lie se\u00e4mma \u00e4\u00e4i\u02b9j kue\u02b9htt le\u02b9be j\u00e4\u00e4nab pie\u02b9nne. Pu\u00e4\u0292\u0292h\u00e5iddvuu\u02b9dest me\u00e4ccjee\u02b9n sk\u00e4\u00e4\u0111\u0111riisk minim\u00e2\u00e2\u02b9stet tu\u00f5\u02b9ll\u02bcjee\u02b9l p\u00e5\u00e5\u0111ai t\u00e5\u02b9l\u01e9 \u00f5\u00f5ut pie\u02b9nne, k\u00e5\u00e5\u02b9tt lij vaald\u0161mest da pu\u00f5ccuin lu\u00f5v\u00e2s. Pu\u00f5ccuid vuejteei le\u02b9be pu\u00f5ccu p\u00e4\u02b9rtt\u00e4\u00e4m pie\u02b9nne ij \u00f5\u00f5l\u01e5\u010di ni ku\u00e4\u02b9ss lue\u02b9\u0161tted nuu\u02b9bb vu\u00e2ra lu\u00f5v\u00e2s pu\u00e4\u0292\u0292h\u00e5iddvuu\u02b9dest. Me\u00e4ccjed ij \u00f5\u00f5l\u01e5 pu\u00e4\u0292\u0292tu\u00e2jai pe\u00e4\u02b9lest k\u00f5skksa\u017e vuu\u02b9din, ko pu\u00e4\u0292\u0292tu\u00e2j lie j\u00e5\u00e5\u02b9ttmen. T\u00e4n vue\u02b9zzest te\u00e2tt j\u00e5\u00e5tt pue\u02b9rm\u00f5s\u00e2n, ko pi\u00e2nn\u02bcjin vuu\u02b9dest liikkeei i\u02b9lmmte liikkumm\u0161e\u02b9stes paal\u01e5\u00e2skoo\u02b9ddi pu\u00e4\u0292\u0292ee\u02b9\u017e\u017eiid. Paal\u01e5\u00e2skoo\u02b9ddi \u01e9iidd\u00f5s \u00e4iddvuu\u02b9did pie\u02b9nne ij \u00f5\u00f5l\u01e5 viikk\u00e2d ni voo\u02b9ps. Pu\u00f5ccui noorrm\u00f5\u0161 lij j\u00f5nn tu\u00e2jj da pu\u00f5ccuid tu\u00f5\u02b9ll\u02bcjet oudd\u00e2l pikal\u00f5saiddu piijjm\u00f5\u00f5\u017e\u017e noorr\u00e2mvuu\u02b9din pikal\u00f5s\u00e4\u00e4idai \u00f5\u00f5ld\u00e2svu\u00f5\u0111\u00e2st vu\u00e4\u02b9ni\u01e9 \u00e4\u00e4i\u02b9jid, ku\u00e4\u02b9ss lij v\u00e4\u00e4\u017enai, \u0161to pu\u00f5ccuid je\u00e4\u02b9t staamm\u00e2ld. \u00c4\u00e4i\u02b9jt\u00e4ss\u02bcsa\u017e te\u00e2\u0111 pu\u00e4\u0292\u0292tu\u00e2jain vu\u00e4\u01ef\u01ef paal\u01e5\u00e2sk\u00e5\u00e5\u02b9ddest. Me\u00e4\u02b9cchallt\u00f5s \u0161e ju\u00e2kk paal\u01e5\u00e2skoo\u02b9ddi \u00f5httvu\u00f5tt-te\u00e2\u0111aid me\u00e4ccjee\u02b9jid loo\u02b9vi mi\u00f5tt\u00e2m \u00f5httvu\u00f5\u0111\u00e2st. Pu\u00e4\u0292\u0292tu\u00e2j \u00e4\u02b9l\u01e7\u01e7e \u010d\u00f5h\u010d\u010dmannu pie\u02b9llr\u00e4\u00e4\u02b9j m\u00e2\u014b\u014ba da ju\u00e4tkkje ee\u02b9jj lo\u02b9ppe, koon-ne paai\u02b9\u01e9in \u01e9i\u0111\u0111t\u00e4\u00e4\u02b9lv poodd \u0161e. \u00c4\u00e4i\u02b9jt\u00e4ss\u02bcsa\u017e te\u00e2\u0111 j\u00e5\u00e5\u02b9ttmen \u00e5\u00e5rrai tu\u00e2jain vu\u00e4\u01ef\u01ef pal\u01e5\u00e2skoo\u02b9ddi pu\u00e4\u0292\u0292ee\u02b9\u017e\u017eiin. M\u00e5ttmin paal\u01e5\u00e2skoo\u02b9ddin lij \u00e2\u00e2\u02b9nnmest pu\u00e4\u0292\u0292tu\u00e2jain i\u02b9lmmteei k\u00e4\u00e4zzk\u00f5s <a href=\"http:\/\/www.porotyot.fi\/\"><strong>www.porotyot.fi<\/strong><\/a>. Sn\u00e4\u00e4tnaivu\u00f5\u0111 di\u00f5tt kannat kuuit\u00e2\u01e5 lee\u02b9d \u00f5httvu\u00f5\u0111\u00e2st paal\u01e5\u00e2sk\u00e5dda oudd\u00e2l me\u00e4cca vu\u00e2lggm\u00f5\u00f5\u017e\u017e.<\/p>\n<p>J\u00e4\u00e4nm\u00f5s\u00e2n pi\u00e2nn\u02bcji di\u00f5tt \u0161\u00f5dd\u00e2m sk\u00e4\u00e4\u0111 \u0161\u00e2\u02b9dde \u010d\u00f5\u00f5u\u010di da taa\u02b9lvi. \u010c\u00f5\u00f5u\u010d me\u00e4ccjemp\u00e2\u00e2\u02b9j \u00e4\u00e4i\u02b9j lij \u0161e k\u00f5rrsum\u00f5s tu\u00e2jj\u00e4i\u02b9\u01e7\u01e7. J\u00f5nn vue\u02b9zz sk\u00e4\u00e4\u0111ain vu\u00e4itt c\u00f5gg\u00e2d, ko tu\u00e5immai t\u00e4\u00e4\u02b9r\u01e9e\u02b9ld pi\u00e2nn\u02bcjivui\u02b9m da kommunik\u00e2stt pu\u00e2rast da tu\u00e5immai \u00f5httsa\u017etu\u00e2jast vuu\u02b9d paal\u01e5\u00e2skoo\u02b9ddin. Ju\u00f5\u02b9\u01e9\u01e9 vu\u00e2ra ni te\u02b9l, h\u00e5\u02b9t tu\u00e5immai t\u00e4\u00e4\u02b9r\u01e9e\u02b9ld, ij sk\u00e4\u00e4\u0111aid vuei\u02b9t ve\u00e4\u02b9ltted. Pi\u00e2nn\u02bcjin liikkee\u02b9jest lij-i pue\u02b9rr tie\u02b9tted, m\u00e4\u02b9htt tu\u00e5immad, j\u00f5s sk\u00e4\u00e4\u0111\u0111 \u0161\u00e2dd.<\/p>\n<p>&nbsp;<\/p>\n<p><!--more--><\/p>\n<h2><strong>Te\u00e2tt pu\u00e4\u0292\u0292tu\u00e2jain<\/strong><\/h2>\n<p><a href=\"http:\/\/www.porotyot.fi\/\"><strong>www.porotyot.fi<\/strong><\/a>\u00a0-k\u00e4\u00e4zzk\u00f5s ta\u02b9rjjad me\u00e4ccjemp\u00e2\u00e2\u02b9j poodd me\u00e4ccjee\u02b9jid \u00e4\u00e4i\u02b9jt\u00e4ss\u02bcsa\u017e te\u00e2\u0111 j\u00e5\u00e5\u02b9ttmen \u00e5\u00e5rrai pu\u00e4\u0292\u0292tu\u00e2jain. Te\u00e2tt lij ta\u02b9rjjeemnalla t\u00e5\u02b9l\u01e9 k\u00e4\u00e4zzk\u00f5\u00f5zz\u00e2st mie\u02b9ldd \u00e5\u00e5rrai paal\u01e5\u00e2skoo\u02b9ddin (pu\u00e4tkkaicertld\u00f5\u00f5\u01e5\u01e5 reu\u02b9nn\u02bcjeei vuu\u02b9d). Jee\u02b9res paal\u01e5\u00e2skoo\u02b9ddi vue\u02b9zzest te\u00e2\u0111 vu\u00e4\u01ef\u01ef soi\u02b9ttjee\u02b9l <a href=\"http:\/\/paliskunnat.fi\/py\/organisaatio\/yhteystiedot\/paliskunnat\/\"><strong>pu\u00e4\u0292\u0292ee\u02b9\u017e\u017e\u00e4\u00e4<\/strong><\/a>.<\/p>\n<p>&nbsp;<\/p>\n<p>&nbsp;<\/p>\n","protected":false},"excerpt":{"rendered":"<p>Pi\u00e2nnaisk\u00e4\u00e4\u0111 Pu\u00e4\u0292\u0292h\u00e5iddvu\u02b9vdd lij \u00f5htt L\u00e4\u00e4\u02b9ddj\u00e2nnam mi\u00f5llsummuz maatk\u010dem- da me\u00e4ccjemvuu\u02b9din. Pi\u00e2nnaivu\u00e4\u02b9msteei \u00e2lgg v\u00e4\u02b9ldded lokku pu\u00f5ccui da pi\u00e2nn\u02bcji teivvma \u00f5httneei v\u00e4\u02b9\u01ef\u01efelvu\u00f5\u0111id di naa\u02b9lid d ij-tu\u00e5ivvum teivvmi da sk\u00e4\u00e4\u0111ai c\u00f5\u00f5gg\u00f5\u00f5ttma. \u0160i\u00f5\u01e5\u01e5 \u00f5httsa\u017etu\u00e2jain t\u00e2\u00e2\u02b9v lu\u00e2\u0111ast liikkummu\u0161 lij pukid vue\u02b9sspie\u02b9lid mi\u00f5llsa\u017e \u01e9i\u00f5\u010d\u010dl\u00e2sttm\u00f5\u0161. Pue\u02b9rm\u00f5s vue\u02b9\u01e9\u01e9 sk\u00e4\u00e4\u0111ai c\u00f5\u00f5gg\u00f5\u00f5ttma lij j\u00e4\u00e4\u02b9\u01e9\u01e9ted pi\u00e2nn\u02bcji \u01e9iddtu\u00f5\u02b9ll\u02bcjummu\u017e ku\u00f5skki l\u00e4\u00e4\u02b9jj\u0161i\u00f5ttummu\u017e. Vue\u02b9l\u01e7\u01e7ems\u00e2\u00e2\u02b9jjen lij, \u0161to pie\u02b9nne \u00f5\u02b9l\u01e7\u01e7e lee\u02b9d \u01e9idd. Pie\u02b9nne [&hellip;]<\/p>\n","protected":false},"author":1,"featured_media":0,"parent":177,"menu_order":3,"comment_status":"open","ping_status":"closed","template":"","meta":{"footnotes":""},"class_list":["post-863","page","type-page","status-publish","hentry"],"aioseo_notices":[],"_links":{"self":[{"href":"https:\/\/paliskunnat.fi\/poh\/wp-json\/wp\/v2\/pages\/863","targetHints":{"allow":["GET"]}}],"collection":[{"href":"https:\/\/paliskunnat.fi\/poh\/wp-json\/wp\/v2\/pages"}],"about":[{"href":"https:\/\/paliskunnat.fi\/poh\/wp-json\/wp\/v2\/types\/page"}],"author":[{"embeddable":true,"href":"https:\/\/paliskunnat.fi\/poh\/wp-json\/wp\/v2\/users\/1"}],"replies":[{"embeddable":true,"href":"https:\/\/paliskunnat.fi\/poh\/wp-json\/wp\/v2\/comments?post=863"}],"version-history":[{"count":2,"href":"https:\/\/paliskunnat.fi\/poh\/wp-json\/wp\/v2\/pages\/863\/revisions"}],"predecessor-version":[{"id":6612,"href":"https:\/\/paliskunnat.fi\/poh\/wp-json\/wp\/v2\/pages\/863\/revisions\/6612"}],"up":[{"embeddable":true,"href":"https:\/\/paliskunnat.fi\/poh\/wp-json\/wp\/v2\/pages\/177"}],"wp:attachment":[{"href":"https:\/\/paliskunnat.fi\/poh\/wp-json\/wp\/v2\/media?parent=863"}],"curies":[{"name":"wp","href":"https:\/\/api.w.org\/{rel}","templated":true}]}}