{"id":108,"date":"2014-09-01T11:36:28","date_gmt":"2014-09-01T08:36:28","guid":{"rendered":"http:\/\/80.69.171.23\/poro\/?page_id=108"},"modified":"2017-03-25T23:01:07","modified_gmt":"2017-03-25T21:01:07","slug":"usein-kysyttya","status":"publish","type":"page","link":"https:\/\/paliskunnat.fi\/poro\/poro\/usein-kysyttya\/","title":{"rendered":"Usein kysytty\u00e4"},"content":{"rendered":"<h2>Usein kysytty\u00e4<\/h2>\n<p>Onko mieless\u00e4si jokin poroon liittyv\u00e4 kysymys, johon et l\u00f6yd\u00e4 vastausta? L\u00e4het\u00e4 kysymyksesi meille! Kokoamme t\u00e4nne poroihin ja porotalouteen liittyvi\u00e4 kysymyksi\u00e4 vastauksineen.<\/p>\n<p><a href=\"https:\/\/paliskunnat.fi\/poro\/wp-content\/uploads\/2014\/09\/usein_kysyttya_pieni.jpg\" rel=\"lightbox[108]\"><img loading=\"lazy\" decoding=\"async\" class=\"alignnone wp-image-2315\" src=\"https:\/\/paliskunnat.fi\/poro\/wp-content\/uploads\/2014\/09\/usein_kysyttya_pieni.jpg\" alt=\"Vasamerkint\u00e4 Sallivaarassa Hirvassalmen aidalla 2014. Mit\u00e4 mies kiikaroi?\" width=\"460\" height=\"291\" srcset=\"https:\/\/paliskunnat.fi\/poro\/wp-content\/uploads\/2014\/09\/usein_kysyttya_pieni.jpg 900w, https:\/\/paliskunnat.fi\/poro\/wp-content\/uploads\/2014\/09\/usein_kysyttya_pieni-300x190.jpg 300w\" sizes=\"auto, (max-width: 460px) 100vw, 460px\" \/><\/a><\/p>\n<p>Kuvassa esitettyyn kysymykseen voit l\u00f6yt\u00e4\u00e4 vastauksen toisaalta t\u00e4lt\u00e4 sivustolta.\u00a0Ehdota uusia kysymyksi\u00e4 vastattavaksi s\u00e4hk\u00f6postilla:\u00a0aarre.jortikka@paliskunnat.fi<\/p>\n<p>&nbsp;<\/p>\n<p>&nbsp;<\/p>\n","protected":false},"excerpt":{"rendered":"<p>Usein kysytty\u00e4 Onko mieless\u00e4si jokin poroon liittyv\u00e4 kysymys, johon et l\u00f6yd\u00e4 vastausta? L\u00e4het\u00e4 kysymyksesi meille! Kokoamme t\u00e4nne poroihin ja porotalouteen liittyvi\u00e4 kysymyksi\u00e4 vastauksineen. Kuvassa esitettyyn kysymykseen voit l\u00f6yt\u00e4\u00e4 vastauksen toisaalta t\u00e4lt\u00e4 sivustolta.\u00a0Ehdota uusia kysymyksi\u00e4 vastattavaksi s\u00e4hk\u00f6postilla:\u00a0aarre.jortikka@paliskunnat.fi &nbsp; &nbsp;<\/p>\n","protected":false},"author":1,"featured_media":0,"parent":2,"menu_order":5,"comment_status":"open","ping_status":"closed","template":"","meta":{"footnotes":""},"class_list":["post-108","page","type-page","status-publish","hentry"],"yoast_head":"<!-- This site is optimized with the Yoast SEO plugin v27.2 - https:\/\/yoast.com\/product\/yoast-seo-wordpress\/ -->\n<title>Usein kysytty\u00e4 - Poro ja poronhoito<\/title>\n<meta name=\"robots\" content=\"index, follow, max-snippet:-1, max-image-preview:large, max-video-preview:-1\" \/>\n<link rel=\"canonical\" href=\"https:\/\/paliskunnat.fi\/poro\/poro\/usein-kysyttya\/\" \/>\n<meta property=\"og:locale\" content=\"fi_FI\" \/>\n<meta property=\"og:type\" content=\"article\" \/>\n<meta property=\"og:title\" content=\"Usein kysytty\u00e4 - Poro ja poronhoito\" \/>\n<meta property=\"og:description\" content=\"Usein kysytty\u00e4 Onko mieless\u00e4si jokin poroon liittyv\u00e4 kysymys, johon et l\u00f6yd\u00e4 vastausta? L\u00e4het\u00e4 kysymyksesi meille! Kokoamme t\u00e4nne poroihin ja porotalouteen liittyvi\u00e4 kysymyksi\u00e4 vastauksineen. Kuvassa esitettyyn kysymykseen voit l\u00f6yt\u00e4\u00e4 vastauksen toisaalta t\u00e4lt\u00e4 sivustolta.\u00a0Ehdota uusia kysymyksi\u00e4 vastattavaksi s\u00e4hk\u00f6postilla:\u00a0aarre.jortikka@paliskunnat.fi &nbsp; &nbsp;\" \/>\n<meta property=\"og:url\" content=\"https:\/\/paliskunnat.fi\/poro\/poro\/usein-kysyttya\/\" \/>\n<meta property=\"og:site_name\" content=\"Poro ja poronhoito\" \/>\n<meta property=\"article:modified_time\" content=\"2017-03-25T21:01:07+00:00\" \/>\n<meta property=\"og:image\" content=\"https:\/\/paliskunnat.fi\/poro\/wp-content\/uploads\/2014\/09\/usein_kysyttya_pieni.jpg\" \/>\n<meta name=\"twitter:card\" content=\"summary_large_image\" \/>\n<script type=\"application\/ld+json\" class=\"yoast-schema-graph\">{\"@context\":\"https:\/\/schema.org\",\"@graph\":[{\"@type\":\"WebPage\",\"@id\":\"https:\/\/paliskunnat.fi\/poro\/poro\/usein-kysyttya\/\",\"url\":\"https:\/\/paliskunnat.fi\/poro\/poro\/usein-kysyttya\/\",\"name\":\"Usein kysytty\u00e4 - Poro ja poronhoito\",\"isPartOf\":{\"@id\":\"https:\/\/paliskunnat.fi\/poro\/#website\"},\"primaryImageOfPage\":{\"@id\":\"https:\/\/paliskunnat.fi\/poro\/poro\/usein-kysyttya\/#primaryimage\"},\"image\":{\"@id\":\"https:\/\/paliskunnat.fi\/poro\/poro\/usein-kysyttya\/#primaryimage\"},\"thumbnailUrl\":\"https:\/\/paliskunnat.fi\/poro\/wp-content\/uploads\/2014\/09\/usein_kysyttya_pieni.jpg\",\"datePublished\":\"2014-09-01T08:36:28+00:00\",\"dateModified\":\"2017-03-25T21:01:07+00:00\",\"breadcrumb\":{\"@id\":\"https:\/\/paliskunnat.fi\/poro\/poro\/usein-kysyttya\/#breadcrumb\"},\"inLanguage\":\"fi\",\"potentialAction\":[{\"@type\":\"ReadAction\",\"target\":[\"https:\/\/paliskunnat.fi\/poro\/poro\/usein-kysyttya\/\"]}]},{\"@type\":\"ImageObject\",\"inLanguage\":\"fi\",\"@id\":\"https:\/\/paliskunnat.fi\/poro\/poro\/usein-kysyttya\/#primaryimage\",\"url\":\"https:\/\/paliskunnat.fi\/poro\/wp-content\/uploads\/2014\/09\/usein_kysyttya_pieni.jpg\",\"contentUrl\":\"https:\/\/paliskunnat.fi\/poro\/wp-content\/uploads\/2014\/09\/usein_kysyttya_pieni.jpg\",\"width\":900,\"height\":570},{\"@type\":\"BreadcrumbList\",\"@id\":\"https:\/\/paliskunnat.fi\/poro\/poro\/usein-kysyttya\/#breadcrumb\",\"itemListElement\":[{\"@type\":\"ListItem\",\"position\":1,\"name\":\"Home\",\"item\":\"https:\/\/paliskunnat.fi\/poro\/\"},{\"@type\":\"ListItem\",\"position\":2,\"name\":\"Poro\",\"item\":\"https:\/\/paliskunnat.fi\/poro\/poro\/\"},{\"@type\":\"ListItem\",\"position\":3,\"name\":\"Usein kysytty\u00e4\"}]},{\"@type\":\"WebSite\",\"@id\":\"https:\/\/paliskunnat.fi\/poro\/#website\",\"url\":\"https:\/\/paliskunnat.fi\/poro\/\",\"name\":\"Poro ja poronhoito\",\"description\":\"Poro ja poronhoito Suomessa\",\"potentialAction\":[{\"@type\":\"SearchAction\",\"target\":{\"@type\":\"EntryPoint\",\"urlTemplate\":\"https:\/\/paliskunnat.fi\/poro\/?s={search_term_string}\"},\"query-input\":{\"@type\":\"PropertyValueSpecification\",\"valueRequired\":true,\"valueName\":\"search_term_string\"}}],\"inLanguage\":\"fi\"}]}<\/script>\n<!-- \/ Yoast SEO plugin. -->","yoast_head_json":{"title":"Usein kysytty\u00e4 - Poro ja poronhoito","robots":{"index":"index","follow":"follow","max-snippet":"max-snippet:-1","max-image-preview":"max-image-preview:large","max-video-preview":"max-video-preview:-1"},"canonical":"https:\/\/paliskunnat.fi\/poro\/poro\/usein-kysyttya\/","og_locale":"fi_FI","og_type":"article","og_title":"Usein kysytty\u00e4 - Poro ja poronhoito","og_description":"Usein kysytty\u00e4 Onko mieless\u00e4si jokin poroon liittyv\u00e4 kysymys, johon et l\u00f6yd\u00e4 vastausta? L\u00e4het\u00e4 kysymyksesi meille! Kokoamme t\u00e4nne poroihin ja porotalouteen liittyvi\u00e4 kysymyksi\u00e4 vastauksineen. Kuvassa esitettyyn kysymykseen voit l\u00f6yt\u00e4\u00e4 vastauksen toisaalta t\u00e4lt\u00e4 sivustolta.\u00a0Ehdota uusia kysymyksi\u00e4 vastattavaksi s\u00e4hk\u00f6postilla:\u00a0aarre.jortikka@paliskunnat.fi &nbsp; &nbsp;","og_url":"https:\/\/paliskunnat.fi\/poro\/poro\/usein-kysyttya\/","og_site_name":"Poro ja poronhoito","article_modified_time":"2017-03-25T21:01:07+00:00","og_image":[{"url":"https:\/\/paliskunnat.fi\/poro\/wp-content\/uploads\/2014\/09\/usein_kysyttya_pieni.jpg","type":"","width":"","height":""}],"twitter_card":"summary_large_image","schema":{"@context":"https:\/\/schema.org","@graph":[{"@type":"WebPage","@id":"https:\/\/paliskunnat.fi\/poro\/poro\/usein-kysyttya\/","url":"https:\/\/paliskunnat.fi\/poro\/poro\/usein-kysyttya\/","name":"Usein kysytty\u00e4 - Poro ja poronhoito","isPartOf":{"@id":"https:\/\/paliskunnat.fi\/poro\/#website"},"primaryImageOfPage":{"@id":"https:\/\/paliskunnat.fi\/poro\/poro\/usein-kysyttya\/#primaryimage"},"image":{"@id":"https:\/\/paliskunnat.fi\/poro\/poro\/usein-kysyttya\/#primaryimage"},"thumbnailUrl":"https:\/\/paliskunnat.fi\/poro\/wp-content\/uploads\/2014\/09\/usein_kysyttya_pieni.jpg","datePublished":"2014-09-01T08:36:28+00:00","dateModified":"2017-03-25T21:01:07+00:00","breadcrumb":{"@id":"https:\/\/paliskunnat.fi\/poro\/poro\/usein-kysyttya\/#breadcrumb"},"inLanguage":"fi","potentialAction":[{"@type":"ReadAction","target":["https:\/\/paliskunnat.fi\/poro\/poro\/usein-kysyttya\/"]}]},{"@type":"ImageObject","inLanguage":"fi","@id":"https:\/\/paliskunnat.fi\/poro\/poro\/usein-kysyttya\/#primaryimage","url":"https:\/\/paliskunnat.fi\/poro\/wp-content\/uploads\/2014\/09\/usein_kysyttya_pieni.jpg","contentUrl":"https:\/\/paliskunnat.fi\/poro\/wp-content\/uploads\/2014\/09\/usein_kysyttya_pieni.jpg","width":900,"height":570},{"@type":"BreadcrumbList","@id":"https:\/\/paliskunnat.fi\/poro\/poro\/usein-kysyttya\/#breadcrumb","itemListElement":[{"@type":"ListItem","position":1,"name":"Home","item":"https:\/\/paliskunnat.fi\/poro\/"},{"@type":"ListItem","position":2,"name":"Poro","item":"https:\/\/paliskunnat.fi\/poro\/poro\/"},{"@type":"ListItem","position":3,"name":"Usein kysytty\u00e4"}]},{"@type":"WebSite","@id":"https:\/\/paliskunnat.fi\/poro\/#website","url":"https:\/\/paliskunnat.fi\/poro\/","name":"Poro ja poronhoito","description":"Poro ja poronhoito Suomessa","potentialAction":[{"@type":"SearchAction","target":{"@type":"EntryPoint","urlTemplate":"https:\/\/paliskunnat.fi\/poro\/?s={search_term_string}"},"query-input":{"@type":"PropertyValueSpecification","valueRequired":true,"valueName":"search_term_string"}}],"inLanguage":"fi"}]}},"_links":{"self":[{"href":"https:\/\/paliskunnat.fi\/poro\/wp-json\/wp\/v2\/pages\/108","targetHints":{"allow":["GET"]}}],"collection":[{"href":"https:\/\/paliskunnat.fi\/poro\/wp-json\/wp\/v2\/pages"}],"about":[{"href":"https:\/\/paliskunnat.fi\/poro\/wp-json\/wp\/v2\/types\/page"}],"author":[{"embeddable":true,"href":"https:\/\/paliskunnat.fi\/poro\/wp-json\/wp\/v2\/users\/1"}],"replies":[{"embeddable":true,"href":"https:\/\/paliskunnat.fi\/poro\/wp-json\/wp\/v2\/comments?post=108"}],"version-history":[{"count":28,"href":"https:\/\/paliskunnat.fi\/poro\/wp-json\/wp\/v2\/pages\/108\/revisions"}],"predecessor-version":[{"id":3741,"href":"https:\/\/paliskunnat.fi\/poro\/wp-json\/wp\/v2\/pages\/108\/revisions\/3741"}],"up":[{"embeddable":true,"href":"https:\/\/paliskunnat.fi\/poro\/wp-json\/wp\/v2\/pages\/2"}],"wp:attachment":[{"href":"https:\/\/paliskunnat.fi\/poro\/wp-json\/wp\/v2\/media?parent=108"}],"curies":[{"name":"wp","href":"https:\/\/api.w.org\/{rel}","templated":true}]}}

Usein kysyttyä

<h2>Usein kysyttyä</h2>
<p>Onko mielessäsi jokin poroon liittyvä kysymys, johon et löydä vastausta? Lähetä kysymyksesi meille! Kokoamme tänne poroihin ja porotalouteen liittyviä kysymyksiä vastauksineen.</p>
<p><a href="https://paliskunnat.fi/poro/wp-content/uploads/2014/09/usein_kysyttya_pieni.jpg" rel="lightbox[108]"><img loading="lazy" decoding="async" class="alignnone wp-image-2315" src="https://paliskunnat.fi/poro/wp-content/uploads/2014/09/usein_kysyttya_pieni.jpg" alt="Vasamerkintä Sallivaarassa Hirvassalmen aidalla 2014. Mitä mies kiikaroi?" width="460" height="291" srcset="https://paliskunnat.fi/poro/wp-content/uploads/2014/09/usein_kysyttya_pieni.jpg 900w, https://paliskunnat.fi/poro/wp-content/uploads/2014/09/usein_kysyttya_pieni-300x190.jpg 300w" sizes="auto, (max-width: 460px) 100vw, 460px" /></a></p>
<p>Kuvassa esitettyyn kysymykseen voit löytää vastauksen toisaalta tältä sivustolta. Ehdota uusia kysymyksiä vastattavaksi sähköpostilla: aarre.jortikka@paliskunnat.fi</p>
<p>&nbsp;</p>
<p>&nbsp;</p>

<p>Usein kysyttyä Onko mielessäsi jokin poroon liittyvä kysymys, johon et löydä vastausta? Lähetä kysymyksesi meille! Kokoamme tänne poroihin ja porotalouteen liittyviä kysymyksiä vastauksineen. Kuvassa esitettyyn kysymykseen voit löytää vastauksen toisaalta tältä sivustolta. Ehdota uusia kysymyksiä vastattavaksi sähköpostilla: aarre.jortikka@paliskunnat.fi &nbsp; &nbsp;</p>

<!-- This site is optimized with the Yoast SEO plugin v27.2 - https://yoast.com/product/yoast-seo-wordpress/ -->
<title>Usein kysyttyä - Poro ja poronhoito</title>
<meta name="robots" content="index, follow, max-snippet:-1, max-image-preview:large, max-video-preview:-1" />
<link rel="canonical" href="https://paliskunnat.fi/poro/poro/usein-kysyttya/" />
<meta property="og:locale" content="fi_FI" />
<meta property="og:type" content="article" />
<meta property="og:title" content="Usein kysyttyä - Poro ja poronhoito" />
<meta property="og:description" content="Usein kysyttyä Onko mielessäsi jokin poroon liittyvä kysymys, johon et löydä vastausta? Lähetä kysymyksesi meille! Kokoamme tänne poroihin ja porotalouteen liittyviä kysymyksiä vastauksineen. Kuvassa esitettyyn kysymykseen voit löytää vastauksen toisaalta tältä sivustolta. Ehdota uusia kysymyksiä vastattavaksi sähköpostilla: aarre.jortikka@paliskunnat.fi &nbsp; &nbsp;" />
<meta property="og:url" content="https://paliskunnat.fi/poro/poro/usein-kysyttya/" />
<meta property="og:site_name" content="Poro ja poronhoito" />
<meta property="article:modified_time" content="2017-03-25T21:01:07+00:00" />
<meta property="og:image" content="https://paliskunnat.fi/poro/wp-content/uploads/2014/09/usein_kysyttya_pieni.jpg" />
<meta name="twitter:card" content="summary_large_image" />
<script type="application/ld+json" class="yoast-schema-graph">{"@context":"https://schema.org","@graph":[{"@type":"WebPage","@id":"https://paliskunnat.fi/poro/poro/usein-kysyttya/","url":"https://paliskunnat.fi/poro/poro/usein-kysyttya/","name":"Usein kysyttyä - Poro ja poronhoito","isPartOf":{"@id":"https://paliskunnat.fi/poro/#website"},"primaryImageOfPage":{"@id":"https://paliskunnat.fi/poro/poro/usein-kysyttya/#primaryimage"},"image":{"@id":"https://paliskunnat.fi/poro/poro/usein-kysyttya/#primaryimage"},"thumbnailUrl":"https://paliskunnat.fi/poro/wp-content/uploads/2014/09/usein_kysyttya_pieni.jpg","datePublished":"2014-09-01T08:36:28+00:00","dateModified":"2017-03-25T21:01:07+00:00","breadcrumb":{"@id":"https://paliskunnat.fi/poro/poro/usein-kysyttya/#breadcrumb"},"inLanguage":"fi","potentialAction":[{"@type":"ReadAction","target":["https://paliskunnat.fi/poro/poro/usein-kysyttya/"]}]},{"@type":"ImageObject","inLanguage":"fi","@id":"https://paliskunnat.fi/poro/poro/usein-kysyttya/#primaryimage","url":"https://paliskunnat.fi/poro/wp-content/uploads/2014/09/usein_kysyttya_pieni.jpg","contentUrl":"https://paliskunnat.fi/poro/wp-content/uploads/2014/09/usein_kysyttya_pieni.jpg","width":900,"height":570},{"@type":"BreadcrumbList","@id":"https://paliskunnat.fi/poro/poro/usein-kysyttya/#breadcrumb","itemListElement":[{"@type":"ListItem","position":1,"name":"Home","item":"https://paliskunnat.fi/poro/"},{"@type":"ListItem","position":2,"name":"Poro","item":"https://paliskunnat.fi/poro/poro/"},{"@type":"ListItem","position":3,"name":"Usein kysyttyä"}]},{"@type":"WebSite","@id":"https://paliskunnat.fi/poro/#website","url":"https://paliskunnat.fi/poro/","name":"Poro ja poronhoito","description":"Poro ja poronhoito Suomessa","potentialAction":[{"@type":"SearchAction","target":{"@type":"EntryPoint","urlTemplate":"https://paliskunnat.fi/poro/?s={search_term_string}"},"query-input":{"@type":"PropertyValueSpecification","valueRequired":true,"valueName":"search_term_string"}}],"inLanguage":"fi"}]}</script>
<!-- / Yoast SEO plugin. -->

Usein kysyttyä - Poro ja poronhoito

Usein kysyttyä Onko mielessäsi jokin poroon liittyvä kysymys, johon et löydä vastausta? Lähetä kysymyksesi meille! Kokoamme tänne poroihin ja porotalouteen liittyviä kysymyksiä vastauksineen. Kuvassa esitettyyn kysymykseen voit löytää vastauksen toisaalta tältä sivustolta. Ehdota uusia kysymyksiä vastattavaksi sähköpostilla: aarre.jortikka@paliskunnat.fi &nbsp; &nbsp;
