{"id":2325,"date":"2015-04-16T15:43:24","date_gmt":"2015-04-16T12:43:24","guid":{"rendered":"http:\/\/80.69.171.23\/poro\/?page_id=2325"},"modified":"2017-03-25T23:04:56","modified_gmt":"2017-03-25T21:04:56","slug":"menetelmia","status":"publish","type":"page","link":"https:\/\/paliskunnat.fi\/poro\/poronhoito\/menetelmia\/","title":{"rendered":"Menetelmi\u00e4"},"content":{"rendered":"<h2>Perinteet ja moderni teknologia el\u00e4v\u00e4t\u00a0poronhoitot\u00f6iss\u00e4 sujuvasti rinnakkain<\/h2>\n<p>Poronhoito noudattaa edelleen vuosikymmenten ja -satojen aikana muodostuneita perinteit\u00e4. Muun yhteiskunnan tavoin poroelinkeino kuitenkin kehittyy jatkuvasti ja ottaa k\u00e4ytt\u00f6\u00f6ns\u00e4 uutta teknologiaa.<\/p>\n<p>Poroja pannoitetaan GPS\/GSM-pannoilla joiden avulla poroista saadaan paikkatietoa poronhoitajien k\u00e4ytt\u00f6\u00f6n. Kuolleisuusl\u00e4hettimill\u00e4 ker\u00e4t\u00e4\u00e4n tietoa petojen uhreiksi joutuneiden porojen sijainnista.<\/p>\n<p>Porokolareita pyrit\u00e4\u00e4n v\u00e4hent\u00e4m\u00e4\u00e4n \u00e4lyk\u00e4nnykk\u00e4sovelluksen avulla.<\/p>\n<p>Mets\u00e4st\u00e4jille tarjotaan reaaliaikaista paikkatietoa mets\u00e4stysaikaan menossa olevista poronhoitot\u00f6ist\u00e4 osalla poronhoitoalueesta (<a href=\"http:\/\/www.porotyot.fi\/\" class=\"external external_icon\" rel=\"nofollow\">www.porotyot.fi<\/a>).<\/p>\n<p><a href=\"https:\/\/paliskunnat.fi\/poro\/wp-content\/uploads\/2015\/04\/menetelmia.jpg\" rel=\"lightbox[2325]\"><img loading=\"lazy\" decoding=\"async\" class=\"alignnone wp-image-2626\" src=\"https:\/\/paliskunnat.fi\/poro\/wp-content\/uploads\/2015\/04\/menetelmia.jpg\" alt=\"Poronhoidon menetelmi\u00e4\" width=\"460\" height=\"323\" srcset=\"https:\/\/paliskunnat.fi\/poro\/wp-content\/uploads\/2015\/04\/menetelmia.jpg 900w, https:\/\/paliskunnat.fi\/poro\/wp-content\/uploads\/2015\/04\/menetelmia-300x210.jpg 300w\" sizes=\"auto, (max-width: 460px) 100vw, 460px\" \/><\/a><\/p>\n<p>Maailma muuttuu ja my\u00f6s poronhoidon on muututtava maailman mukana. Vaihtoehtoja ei ole. Erilaisia mahdollisuuksia on l\u00e4hinn\u00e4 siin\u00e4, kuinka muutosta luotsataan eteenp\u00e4in monenlaisissa ristipaineissa. Erilaisia n\u00e4k\u00f6kulmia on my\u00f6s siin\u00e4, miten muutokseen ylip\u00e4\u00e4t\u00e4\u00e4n yhteiskunnassa suhtaudutaan.<\/p>\n<p>&nbsp;<\/p>\n<p>&nbsp;<\/p>\n<p>&nbsp;<\/p>\n","protected":false},"excerpt":{"rendered":"<p>Perinteet ja moderni teknologia el\u00e4v\u00e4t\u00a0poronhoitot\u00f6iss\u00e4 sujuvasti rinnakkain Poronhoito noudattaa edelleen vuosikymmenten ja -satojen aikana muodostuneita perinteit\u00e4. Muun yhteiskunnan tavoin poroelinkeino kuitenkin kehittyy jatkuvasti ja ottaa k\u00e4ytt\u00f6\u00f6ns\u00e4 uutta teknologiaa. Poroja pannoitetaan GPS\/GSM-pannoilla joiden avulla poroista saadaan paikkatietoa poronhoitajien k\u00e4ytt\u00f6\u00f6n. Kuolleisuusl\u00e4hettimill\u00e4 ker\u00e4t\u00e4\u00e4n tietoa petojen uhreiksi joutuneiden porojen sijainnista. Porokolareita pyrit\u00e4\u00e4n v\u00e4hent\u00e4m\u00e4\u00e4n \u00e4lyk\u00e4nnykk\u00e4sovelluksen avulla. Mets\u00e4st\u00e4jille tarjotaan reaaliaikaista paikkatietoa [&hellip;]<\/p>\n","protected":false},"author":1,"featured_media":0,"parent":765,"menu_order":3,"comment_status":"open","ping_status":"closed","template":"","meta":{"footnotes":""},"class_list":["post-2325","page","type-page","status-publish","hentry"],"yoast_head":"<!-- This site is optimized with the Yoast SEO plugin v27.2 - https:\/\/yoast.com\/product\/yoast-seo-wordpress\/ -->\n<title>Menetelmi\u00e4 - Poro ja poronhoito<\/title>\n<meta name=\"robots\" content=\"index, follow, max-snippet:-1, max-image-preview:large, max-video-preview:-1\" \/>\n<link rel=\"canonical\" href=\"https:\/\/paliskunnat.fi\/poro\/poronhoito\/menetelmia\/\" \/>\n<meta property=\"og:locale\" content=\"fi_FI\" \/>\n<meta property=\"og:type\" content=\"article\" \/>\n<meta property=\"og:title\" content=\"Menetelmi\u00e4 - Poro ja poronhoito\" \/>\n<meta property=\"og:description\" content=\"Perinteet ja moderni teknologia el\u00e4v\u00e4t\u00a0poronhoitot\u00f6iss\u00e4 sujuvasti rinnakkain Poronhoito noudattaa edelleen vuosikymmenten ja -satojen aikana muodostuneita perinteit\u00e4. Muun yhteiskunnan tavoin poroelinkeino kuitenkin kehittyy jatkuvasti ja ottaa k\u00e4ytt\u00f6\u00f6ns\u00e4 uutta teknologiaa. Poroja pannoitetaan GPS\/GSM-pannoilla joiden avulla poroista saadaan paikkatietoa poronhoitajien k\u00e4ytt\u00f6\u00f6n. Kuolleisuusl\u00e4hettimill\u00e4 ker\u00e4t\u00e4\u00e4n tietoa petojen uhreiksi joutuneiden porojen sijainnista. Porokolareita pyrit\u00e4\u00e4n v\u00e4hent\u00e4m\u00e4\u00e4n \u00e4lyk\u00e4nnykk\u00e4sovelluksen avulla. Mets\u00e4st\u00e4jille tarjotaan reaaliaikaista paikkatietoa [&hellip;]\" \/>\n<meta property=\"og:url\" content=\"https:\/\/paliskunnat.fi\/poro\/poronhoito\/menetelmia\/\" \/>\n<meta property=\"og:site_name\" content=\"Poro ja poronhoito\" \/>\n<meta property=\"article:modified_time\" content=\"2017-03-25T21:04:56+00:00\" \/>\n<meta property=\"og:image\" content=\"https:\/\/paliskunnat.fi\/poro\/wp-content\/uploads\/2015\/04\/menetelmia.jpg\" \/>\n<meta name=\"twitter:card\" content=\"summary_large_image\" \/>\n<meta name=\"twitter:label1\" content=\"Arvioitu lukuaika\" \/>\n\t<meta name=\"twitter:data1\" content=\"1 minuutti\" \/>\n<script type=\"application\/ld+json\" class=\"yoast-schema-graph\">{\"@context\":\"https:\/\/schema.org\",\"@graph\":[{\"@type\":\"WebPage\",\"@id\":\"https:\/\/paliskunnat.fi\/poro\/poronhoito\/menetelmia\/\",\"url\":\"https:\/\/paliskunnat.fi\/poro\/poronhoito\/menetelmia\/\",\"name\":\"Menetelmi\u00e4 - Poro ja poronhoito\",\"isPartOf\":{\"@id\":\"https:\/\/paliskunnat.fi\/poro\/#website\"},\"primaryImageOfPage\":{\"@id\":\"https:\/\/paliskunnat.fi\/poro\/poronhoito\/menetelmia\/#primaryimage\"},\"image\":{\"@id\":\"https:\/\/paliskunnat.fi\/poro\/poronhoito\/menetelmia\/#primaryimage\"},\"thumbnailUrl\":\"https:\/\/paliskunnat.fi\/poro\/wp-content\/uploads\/2015\/04\/menetelmia.jpg\",\"datePublished\":\"2015-04-16T12:43:24+00:00\",\"dateModified\":\"2017-03-25T21:04:56+00:00\",\"breadcrumb\":{\"@id\":\"https:\/\/paliskunnat.fi\/poro\/poronhoito\/menetelmia\/#breadcrumb\"},\"inLanguage\":\"fi\",\"potentialAction\":[{\"@type\":\"ReadAction\",\"target\":[\"https:\/\/paliskunnat.fi\/poro\/poronhoito\/menetelmia\/\"]}]},{\"@type\":\"ImageObject\",\"inLanguage\":\"fi\",\"@id\":\"https:\/\/paliskunnat.fi\/poro\/poronhoito\/menetelmia\/#primaryimage\",\"url\":\"https:\/\/paliskunnat.fi\/poro\/wp-content\/uploads\/2015\/04\/menetelmia.jpg\",\"contentUrl\":\"https:\/\/paliskunnat.fi\/poro\/wp-content\/uploads\/2015\/04\/menetelmia.jpg\",\"width\":900,\"height\":631},{\"@type\":\"BreadcrumbList\",\"@id\":\"https:\/\/paliskunnat.fi\/poro\/poronhoito\/menetelmia\/#breadcrumb\",\"itemListElement\":[{\"@type\":\"ListItem\",\"position\":1,\"name\":\"Home\",\"item\":\"https:\/\/paliskunnat.fi\/poro\/\"},{\"@type\":\"ListItem\",\"position\":2,\"name\":\"Poronhoito\",\"item\":\"https:\/\/paliskunnat.fi\/poro\/poronhoito\/\"},{\"@type\":\"ListItem\",\"position\":3,\"name\":\"Menetelmi\u00e4\"}]},{\"@type\":\"WebSite\",\"@id\":\"https:\/\/paliskunnat.fi\/poro\/#website\",\"url\":\"https:\/\/paliskunnat.fi\/poro\/\",\"name\":\"Poro ja poronhoito\",\"description\":\"Poro ja poronhoito Suomessa\",\"potentialAction\":[{\"@type\":\"SearchAction\",\"target\":{\"@type\":\"EntryPoint\",\"urlTemplate\":\"https:\/\/paliskunnat.fi\/poro\/?s={search_term_string}\"},\"query-input\":{\"@type\":\"PropertyValueSpecification\",\"valueRequired\":true,\"valueName\":\"search_term_string\"}}],\"inLanguage\":\"fi\"}]}<\/script>\n<!-- \/ Yoast SEO plugin. -->","yoast_head_json":{"title":"Menetelmi\u00e4 - Poro ja poronhoito","robots":{"index":"index","follow":"follow","max-snippet":"max-snippet:-1","max-image-preview":"max-image-preview:large","max-video-preview":"max-video-preview:-1"},"canonical":"https:\/\/paliskunnat.fi\/poro\/poronhoito\/menetelmia\/","og_locale":"fi_FI","og_type":"article","og_title":"Menetelmi\u00e4 - Poro ja poronhoito","og_description":"Perinteet ja moderni teknologia el\u00e4v\u00e4t\u00a0poronhoitot\u00f6iss\u00e4 sujuvasti rinnakkain Poronhoito noudattaa edelleen vuosikymmenten ja -satojen aikana muodostuneita perinteit\u00e4. Muun yhteiskunnan tavoin poroelinkeino kuitenkin kehittyy jatkuvasti ja ottaa k\u00e4ytt\u00f6\u00f6ns\u00e4 uutta teknologiaa. Poroja pannoitetaan GPS\/GSM-pannoilla joiden avulla poroista saadaan paikkatietoa poronhoitajien k\u00e4ytt\u00f6\u00f6n. Kuolleisuusl\u00e4hettimill\u00e4 ker\u00e4t\u00e4\u00e4n tietoa petojen uhreiksi joutuneiden porojen sijainnista. Porokolareita pyrit\u00e4\u00e4n v\u00e4hent\u00e4m\u00e4\u00e4n \u00e4lyk\u00e4nnykk\u00e4sovelluksen avulla. Mets\u00e4st\u00e4jille tarjotaan reaaliaikaista paikkatietoa [&hellip;]","og_url":"https:\/\/paliskunnat.fi\/poro\/poronhoito\/menetelmia\/","og_site_name":"Poro ja poronhoito","article_modified_time":"2017-03-25T21:04:56+00:00","og_image":[{"url":"https:\/\/paliskunnat.fi\/poro\/wp-content\/uploads\/2015\/04\/menetelmia.jpg","type":"","width":"","height":""}],"twitter_card":"summary_large_image","twitter_misc":{"Arvioitu lukuaika":"1 minuutti"},"schema":{"@context":"https:\/\/schema.org","@graph":[{"@type":"WebPage","@id":"https:\/\/paliskunnat.fi\/poro\/poronhoito\/menetelmia\/","url":"https:\/\/paliskunnat.fi\/poro\/poronhoito\/menetelmia\/","name":"Menetelmi\u00e4 - Poro ja poronhoito","isPartOf":{"@id":"https:\/\/paliskunnat.fi\/poro\/#website"},"primaryImageOfPage":{"@id":"https:\/\/paliskunnat.fi\/poro\/poronhoito\/menetelmia\/#primaryimage"},"image":{"@id":"https:\/\/paliskunnat.fi\/poro\/poronhoito\/menetelmia\/#primaryimage"},"thumbnailUrl":"https:\/\/paliskunnat.fi\/poro\/wp-content\/uploads\/2015\/04\/menetelmia.jpg","datePublished":"2015-04-16T12:43:24+00:00","dateModified":"2017-03-25T21:04:56+00:00","breadcrumb":{"@id":"https:\/\/paliskunnat.fi\/poro\/poronhoito\/menetelmia\/#breadcrumb"},"inLanguage":"fi","potentialAction":[{"@type":"ReadAction","target":["https:\/\/paliskunnat.fi\/poro\/poronhoito\/menetelmia\/"]}]},{"@type":"ImageObject","inLanguage":"fi","@id":"https:\/\/paliskunnat.fi\/poro\/poronhoito\/menetelmia\/#primaryimage","url":"https:\/\/paliskunnat.fi\/poro\/wp-content\/uploads\/2015\/04\/menetelmia.jpg","contentUrl":"https:\/\/paliskunnat.fi\/poro\/wp-content\/uploads\/2015\/04\/menetelmia.jpg","width":900,"height":631},{"@type":"BreadcrumbList","@id":"https:\/\/paliskunnat.fi\/poro\/poronhoito\/menetelmia\/#breadcrumb","itemListElement":[{"@type":"ListItem","position":1,"name":"Home","item":"https:\/\/paliskunnat.fi\/poro\/"},{"@type":"ListItem","position":2,"name":"Poronhoito","item":"https:\/\/paliskunnat.fi\/poro\/poronhoito\/"},{"@type":"ListItem","position":3,"name":"Menetelmi\u00e4"}]},{"@type":"WebSite","@id":"https:\/\/paliskunnat.fi\/poro\/#website","url":"https:\/\/paliskunnat.fi\/poro\/","name":"Poro ja poronhoito","description":"Poro ja poronhoito Suomessa","potentialAction":[{"@type":"SearchAction","target":{"@type":"EntryPoint","urlTemplate":"https:\/\/paliskunnat.fi\/poro\/?s={search_term_string}"},"query-input":{"@type":"PropertyValueSpecification","valueRequired":true,"valueName":"search_term_string"}}],"inLanguage":"fi"}]}},"_links":{"self":[{"href":"https:\/\/paliskunnat.fi\/poro\/wp-json\/wp\/v2\/pages\/2325","targetHints":{"allow":["GET"]}}],"collection":[{"href":"https:\/\/paliskunnat.fi\/poro\/wp-json\/wp\/v2\/pages"}],"about":[{"href":"https:\/\/paliskunnat.fi\/poro\/wp-json\/wp\/v2\/types\/page"}],"author":[{"embeddable":true,"href":"https:\/\/paliskunnat.fi\/poro\/wp-json\/wp\/v2\/users\/1"}],"replies":[{"embeddable":true,"href":"https:\/\/paliskunnat.fi\/poro\/wp-json\/wp\/v2\/comments?post=2325"}],"version-history":[{"count":18,"href":"https:\/\/paliskunnat.fi\/poro\/wp-json\/wp\/v2\/pages\/2325\/revisions"}],"predecessor-version":[{"id":3746,"href":"https:\/\/paliskunnat.fi\/poro\/wp-json\/wp\/v2\/pages\/2325\/revisions\/3746"}],"up":[{"embeddable":true,"href":"https:\/\/paliskunnat.fi\/poro\/wp-json\/wp\/v2\/pages\/765"}],"wp:attachment":[{"href":"https:\/\/paliskunnat.fi\/poro\/wp-json\/wp\/v2\/media?parent=2325"}],"curies":[{"name":"wp","href":"https:\/\/api.w.org\/{rel}","templated":true}]}}