{"id":294,"date":"2014-09-05T16:21:30","date_gmt":"2014-09-05T13:21:30","guid":{"rendered":"http:\/\/80.69.171.23\/poro\/?page_id=294"},"modified":"2015-05-14T10:42:00","modified_gmt":"2015-05-14T07:42:00","slug":"poro-materiaalina","status":"publish","type":"page","link":"https:\/\/paliskunnat.fi\/poro\/porotuotteet\/poro-materiaalina\/","title":{"rendered":"Poro materiaalina"},"content":{"rendered":"<h2>Poro materiaalina<\/h2>\n<h3>Talja<\/h3>\n<p>Karva- ja taljat\u00f6ihin tarvittavat taljat ja koivet otetaan talteen teurastuksen yhteydess\u00e4. Talja muokataan k\u00e4ytt\u00f6tarkoituksen mukaan. Perinteisesti poron koivista valmistetaan nutukkaita eli karvakenki\u00e4, s\u00e4pikk\u00e4it\u00e4 ja koivikkaita eli kinttaita. Poron taljasta valmistetaan peskej\u00e4, joita tehd\u00e4\u00e4n niin ty\u00f6- kuin juhlak\u00e4ytt\u00f6\u00f6n. Vasan taljasta voidaan valmistaa l\u00e4mpimi\u00e4 lakkeja. Poron koipien ja taljojen leikkaaminen ja muokkaaminen on tarkkaa ty\u00f6t\u00e4 ja jokaisella k\u00e4sity\u00f6l\u00e4isell\u00e4 on siihen omat hyv\u00e4ksi todetut tapansa.<\/p>\n<p>Suurin osa porontaljoista p\u00e4\u00e4tyy nyky\u00e4\u00e4n teurastamoilta muokkaamoille, joissa niist\u00e4 valmistetaan koristetaljoja, poron parkkinahkaa ja poromokkaa. Suomessa porontaljoja muokkaavia yrityksi\u00e4 on muutamia.<\/p>\n<p>Poro on noussut eritt\u00e4in halutuksi ja kiinnostavaksi materiaaliksi my\u00f6s ulkomailla. Poronnahka on uniikki ja luonnon muokkaama taideteos, eik\u00e4 yksik\u00e4\u00e4n nahka ole samanlainen.<\/p>\n<h3>Parkitsematon nahka<\/h3>\n<p>Tuore puhdistettu talja, joka on nivotettu tai kuivattu. Nivottamisella tarkoitetaan taljan liottamista vedess\u00e4 tai lumen alla, jonka j\u00e4lkeen karva irtoaa helposti.<\/p>\n<p>Kuivaamisella tarkoitetaan sit\u00e4, ett\u00e4 talja naulataan sein\u00e4\u00e4n kuivumaan ja annetaan sen kuivua vuoden tai useamman. Parkitsematonta nahkaa voidaan k\u00e4ytt\u00e4\u00e4 esimerkiksi rumpujen kalvoina.<\/p>\n<h3>Parkittu nahka eli Sisna<\/h3>\n<p>Sisnanahka on poronnahkaa, jonka parkitusaineena on k\u00e4ytetty pajun-, koivun-, haavan- tai lep\u00e4nkuorta. K\u00e4sin parkittu sisna on perinteinen k\u00e4sity\u00f6materiaali. Sisnan k\u00e4ytt\u00f6mahdollisuudet ovat laajat. Siit\u00e4 on perinteisesti valmistettu erilaisia pussukoita, laukkuja ja vaatteita. Se on eritt\u00e4in kest\u00e4v\u00e4 ja laadukas materiaali, joka kest\u00e4\u00e4 sukupolvelta toiselle.<\/p>\n<h3>Luu ja sarvi<\/h3>\n<p>Poronluu ja sarvi ovat kest\u00e4vi\u00e4 materiaaleja moniin k\u00e4ytt\u00f6esineisiin. Poro vaihtaa luontaisesti sarvensa vuosittain, joten poronsarvi on ekologinen uusiutuva materiaali. Sarvia saadaan talteen Suomessa vuosittain yli 100 000 kiloa.<\/p>\n<p>Perinteisesti sarvesta on valmistettu muun muassa lusikoita, puukontuppeja, neulakotia, nappeja, kudontak\u00e4pyj\u00e4, riskuja ja monia muita arkisia esineit\u00e4. Luuty\u00f6t koristellaan usein kaiverruksin tai polttokyn\u00e4ll\u00e4.<\/p>\n<p>Nykyisin sarvesta valmistetaan my\u00f6s design-koruja. Sarvea voidaan yhdistell\u00e4 eri materiaaleihin kuten puuhun tai metalliin.<\/p>\n<p>Poron kynsist\u00e4 tehd\u00e4\u00e4n erilaisia koruja. Niihin saadaan kaunis kiilto useiden hiontojen avulla.<\/p>\n","protected":false},"excerpt":{"rendered":"<p>Poro materiaalina Talja Karva- ja taljat\u00f6ihin tarvittavat taljat ja koivet otetaan talteen teurastuksen yhteydess\u00e4. Talja muokataan k\u00e4ytt\u00f6tarkoituksen mukaan. Perinteisesti poron koivista valmistetaan nutukkaita eli karvakenki\u00e4, s\u00e4pikk\u00e4it\u00e4 ja koivikkaita eli kinttaita. Poron taljasta valmistetaan peskej\u00e4, joita tehd\u00e4\u00e4n niin ty\u00f6- kuin juhlak\u00e4ytt\u00f6\u00f6n. Vasan taljasta voidaan valmistaa l\u00e4mpimi\u00e4 lakkeja. Poron koipien ja taljojen leikkaaminen ja muokkaaminen on tarkkaa [&hellip;]<\/p>\n","protected":false},"author":1,"featured_media":0,"parent":288,"menu_order":1,"comment_status":"open","ping_status":"closed","template":"","meta":{"footnotes":""},"class_list":["post-294","page","type-page","status-publish","hentry"],"yoast_head":"<!-- This site is optimized with the Yoast SEO plugin v27.2 - https:\/\/yoast.com\/product\/yoast-seo-wordpress\/ -->\n<title>Poro materiaalina - Poro ja poronhoito<\/title>\n<meta name=\"robots\" content=\"index, follow, max-snippet:-1, max-image-preview:large, max-video-preview:-1\" \/>\n<link rel=\"canonical\" href=\"https:\/\/paliskunnat.fi\/poro\/porotuotteet\/poro-materiaalina\/\" \/>\n<meta property=\"og:locale\" content=\"fi_FI\" \/>\n<meta property=\"og:type\" content=\"article\" \/>\n<meta property=\"og:title\" content=\"Poro materiaalina - Poro ja poronhoito\" \/>\n<meta property=\"og:description\" content=\"Poro materiaalina Talja Karva- ja taljat\u00f6ihin tarvittavat taljat ja koivet otetaan talteen teurastuksen yhteydess\u00e4. Talja muokataan k\u00e4ytt\u00f6tarkoituksen mukaan. Perinteisesti poron koivista valmistetaan nutukkaita eli karvakenki\u00e4, s\u00e4pikk\u00e4it\u00e4 ja koivikkaita eli kinttaita. Poron taljasta valmistetaan peskej\u00e4, joita tehd\u00e4\u00e4n niin ty\u00f6- kuin juhlak\u00e4ytt\u00f6\u00f6n. Vasan taljasta voidaan valmistaa l\u00e4mpimi\u00e4 lakkeja. Poron koipien ja taljojen leikkaaminen ja muokkaaminen on tarkkaa [&hellip;]\" \/>\n<meta property=\"og:url\" content=\"https:\/\/paliskunnat.fi\/poro\/porotuotteet\/poro-materiaalina\/\" \/>\n<meta property=\"og:site_name\" content=\"Poro ja poronhoito\" \/>\n<meta property=\"article:modified_time\" content=\"2015-05-14T07:42:00+00:00\" \/>\n<meta name=\"twitter:card\" content=\"summary_large_image\" \/>\n<meta name=\"twitter:label1\" content=\"Arvioitu lukuaika\" \/>\n\t<meta name=\"twitter:data1\" content=\"2 minuuttia\" \/>\n<script type=\"application\/ld+json\" class=\"yoast-schema-graph\">{\"@context\":\"https:\/\/schema.org\",\"@graph\":[{\"@type\":\"WebPage\",\"@id\":\"https:\/\/paliskunnat.fi\/poro\/porotuotteet\/poro-materiaalina\/\",\"url\":\"https:\/\/paliskunnat.fi\/poro\/porotuotteet\/poro-materiaalina\/\",\"name\":\"Poro materiaalina - Poro ja poronhoito\",\"isPartOf\":{\"@id\":\"https:\/\/paliskunnat.fi\/poro\/#website\"},\"datePublished\":\"2014-09-05T13:21:30+00:00\",\"dateModified\":\"2015-05-14T07:42:00+00:00\",\"breadcrumb\":{\"@id\":\"https:\/\/paliskunnat.fi\/poro\/porotuotteet\/poro-materiaalina\/#breadcrumb\"},\"inLanguage\":\"fi\",\"potentialAction\":[{\"@type\":\"ReadAction\",\"target\":[\"https:\/\/paliskunnat.fi\/poro\/porotuotteet\/poro-materiaalina\/\"]}]},{\"@type\":\"BreadcrumbList\",\"@id\":\"https:\/\/paliskunnat.fi\/poro\/porotuotteet\/poro-materiaalina\/#breadcrumb\",\"itemListElement\":[{\"@type\":\"ListItem\",\"position\":1,\"name\":\"Home\",\"item\":\"https:\/\/paliskunnat.fi\/poro\/\"},{\"@type\":\"ListItem\",\"position\":2,\"name\":\"Porotuotteet\",\"item\":\"https:\/\/paliskunnat.fi\/poro\/porotuotteet\/\"},{\"@type\":\"ListItem\",\"position\":3,\"name\":\"Poro materiaalina\"}]},{\"@type\":\"WebSite\",\"@id\":\"https:\/\/paliskunnat.fi\/poro\/#website\",\"url\":\"https:\/\/paliskunnat.fi\/poro\/\",\"name\":\"Poro ja poronhoito\",\"description\":\"Poro ja poronhoito Suomessa\",\"potentialAction\":[{\"@type\":\"SearchAction\",\"target\":{\"@type\":\"EntryPoint\",\"urlTemplate\":\"https:\/\/paliskunnat.fi\/poro\/?s={search_term_string}\"},\"query-input\":{\"@type\":\"PropertyValueSpecification\",\"valueRequired\":true,\"valueName\":\"search_term_string\"}}],\"inLanguage\":\"fi\"}]}<\/script>\n<!-- \/ Yoast SEO plugin. -->","yoast_head_json":{"title":"Poro materiaalina - Poro ja poronhoito","robots":{"index":"index","follow":"follow","max-snippet":"max-snippet:-1","max-image-preview":"max-image-preview:large","max-video-preview":"max-video-preview:-1"},"canonical":"https:\/\/paliskunnat.fi\/poro\/porotuotteet\/poro-materiaalina\/","og_locale":"fi_FI","og_type":"article","og_title":"Poro materiaalina - Poro ja poronhoito","og_description":"Poro materiaalina Talja Karva- ja taljat\u00f6ihin tarvittavat taljat ja koivet otetaan talteen teurastuksen yhteydess\u00e4. Talja muokataan k\u00e4ytt\u00f6tarkoituksen mukaan. Perinteisesti poron koivista valmistetaan nutukkaita eli karvakenki\u00e4, s\u00e4pikk\u00e4it\u00e4 ja koivikkaita eli kinttaita. Poron taljasta valmistetaan peskej\u00e4, joita tehd\u00e4\u00e4n niin ty\u00f6- kuin juhlak\u00e4ytt\u00f6\u00f6n. Vasan taljasta voidaan valmistaa l\u00e4mpimi\u00e4 lakkeja. Poron koipien ja taljojen leikkaaminen ja muokkaaminen on tarkkaa [&hellip;]","og_url":"https:\/\/paliskunnat.fi\/poro\/porotuotteet\/poro-materiaalina\/","og_site_name":"Poro ja poronhoito","article_modified_time":"2015-05-14T07:42:00+00:00","twitter_card":"summary_large_image","twitter_misc":{"Arvioitu lukuaika":"2 minuuttia"},"schema":{"@context":"https:\/\/schema.org","@graph":[{"@type":"WebPage","@id":"https:\/\/paliskunnat.fi\/poro\/porotuotteet\/poro-materiaalina\/","url":"https:\/\/paliskunnat.fi\/poro\/porotuotteet\/poro-materiaalina\/","name":"Poro materiaalina - Poro ja poronhoito","isPartOf":{"@id":"https:\/\/paliskunnat.fi\/poro\/#website"},"datePublished":"2014-09-05T13:21:30+00:00","dateModified":"2015-05-14T07:42:00+00:00","breadcrumb":{"@id":"https:\/\/paliskunnat.fi\/poro\/porotuotteet\/poro-materiaalina\/#breadcrumb"},"inLanguage":"fi","potentialAction":[{"@type":"ReadAction","target":["https:\/\/paliskunnat.fi\/poro\/porotuotteet\/poro-materiaalina\/"]}]},{"@type":"BreadcrumbList","@id":"https:\/\/paliskunnat.fi\/poro\/porotuotteet\/poro-materiaalina\/#breadcrumb","itemListElement":[{"@type":"ListItem","position":1,"name":"Home","item":"https:\/\/paliskunnat.fi\/poro\/"},{"@type":"ListItem","position":2,"name":"Porotuotteet","item":"https:\/\/paliskunnat.fi\/poro\/porotuotteet\/"},{"@type":"ListItem","position":3,"name":"Poro materiaalina"}]},{"@type":"WebSite","@id":"https:\/\/paliskunnat.fi\/poro\/#website","url":"https:\/\/paliskunnat.fi\/poro\/","name":"Poro ja poronhoito","description":"Poro ja poronhoito Suomessa","potentialAction":[{"@type":"SearchAction","target":{"@type":"EntryPoint","urlTemplate":"https:\/\/paliskunnat.fi\/poro\/?s={search_term_string}"},"query-input":{"@type":"PropertyValueSpecification","valueRequired":true,"valueName":"search_term_string"}}],"inLanguage":"fi"}]}},"_links":{"self":[{"href":"https:\/\/paliskunnat.fi\/poro\/wp-json\/wp\/v2\/pages\/294","targetHints":{"allow":["GET"]}}],"collection":[{"href":"https:\/\/paliskunnat.fi\/poro\/wp-json\/wp\/v2\/pages"}],"about":[{"href":"https:\/\/paliskunnat.fi\/poro\/wp-json\/wp\/v2\/types\/page"}],"author":[{"embeddable":true,"href":"https:\/\/paliskunnat.fi\/poro\/wp-json\/wp\/v2\/users\/1"}],"replies":[{"embeddable":true,"href":"https:\/\/paliskunnat.fi\/poro\/wp-json\/wp\/v2\/comments?post=294"}],"version-history":[{"count":15,"href":"https:\/\/paliskunnat.fi\/poro\/wp-json\/wp\/v2\/pages\/294\/revisions"}],"predecessor-version":[{"id":3060,"href":"https:\/\/paliskunnat.fi\/poro\/wp-json\/wp\/v2\/pages\/294\/revisions\/3060"}],"up":[{"embeddable":true,"href":"https:\/\/paliskunnat.fi\/poro\/wp-json\/wp\/v2\/pages\/288"}],"wp:attachment":[{"href":"https:\/\/paliskunnat.fi\/poro\/wp-json\/wp\/v2\/media?parent=294"}],"curies":[{"name":"wp","href":"https:\/\/api.w.org\/{rel}","templated":true}]}}