{"id":309,"date":"2014-09-05T20:30:42","date_gmt":"2014-09-05T17:30:42","guid":{"rendered":"http:\/\/80.69.171.23\/poro\/?page_id=309"},"modified":"2019-12-16T13:18:25","modified_gmt":"2019-12-16T11:18:25","slug":"poromerkki","status":"publish","type":"page","link":"https:\/\/paliskunnat.fi\/poro\/poronhoito\/menetelmia\/poromerkki\/","title":{"rendered":"Poromerkki"},"content":{"rendered":"<h2>Poromerkki<\/h2>\n<p>Poron korvaan leikattava poromerkki osoittaa poron omistajan. Poromerkkien k\u00e4yt\u00f6st\u00e4 s\u00e4\u00e4det\u00e4\u00e4n poronhoitolailla (<a href=\"https:\/\/www.finlex.fi\/fi\/laki\/ajantasa\/1990\/19900848#P23\" class=\"external external_icon\" rel=\"nofollow\">848\/1990<\/a>): jokainen poro on merkitt\u00e4v\u00e4 korvamerkill\u00e4, jonka Paliskuntain yhdistys on paliskunnan hallituksen esityksest\u00e4 omistajalle hyv\u00e4ksynyt. Poromerkin yksityiskohdista s\u00e4\u00e4det\u00e4\u00e4n\u00a0poronhoitoasetuksella (<a href=\"https:\/\/www.finlex.fi\/fi\/laki\/ajantasa\/1990\/19900883#P16\" class=\"external external_icon\" rel=\"nofollow\">883\/1990<\/a>).<\/p>\n<p>Poromerkki leikataan\u00a0poron korvien laitoihin ja k\u00e4rkeen. Merkki luetaan k\u00e4rjest\u00e4 tyveen ja oikealta vasemmalle. Ensin kerrotaan valtateot ja sen j\u00e4lkeen muut teot.<\/p>\n<p><a href=\"https:\/\/paliskunnat.fi\/poro\/wp-content\/uploads\/2014\/09\/poromerkkien_teot.png\" rel=\"lightbox[309]\"><img loading=\"lazy\" decoding=\"async\" class=\"alignnone wp-image-559\" src=\"https:\/\/paliskunnat.fi\/poro\/wp-content\/uploads\/2014\/09\/poromerkkien_teot.png\" alt=\"Poromerkkien teot\" width=\"460\" height=\"466\" srcset=\"https:\/\/paliskunnat.fi\/poro\/wp-content\/uploads\/2014\/09\/poromerkkien_teot.png 1500w, https:\/\/paliskunnat.fi\/poro\/wp-content\/uploads\/2014\/09\/poromerkkien_teot-295x300.png 295w, https:\/\/paliskunnat.fi\/poro\/wp-content\/uploads\/2014\/09\/poromerkkien_teot-1009x1024.png 1009w\" sizes=\"auto, (max-width: 460px) 100vw, 460px\" \/><\/a><\/p>\n<p>Poromerkkej\u00e4 on k\u00e4yt\u00f6ss\u00e4 liki 12\u00a0000. Poronhoitoasetuksen (<a href=\"https:\/\/www.finlex.fi\/fi\/laki\/ajantasa\/1990\/19900883#P16\" class=\"external external_icon\" rel=\"nofollow\">883\/1990<\/a>) mukaan poromerkiss\u00e4 k\u00e4ytet\u00e4\u00e4n seuraavia tekoja eli leikkoja (sanoja): pistel, tiili, pyk\u00e4l\u00e4, hanka, rappuhanka, poikki, haara, halki, vita, terotus, ketunkanto, vastahanka, reik\u00e4 ja rei\u00e4st\u00e4 halki sek\u00e4 linnunvarvas. Tekoja yhdistelem\u00e4ll\u00e4 saadaan aikaan yksil\u00f6lliset poromerkit. Poromerkin t\u00e4ytyy erota selv\u00e4sti muista k\u00e4ytett\u00e4vist\u00e4 merkeist\u00e4 sekaantumisvaaran v\u00e4ltt\u00e4miseksi. Lis\u00e4ksi voidaan k\u00e4ytt\u00e4\u00e4 Paliskuntain yhdistyksen hyv\u00e4ksym\u00e4\u00e4n lis\u00e4merkki\u00e4.<\/p>\n<p>Paliskuntain yhdistys yll\u00e4pit\u00e4\u00e4 koko poronhoitoalueen kattavaa poromerkkirekisteri\u00e4. Paliskunnan on my\u00f6s pidett\u00e4v\u00e4 luetteloa osakkaidensa poromerkeist\u00e4. Poronomistajalla saa olla yksi p\u00e4\u00e4merkki. Paliskunnalla ja Paliskuntain yhdistyksell\u00e4 saa olla kaksi poromerkki\u00e4. Paliskuntain yhdistyksen poromerkki on k\u00e4yt\u00f6ss\u00e4 <a href=\"https:\/\/paliskunnat.fi\/py\/organisaatio\/koeporotarha\/\">Kutuharjun koeporotarhan<\/a> poroilla.<\/p>\n<p>&nbsp;<\/p>\n<p>&nbsp;<\/p>\n<p><!--more--><\/p>\n<h2>Poromania-blogi<\/h2>\n<p><a href=\"https:\/\/poromania.blogspot.com\/2017\/07\/\" class=\"external external_icon\" rel=\"nofollow\">Poromerkeist\u00e4 vol. 1<\/a><\/p>\n<p><a href=\"https:\/\/poromania.blogspot.fi\/2017\/10\/poromerkeista-vol-2.html\" class=\"external external_icon\" rel=\"nofollow\">Poromerkeist\u00e4 vol. 2<\/a><\/p>\n","protected":false},"excerpt":{"rendered":"<p>Poromerkki Poron korvaan leikattava poromerkki osoittaa poron omistajan. Poromerkkien k\u00e4yt\u00f6st\u00e4 s\u00e4\u00e4det\u00e4\u00e4n poronhoitolailla (848\/1990): jokainen poro on merkitt\u00e4v\u00e4 korvamerkill\u00e4, jonka Paliskuntain yhdistys on paliskunnan hallituksen esityksest\u00e4 omistajalle hyv\u00e4ksynyt. Poromerkin yksityiskohdista s\u00e4\u00e4det\u00e4\u00e4n\u00a0poronhoitoasetuksella (883\/1990). Poromerkki leikataan\u00a0poron korvien laitoihin ja k\u00e4rkeen. Merkki luetaan k\u00e4rjest\u00e4 tyveen ja oikealta vasemmalle. Ensin kerrotaan valtateot ja sen j\u00e4lkeen muut teot. Poromerkkej\u00e4 on k\u00e4yt\u00f6ss\u00e4 [&hellip;]<\/p>\n","protected":false},"author":1,"featured_media":0,"parent":2325,"menu_order":1,"comment_status":"open","ping_status":"closed","template":"","meta":{"footnotes":""},"class_list":["post-309","page","type-page","status-publish","hentry"],"yoast_head":"<!-- This site is optimized with the Yoast SEO plugin v27.2 - https:\/\/yoast.com\/product\/yoast-seo-wordpress\/ -->\n<title>Poromerkki - Poro ja poronhoito<\/title>\n<meta name=\"robots\" content=\"index, follow, max-snippet:-1, max-image-preview:large, max-video-preview:-1\" \/>\n<link rel=\"canonical\" href=\"https:\/\/paliskunnat.fi\/poro\/poronhoito\/menetelmia\/poromerkki\/\" \/>\n<meta property=\"og:locale\" content=\"fi_FI\" \/>\n<meta property=\"og:type\" content=\"article\" \/>\n<meta property=\"og:title\" content=\"Poromerkki - Poro ja poronhoito\" \/>\n<meta property=\"og:description\" content=\"Poromerkki Poron korvaan leikattava poromerkki osoittaa poron omistajan. Poromerkkien k\u00e4yt\u00f6st\u00e4 s\u00e4\u00e4det\u00e4\u00e4n poronhoitolailla (848\/1990): jokainen poro on merkitt\u00e4v\u00e4 korvamerkill\u00e4, jonka Paliskuntain yhdistys on paliskunnan hallituksen esityksest\u00e4 omistajalle hyv\u00e4ksynyt. Poromerkin yksityiskohdista s\u00e4\u00e4det\u00e4\u00e4n\u00a0poronhoitoasetuksella (883\/1990). Poromerkki leikataan\u00a0poron korvien laitoihin ja k\u00e4rkeen. Merkki luetaan k\u00e4rjest\u00e4 tyveen ja oikealta vasemmalle. Ensin kerrotaan valtateot ja sen j\u00e4lkeen muut teot. Poromerkkej\u00e4 on k\u00e4yt\u00f6ss\u00e4 [&hellip;]\" \/>\n<meta property=\"og:url\" content=\"https:\/\/paliskunnat.fi\/poro\/poronhoito\/menetelmia\/poromerkki\/\" \/>\n<meta property=\"og:site_name\" content=\"Poro ja poronhoito\" \/>\n<meta property=\"article:modified_time\" content=\"2019-12-16T11:18:25+00:00\" \/>\n<meta property=\"og:image\" content=\"https:\/\/paliskunnat.fi\/poro\/wp-content\/uploads\/2014\/09\/poromerkkien_teot.png\" \/>\n<meta name=\"twitter:card\" content=\"summary_large_image\" \/>\n<meta name=\"twitter:label1\" content=\"Arvioitu lukuaika\" \/>\n\t<meta name=\"twitter:data1\" content=\"1 minuutti\" \/>\n<script type=\"application\/ld+json\" class=\"yoast-schema-graph\">{\"@context\":\"https:\/\/schema.org\",\"@graph\":[{\"@type\":\"WebPage\",\"@id\":\"https:\/\/paliskunnat.fi\/poro\/poronhoito\/menetelmia\/poromerkki\/\",\"url\":\"https:\/\/paliskunnat.fi\/poro\/poronhoito\/menetelmia\/poromerkki\/\",\"name\":\"Poromerkki - Poro ja poronhoito\",\"isPartOf\":{\"@id\":\"https:\/\/paliskunnat.fi\/poro\/#website\"},\"primaryImageOfPage\":{\"@id\":\"https:\/\/paliskunnat.fi\/poro\/poronhoito\/menetelmia\/poromerkki\/#primaryimage\"},\"image\":{\"@id\":\"https:\/\/paliskunnat.fi\/poro\/poronhoito\/menetelmia\/poromerkki\/#primaryimage\"},\"thumbnailUrl\":\"https:\/\/paliskunnat.fi\/poro\/wp-content\/uploads\/2014\/09\/poromerkkien_teot.png\",\"datePublished\":\"2014-09-05T17:30:42+00:00\",\"dateModified\":\"2019-12-16T11:18:25+00:00\",\"breadcrumb\":{\"@id\":\"https:\/\/paliskunnat.fi\/poro\/poronhoito\/menetelmia\/poromerkki\/#breadcrumb\"},\"inLanguage\":\"fi\",\"potentialAction\":[{\"@type\":\"ReadAction\",\"target\":[\"https:\/\/paliskunnat.fi\/poro\/poronhoito\/menetelmia\/poromerkki\/\"]}]},{\"@type\":\"ImageObject\",\"inLanguage\":\"fi\",\"@id\":\"https:\/\/paliskunnat.fi\/poro\/poronhoito\/menetelmia\/poromerkki\/#primaryimage\",\"url\":\"https:\/\/paliskunnat.fi\/poro\/wp-content\/uploads\/2014\/09\/poromerkkien_teot.png\",\"contentUrl\":\"https:\/\/paliskunnat.fi\/poro\/wp-content\/uploads\/2014\/09\/poromerkkien_teot.png\",\"width\":1500,\"height\":1521},{\"@type\":\"BreadcrumbList\",\"@id\":\"https:\/\/paliskunnat.fi\/poro\/poronhoito\/menetelmia\/poromerkki\/#breadcrumb\",\"itemListElement\":[{\"@type\":\"ListItem\",\"position\":1,\"name\":\"Home\",\"item\":\"https:\/\/paliskunnat.fi\/poro\/\"},{\"@type\":\"ListItem\",\"position\":2,\"name\":\"Poronhoito\",\"item\":\"https:\/\/paliskunnat.fi\/poro\/poronhoito\/\"},{\"@type\":\"ListItem\",\"position\":3,\"name\":\"Menetelmi\u00e4\",\"item\":\"https:\/\/paliskunnat.fi\/poro\/poronhoito\/menetelmia\/\"},{\"@type\":\"ListItem\",\"position\":4,\"name\":\"Poromerkki\"}]},{\"@type\":\"WebSite\",\"@id\":\"https:\/\/paliskunnat.fi\/poro\/#website\",\"url\":\"https:\/\/paliskunnat.fi\/poro\/\",\"name\":\"Poro ja poronhoito\",\"description\":\"Poro ja poronhoito Suomessa\",\"potentialAction\":[{\"@type\":\"SearchAction\",\"target\":{\"@type\":\"EntryPoint\",\"urlTemplate\":\"https:\/\/paliskunnat.fi\/poro\/?s={search_term_string}\"},\"query-input\":{\"@type\":\"PropertyValueSpecification\",\"valueRequired\":true,\"valueName\":\"search_term_string\"}}],\"inLanguage\":\"fi\"}]}<\/script>\n<!-- \/ Yoast SEO plugin. -->","yoast_head_json":{"title":"Poromerkki - Poro ja poronhoito","robots":{"index":"index","follow":"follow","max-snippet":"max-snippet:-1","max-image-preview":"max-image-preview:large","max-video-preview":"max-video-preview:-1"},"canonical":"https:\/\/paliskunnat.fi\/poro\/poronhoito\/menetelmia\/poromerkki\/","og_locale":"fi_FI","og_type":"article","og_title":"Poromerkki - Poro ja poronhoito","og_description":"Poromerkki Poron korvaan leikattava poromerkki osoittaa poron omistajan. Poromerkkien k\u00e4yt\u00f6st\u00e4 s\u00e4\u00e4det\u00e4\u00e4n poronhoitolailla (848\/1990): jokainen poro on merkitt\u00e4v\u00e4 korvamerkill\u00e4, jonka Paliskuntain yhdistys on paliskunnan hallituksen esityksest\u00e4 omistajalle hyv\u00e4ksynyt. Poromerkin yksityiskohdista s\u00e4\u00e4det\u00e4\u00e4n\u00a0poronhoitoasetuksella (883\/1990). Poromerkki leikataan\u00a0poron korvien laitoihin ja k\u00e4rkeen. Merkki luetaan k\u00e4rjest\u00e4 tyveen ja oikealta vasemmalle. Ensin kerrotaan valtateot ja sen j\u00e4lkeen muut teot. Poromerkkej\u00e4 on k\u00e4yt\u00f6ss\u00e4 [&hellip;]","og_url":"https:\/\/paliskunnat.fi\/poro\/poronhoito\/menetelmia\/poromerkki\/","og_site_name":"Poro ja poronhoito","article_modified_time":"2019-12-16T11:18:25+00:00","og_image":[{"url":"https:\/\/paliskunnat.fi\/poro\/wp-content\/uploads\/2014\/09\/poromerkkien_teot.png","type":"","width":"","height":""}],"twitter_card":"summary_large_image","twitter_misc":{"Arvioitu lukuaika":"1 minuutti"},"schema":{"@context":"https:\/\/schema.org","@graph":[{"@type":"WebPage","@id":"https:\/\/paliskunnat.fi\/poro\/poronhoito\/menetelmia\/poromerkki\/","url":"https:\/\/paliskunnat.fi\/poro\/poronhoito\/menetelmia\/poromerkki\/","name":"Poromerkki - Poro ja poronhoito","isPartOf":{"@id":"https:\/\/paliskunnat.fi\/poro\/#website"},"primaryImageOfPage":{"@id":"https:\/\/paliskunnat.fi\/poro\/poronhoito\/menetelmia\/poromerkki\/#primaryimage"},"image":{"@id":"https:\/\/paliskunnat.fi\/poro\/poronhoito\/menetelmia\/poromerkki\/#primaryimage"},"thumbnailUrl":"https:\/\/paliskunnat.fi\/poro\/wp-content\/uploads\/2014\/09\/poromerkkien_teot.png","datePublished":"2014-09-05T17:30:42+00:00","dateModified":"2019-12-16T11:18:25+00:00","breadcrumb":{"@id":"https:\/\/paliskunnat.fi\/poro\/poronhoito\/menetelmia\/poromerkki\/#breadcrumb"},"inLanguage":"fi","potentialAction":[{"@type":"ReadAction","target":["https:\/\/paliskunnat.fi\/poro\/poronhoito\/menetelmia\/poromerkki\/"]}]},{"@type":"ImageObject","inLanguage":"fi","@id":"https:\/\/paliskunnat.fi\/poro\/poronhoito\/menetelmia\/poromerkki\/#primaryimage","url":"https:\/\/paliskunnat.fi\/poro\/wp-content\/uploads\/2014\/09\/poromerkkien_teot.png","contentUrl":"https:\/\/paliskunnat.fi\/poro\/wp-content\/uploads\/2014\/09\/poromerkkien_teot.png","width":1500,"height":1521},{"@type":"BreadcrumbList","@id":"https:\/\/paliskunnat.fi\/poro\/poronhoito\/menetelmia\/poromerkki\/#breadcrumb","itemListElement":[{"@type":"ListItem","position":1,"name":"Home","item":"https:\/\/paliskunnat.fi\/poro\/"},{"@type":"ListItem","position":2,"name":"Poronhoito","item":"https:\/\/paliskunnat.fi\/poro\/poronhoito\/"},{"@type":"ListItem","position":3,"name":"Menetelmi\u00e4","item":"https:\/\/paliskunnat.fi\/poro\/poronhoito\/menetelmia\/"},{"@type":"ListItem","position":4,"name":"Poromerkki"}]},{"@type":"WebSite","@id":"https:\/\/paliskunnat.fi\/poro\/#website","url":"https:\/\/paliskunnat.fi\/poro\/","name":"Poro ja poronhoito","description":"Poro ja poronhoito Suomessa","potentialAction":[{"@type":"SearchAction","target":{"@type":"EntryPoint","urlTemplate":"https:\/\/paliskunnat.fi\/poro\/?s={search_term_string}"},"query-input":{"@type":"PropertyValueSpecification","valueRequired":true,"valueName":"search_term_string"}}],"inLanguage":"fi"}]}},"_links":{"self":[{"href":"https:\/\/paliskunnat.fi\/poro\/wp-json\/wp\/v2\/pages\/309","targetHints":{"allow":["GET"]}}],"collection":[{"href":"https:\/\/paliskunnat.fi\/poro\/wp-json\/wp\/v2\/pages"}],"about":[{"href":"https:\/\/paliskunnat.fi\/poro\/wp-json\/wp\/v2\/types\/page"}],"author":[{"embeddable":true,"href":"https:\/\/paliskunnat.fi\/poro\/wp-json\/wp\/v2\/users\/1"}],"replies":[{"embeddable":true,"href":"https:\/\/paliskunnat.fi\/poro\/wp-json\/wp\/v2\/comments?post=309"}],"version-history":[{"count":44,"href":"https:\/\/paliskunnat.fi\/poro\/wp-json\/wp\/v2\/pages\/309\/revisions"}],"predecessor-version":[{"id":4185,"href":"https:\/\/paliskunnat.fi\/poro\/wp-json\/wp\/v2\/pages\/309\/revisions\/4185"}],"up":[{"embeddable":true,"href":"https:\/\/paliskunnat.fi\/poro\/wp-json\/wp\/v2\/pages\/2325"}],"wp:attachment":[{"href":"https:\/\/paliskunnat.fi\/poro\/wp-json\/wp\/v2\/media?parent=309"}],"curies":[{"name":"wp","href":"https:\/\/api.w.org\/{rel}","templated":true}]}}