{"id":3843,"date":"2018-01-25T15:59:11","date_gmt":"2018-01-25T13:59:11","guid":{"rendered":"https:\/\/paliskunnat.fi\/poro\/?page_id=3843"},"modified":"2021-01-14T12:58:21","modified_gmt":"2021-01-14T10:58:21","slug":"antidoping-toiminta","status":"publish","type":"page","link":"https:\/\/paliskunnat.fi\/poro\/porokilpailut\/antidoping-toiminta\/","title":{"rendered":"Antidoping-toiminta"},"content":{"rendered":"<h2>Antidoping-toiminta<\/h2>\n<p>El\u00e4inkilpailujen antidopingtoimikunta (EKADT) on itsen\u00e4inen ja puolueeton asiantuntijaelin, jonka tarkoituksena on est\u00e4\u00e4 kiellettyjen l\u00e4\u00e4keaineiden ja menetelmien k\u00e4ytt\u00f6 el\u00e4inurheilussa ottamalla kantaa ep\u00e4iltyihin dopingtapauksiin ja antamalla suosituksia asianomaiselle j\u00e4rjest\u00f6lle teon vakavuudesta.<\/p>\n<p>Toimikunta on perustettu Helsingiss\u00e4 2.3.2000 ja siihen liittyneet el\u00e4inkilpailuj\u00e4rjest\u00f6t yll\u00e4pit\u00e4v\u00e4t toimikuntaa yhdess\u00e4 Helsingin yliopiston el\u00e4inl\u00e4\u00e4ketieteellisen tiedekunnan kanssa. T\u00e4ll\u00e4 hetkell\u00e4 toimikuntaan kuuluvat Suomen Hippos, Suomen Kennelliitto, Suomen Ratsastajainliitto, <strong>Paliskuntain yhdistys (31.12.2020 saakka)<\/strong> sek\u00e4 Greyhound Racing liitto, mutta mill\u00e4 tahansa el\u00e4inkilpailuja j\u00e4rjest\u00e4v\u00e4ll\u00e4 yhdistyksell\u00e4 on oikeus hakea paikkaa toimikuntaan. Toimikuntaan kuulumattomat el\u00e4inkilpailuyhdistykset voivat my\u00f6s halutessaan saada lausuntoja ep\u00e4illyist\u00e4 dopingtapauksistaan erillist\u00e4 korvausta vastaan.<\/p>\n<p>EKADT k\u00e4sittelee sille eri el\u00e4inkilpailuj\u00e4rjest\u00f6ilt\u00e4 tulleet tapaukset ja antaa lausuntonsa kyseiselle j\u00e4rjest\u00f6lle, mutta ei m\u00e4\u00e4rittele rikkomuksia seuraavia rangaistuksia. Kukin el\u00e4inkilpailuj\u00e4rjest\u00f6 m\u00e4\u00e4r\u00e4\u00e4 rangaistuksista sek\u00e4 antamiensa rangaistusten muutoksenhakumenettelyst\u00e4 omissa s\u00e4\u00e4nn\u00f6iss\u00e4\u00e4n.<\/p>\n<p>Porokilpailus\u00e4\u00e4nn\u00f6ist\u00e4 p\u00e4\u00e4tt\u00e4\u00e4 Suomen Porokilpailijat ry <a href=\"https:\/\/www.porokilpailijat.fi\/\" class=\"external external_icon\" rel=\"nofollow\">www.porokilpailijat.fi<\/a>.<\/p>\n<p>&nbsp;<\/p>\n<p>&nbsp;<\/p>\n<p><!--more--><\/p>\n<h2>L\u00e4\u00e4kint\u00e4s\u00e4\u00e4nn\u00f6t<\/h2>\n<p><a href=\"https:\/\/paliskunnat.fi\/poro\/wp-content\/uploads\/2020\/09\/Porokilpailusaannot_laakintasaannot_05092020.pdf\">Porokilpailujen l\u00e4\u00e4kint\u00e4s\u00e4\u00e4nn\u00f6t <\/a>(p\u00e4ivitetty 5.9.2020)<\/p>\n","protected":false},"excerpt":{"rendered":"<p>Antidoping-toiminta El\u00e4inkilpailujen antidopingtoimikunta (EKADT) on itsen\u00e4inen ja puolueeton asiantuntijaelin, jonka tarkoituksena on est\u00e4\u00e4 kiellettyjen l\u00e4\u00e4keaineiden ja menetelmien k\u00e4ytt\u00f6 el\u00e4inurheilussa ottamalla kantaa ep\u00e4iltyihin dopingtapauksiin ja antamalla suosituksia asianomaiselle j\u00e4rjest\u00f6lle teon vakavuudesta. Toimikunta on perustettu Helsingiss\u00e4 2.3.2000 ja siihen liittyneet el\u00e4inkilpailuj\u00e4rjest\u00f6t yll\u00e4pit\u00e4v\u00e4t toimikuntaa yhdess\u00e4 Helsingin yliopiston el\u00e4inl\u00e4\u00e4ketieteellisen tiedekunnan kanssa. T\u00e4ll\u00e4 hetkell\u00e4 toimikuntaan kuuluvat Suomen Hippos, Suomen Kennelliitto, [&hellip;]<\/p>\n","protected":false},"author":1,"featured_media":0,"parent":455,"menu_order":6,"comment_status":"closed","ping_status":"closed","template":"","meta":{"footnotes":""},"class_list":["post-3843","page","type-page","status-publish","hentry"],"yoast_head":"<!-- This site is optimized with the Yoast SEO plugin v27.2 - https:\/\/yoast.com\/product\/yoast-seo-wordpress\/ -->\n<title>Antidoping-toiminta - Poro ja poronhoito<\/title>\n<meta name=\"robots\" content=\"index, follow, max-snippet:-1, max-image-preview:large, max-video-preview:-1\" \/>\n<link rel=\"canonical\" href=\"https:\/\/paliskunnat.fi\/poro\/porokilpailut\/antidoping-toiminta\/\" \/>\n<meta property=\"og:locale\" content=\"fi_FI\" \/>\n<meta property=\"og:type\" content=\"article\" \/>\n<meta property=\"og:title\" content=\"Antidoping-toiminta - Poro ja poronhoito\" \/>\n<meta property=\"og:description\" content=\"Antidoping-toiminta El\u00e4inkilpailujen antidopingtoimikunta (EKADT) on itsen\u00e4inen ja puolueeton asiantuntijaelin, jonka tarkoituksena on est\u00e4\u00e4 kiellettyjen l\u00e4\u00e4keaineiden ja menetelmien k\u00e4ytt\u00f6 el\u00e4inurheilussa ottamalla kantaa ep\u00e4iltyihin dopingtapauksiin ja antamalla suosituksia asianomaiselle j\u00e4rjest\u00f6lle teon vakavuudesta. Toimikunta on perustettu Helsingiss\u00e4 2.3.2000 ja siihen liittyneet el\u00e4inkilpailuj\u00e4rjest\u00f6t yll\u00e4pit\u00e4v\u00e4t toimikuntaa yhdess\u00e4 Helsingin yliopiston el\u00e4inl\u00e4\u00e4ketieteellisen tiedekunnan kanssa. T\u00e4ll\u00e4 hetkell\u00e4 toimikuntaan kuuluvat Suomen Hippos, Suomen Kennelliitto, [&hellip;]\" \/>\n<meta property=\"og:url\" content=\"https:\/\/paliskunnat.fi\/poro\/porokilpailut\/antidoping-toiminta\/\" \/>\n<meta property=\"og:site_name\" content=\"Poro ja poronhoito\" \/>\n<meta property=\"article:modified_time\" content=\"2021-01-14T10:58:21+00:00\" \/>\n<meta name=\"twitter:card\" content=\"summary_large_image\" \/>\n<meta name=\"twitter:label1\" content=\"Arvioitu lukuaika\" \/>\n\t<meta name=\"twitter:data1\" content=\"1 minuutti\" \/>\n<script type=\"application\/ld+json\" class=\"yoast-schema-graph\">{\"@context\":\"https:\/\/schema.org\",\"@graph\":[{\"@type\":\"WebPage\",\"@id\":\"https:\/\/paliskunnat.fi\/poro\/porokilpailut\/antidoping-toiminta\/\",\"url\":\"https:\/\/paliskunnat.fi\/poro\/porokilpailut\/antidoping-toiminta\/\",\"name\":\"Antidoping-toiminta - Poro ja poronhoito\",\"isPartOf\":{\"@id\":\"https:\/\/paliskunnat.fi\/poro\/#website\"},\"datePublished\":\"2018-01-25T13:59:11+00:00\",\"dateModified\":\"2021-01-14T10:58:21+00:00\",\"breadcrumb\":{\"@id\":\"https:\/\/paliskunnat.fi\/poro\/porokilpailut\/antidoping-toiminta\/#breadcrumb\"},\"inLanguage\":\"fi\",\"potentialAction\":[{\"@type\":\"ReadAction\",\"target\":[\"https:\/\/paliskunnat.fi\/poro\/porokilpailut\/antidoping-toiminta\/\"]}]},{\"@type\":\"BreadcrumbList\",\"@id\":\"https:\/\/paliskunnat.fi\/poro\/porokilpailut\/antidoping-toiminta\/#breadcrumb\",\"itemListElement\":[{\"@type\":\"ListItem\",\"position\":1,\"name\":\"Home\",\"item\":\"https:\/\/paliskunnat.fi\/poro\/\"},{\"@type\":\"ListItem\",\"position\":2,\"name\":\"Porokilpailut\",\"item\":\"https:\/\/paliskunnat.fi\/poro\/porokilpailut\/\"},{\"@type\":\"ListItem\",\"position\":3,\"name\":\"Antidoping-toiminta\"}]},{\"@type\":\"WebSite\",\"@id\":\"https:\/\/paliskunnat.fi\/poro\/#website\",\"url\":\"https:\/\/paliskunnat.fi\/poro\/\",\"name\":\"Poro ja poronhoito\",\"description\":\"Poro ja poronhoito Suomessa\",\"potentialAction\":[{\"@type\":\"SearchAction\",\"target\":{\"@type\":\"EntryPoint\",\"urlTemplate\":\"https:\/\/paliskunnat.fi\/poro\/?s={search_term_string}\"},\"query-input\":{\"@type\":\"PropertyValueSpecification\",\"valueRequired\":true,\"valueName\":\"search_term_string\"}}],\"inLanguage\":\"fi\"}]}<\/script>\n<!-- \/ Yoast SEO plugin. -->","yoast_head_json":{"title":"Antidoping-toiminta - Poro ja poronhoito","robots":{"index":"index","follow":"follow","max-snippet":"max-snippet:-1","max-image-preview":"max-image-preview:large","max-video-preview":"max-video-preview:-1"},"canonical":"https:\/\/paliskunnat.fi\/poro\/porokilpailut\/antidoping-toiminta\/","og_locale":"fi_FI","og_type":"article","og_title":"Antidoping-toiminta - Poro ja poronhoito","og_description":"Antidoping-toiminta El\u00e4inkilpailujen antidopingtoimikunta (EKADT) on itsen\u00e4inen ja puolueeton asiantuntijaelin, jonka tarkoituksena on est\u00e4\u00e4 kiellettyjen l\u00e4\u00e4keaineiden ja menetelmien k\u00e4ytt\u00f6 el\u00e4inurheilussa ottamalla kantaa ep\u00e4iltyihin dopingtapauksiin ja antamalla suosituksia asianomaiselle j\u00e4rjest\u00f6lle teon vakavuudesta. Toimikunta on perustettu Helsingiss\u00e4 2.3.2000 ja siihen liittyneet el\u00e4inkilpailuj\u00e4rjest\u00f6t yll\u00e4pit\u00e4v\u00e4t toimikuntaa yhdess\u00e4 Helsingin yliopiston el\u00e4inl\u00e4\u00e4ketieteellisen tiedekunnan kanssa. T\u00e4ll\u00e4 hetkell\u00e4 toimikuntaan kuuluvat Suomen Hippos, Suomen Kennelliitto, [&hellip;]","og_url":"https:\/\/paliskunnat.fi\/poro\/porokilpailut\/antidoping-toiminta\/","og_site_name":"Poro ja poronhoito","article_modified_time":"2021-01-14T10:58:21+00:00","twitter_card":"summary_large_image","twitter_misc":{"Arvioitu lukuaika":"1 minuutti"},"schema":{"@context":"https:\/\/schema.org","@graph":[{"@type":"WebPage","@id":"https:\/\/paliskunnat.fi\/poro\/porokilpailut\/antidoping-toiminta\/","url":"https:\/\/paliskunnat.fi\/poro\/porokilpailut\/antidoping-toiminta\/","name":"Antidoping-toiminta - Poro ja poronhoito","isPartOf":{"@id":"https:\/\/paliskunnat.fi\/poro\/#website"},"datePublished":"2018-01-25T13:59:11+00:00","dateModified":"2021-01-14T10:58:21+00:00","breadcrumb":{"@id":"https:\/\/paliskunnat.fi\/poro\/porokilpailut\/antidoping-toiminta\/#breadcrumb"},"inLanguage":"fi","potentialAction":[{"@type":"ReadAction","target":["https:\/\/paliskunnat.fi\/poro\/porokilpailut\/antidoping-toiminta\/"]}]},{"@type":"BreadcrumbList","@id":"https:\/\/paliskunnat.fi\/poro\/porokilpailut\/antidoping-toiminta\/#breadcrumb","itemListElement":[{"@type":"ListItem","position":1,"name":"Home","item":"https:\/\/paliskunnat.fi\/poro\/"},{"@type":"ListItem","position":2,"name":"Porokilpailut","item":"https:\/\/paliskunnat.fi\/poro\/porokilpailut\/"},{"@type":"ListItem","position":3,"name":"Antidoping-toiminta"}]},{"@type":"WebSite","@id":"https:\/\/paliskunnat.fi\/poro\/#website","url":"https:\/\/paliskunnat.fi\/poro\/","name":"Poro ja poronhoito","description":"Poro ja poronhoito Suomessa","potentialAction":[{"@type":"SearchAction","target":{"@type":"EntryPoint","urlTemplate":"https:\/\/paliskunnat.fi\/poro\/?s={search_term_string}"},"query-input":{"@type":"PropertyValueSpecification","valueRequired":true,"valueName":"search_term_string"}}],"inLanguage":"fi"}]}},"_links":{"self":[{"href":"https:\/\/paliskunnat.fi\/poro\/wp-json\/wp\/v2\/pages\/3843","targetHints":{"allow":["GET"]}}],"collection":[{"href":"https:\/\/paliskunnat.fi\/poro\/wp-json\/wp\/v2\/pages"}],"about":[{"href":"https:\/\/paliskunnat.fi\/poro\/wp-json\/wp\/v2\/types\/page"}],"author":[{"embeddable":true,"href":"https:\/\/paliskunnat.fi\/poro\/wp-json\/wp\/v2\/users\/1"}],"replies":[{"embeddable":true,"href":"https:\/\/paliskunnat.fi\/poro\/wp-json\/wp\/v2\/comments?post=3843"}],"version-history":[{"count":12,"href":"https:\/\/paliskunnat.fi\/poro\/wp-json\/wp\/v2\/pages\/3843\/revisions"}],"predecessor-version":[{"id":4308,"href":"https:\/\/paliskunnat.fi\/poro\/wp-json\/wp\/v2\/pages\/3843\/revisions\/4308"}],"up":[{"embeddable":true,"href":"https:\/\/paliskunnat.fi\/poro\/wp-json\/wp\/v2\/pages\/455"}],"wp:attachment":[{"href":"https:\/\/paliskunnat.fi\/poro\/wp-json\/wp\/v2\/media?parent=3843"}],"curies":[{"name":"wp","href":"https:\/\/api.w.org\/{rel}","templated":true}]}}