{"id":5,"date":"2014-08-31T16:07:46","date_gmt":"2014-08-31T13:07:46","guid":{"rendered":"http:\/\/80.69.171.23\/poro\/?page_id=5"},"modified":"2023-12-29T18:55:27","modified_gmt":"2023-12-29T16:55:27","slug":"etusivu","status":"publish","type":"page","link":"https:\/\/paliskunnat.fi\/poro\/","title":{"rendered":"Etusivu"},"content":{"rendered":"<p><img loading=\"lazy\" decoding=\"async\" class=\"alignnone size-full wp-image-19\" src=\"https:\/\/paliskunnat.fi\/poro\/wp-content\/uploads\/2014\/08\/kuva01.jpg\" alt=\"\" width=\"300\" height=\"170\" \/><\/p>\n<p><strong>PORO<\/strong><\/p>\n<p>Poro on pohjoisen kulttuurin sielu ja Lapin itseoikeutettu maakuntael\u00e4in<\/p>\n<p>&nbsp;<\/p>\n<p><a href=\"http:\/\/paliskunnat.fi\/poro\/wp-content\/uploads\/2020\/09\/Poroesite_2020.pdf\">Esite (p\u00e4ivitetty 9\/2020)<\/a><\/p>\n<p><!--more--><\/p>\n<p><img loading=\"lazy\" decoding=\"async\" class=\"alignnone wp-image-3101 size-full\" src=\"https:\/\/paliskunnat.fi\/poro\/wp-content\/uploads\/2014\/08\/poropiiras_pieni.jpg\" alt=\"\" width=\"300\" height=\"170\" \/><\/p>\n<p><strong>PORO\u00a0&#8211; LUONNOLLISESTI PARASTA<\/strong><\/p>\n<p><a href=\"http:\/\/www.pororeseptit.fi\/\" class=\"external external_icon\" rel=\"nofollow\">Pororeseptit\u00a0<\/a>&#8211; maukkaita poroherkkuja<\/p>\n<p><!--more--><\/p>\n<p><em><strong>PORO &#8211; AURINGON KARJAA<\/strong><\/em><\/p>\n<p><em>Lapin vanhoissa saduissa sit\u00e4 kutsutaan my\u00f6s auringon karjaksi, jonka auringonjumala on lahjoittanut ihmisille, jotta heid\u00e4n ei tarvitse tuhoutua tunturien hedelm\u00e4tt\u00f6m\u00e4\u00e4n tyhjyyteen.<\/em><\/p>\n<p><em>Lappalaisten vanhojen tarujen mukaan Jubmel loi kerran maan poronvasasta. Luista tuli kallioper\u00e4, lihaksista maa ja multa, mutta maan sisuksiin luoja piilotti poronvasan syd\u00e4men. Tuulessa yksin\u00e4inen vaeltaja voi joskus kuulla pienen poronvasan poronsyd\u00e4men ly\u00f6nnit. -Erik Therman, 1990.<\/em><\/p>\n<p><!--more--><strong>LAPIN PORO -NIMISUOJATTU TUOTE<\/strong><\/p>\n<p>Lapin Poron lihalle, Lapin Poron kuivalihalle ja Lapin Poron kylm\u00e4savulihalle on my\u00f6nnetty EU:n tasolla arvostettu nimisuoja.<\/p>\n<p>&nbsp;<\/p>\n<p><a href=\"https:\/\/paliskunnat.fi\/poro\/pororuoka\/nimisuojat\/\">Lue lis\u00e4\u00e4<\/a><\/p>\n<p><!--more--><strong>VARO POROA LIIKENTEESS\u00c4!<\/strong><\/p>\n<p>Poronhoitoalueella poroja liikkuu teill\u00e4 aina, joten liikenteess\u00e4 on syyt\u00e4 noudattaa erityist\u00e4 varovaisuutta. Suurin porokolaririski ajoittuu kes\u00e4-hein\u00e4kuulle sek\u00e4 marras-tammikuulle.<\/p>\n<p>&nbsp;<\/p>\n<p><a href=\"https:\/\/paliskunnat.fi\/py\/porovahingot\/liikennevahingot\/\">Lue lis\u00e4\u00e4<\/a><\/p>\n<p><!--more--><\/p>\n","protected":false},"excerpt":{"rendered":"<p>PORO Poro on pohjoisen kulttuurin sielu ja Lapin itseoikeutettu maakuntael\u00e4in &nbsp; Esite (p\u00e4ivitetty 9\/2020)<\/p>\n","protected":false},"author":1,"featured_media":2690,"parent":0,"menu_order":0,"comment_status":"open","ping_status":"closed","template":"etusivu2.php","meta":{"footnotes":""},"class_list":["post-5","page","type-page","status-publish","has-post-thumbnail","hentry"],"yoast_head":"<!-- This site is optimized with the Yoast SEO plugin v27.2 - https:\/\/yoast.com\/product\/yoast-seo-wordpress\/ -->\n<title>Etusivu - Poro ja poronhoito<\/title>\n<meta name=\"robots\" content=\"index, follow, max-snippet:-1, max-image-preview:large, max-video-preview:-1\" \/>\n<link rel=\"canonical\" href=\"https:\/\/paliskunnat.fi\/poro\/\" \/>\n<meta property=\"og:locale\" content=\"fi_FI\" \/>\n<meta property=\"og:type\" content=\"article\" \/>\n<meta property=\"og:title\" content=\"Etusivu - Poro ja poronhoito\" \/>\n<meta property=\"og:description\" content=\"PORO Poro on pohjoisen kulttuurin sielu ja Lapin itseoikeutettu maakuntael\u00e4in &nbsp; Esite (p\u00e4ivitetty 9\/2020)\" \/>\n<meta property=\"og:url\" content=\"https:\/\/paliskunnat.fi\/poro\/\" \/>\n<meta property=\"og:site_name\" content=\"Poro ja poronhoito\" \/>\n<meta property=\"article:modified_time\" content=\"2023-12-29T16:55:27+00:00\" \/>\n<meta property=\"og:image\" content=\"https:\/\/paliskunnat.fi\/poro\/wp-content\/uploads\/2014\/08\/Vasanleikko-13-Helena-R\u00e4nn\u00e4li-2.jpg\" \/>\n\t<meta property=\"og:image:width\" content=\"960\" \/>\n\t<meta property=\"og:image:height\" content=\"640\" \/>\n\t<meta property=\"og:image:type\" content=\"image\/jpeg\" \/>\n<meta name=\"twitter:card\" content=\"summary_large_image\" \/>\n<meta name=\"twitter:label1\" content=\"Arvioitu lukuaika\" \/>\n\t<meta name=\"twitter:data1\" content=\"2 minuuttia\" \/>\n<script type=\"application\/ld+json\" class=\"yoast-schema-graph\">{\"@context\":\"https:\/\/schema.org\",\"@graph\":[{\"@type\":\"WebPage\",\"@id\":\"https:\/\/paliskunnat.fi\/poro\/\",\"url\":\"https:\/\/paliskunnat.fi\/poro\/\",\"name\":\"Etusivu - Poro ja poronhoito\",\"isPartOf\":{\"@id\":\"https:\/\/paliskunnat.fi\/poro\/#website\"},\"primaryImageOfPage\":{\"@id\":\"https:\/\/paliskunnat.fi\/poro\/#primaryimage\"},\"image\":{\"@id\":\"https:\/\/paliskunnat.fi\/poro\/#primaryimage\"},\"thumbnailUrl\":\"https:\/\/paliskunnat.fi\/poro\/wp-content\/uploads\/2014\/08\/Vasanleikko-13-Helena-R\u00e4nn\u00e4li-2.jpg\",\"datePublished\":\"2014-08-31T13:07:46+00:00\",\"dateModified\":\"2023-12-29T16:55:27+00:00\",\"breadcrumb\":{\"@id\":\"https:\/\/paliskunnat.fi\/poro\/#breadcrumb\"},\"inLanguage\":\"fi\",\"potentialAction\":[{\"@type\":\"ReadAction\",\"target\":[\"https:\/\/paliskunnat.fi\/poro\/\"]}]},{\"@type\":\"ImageObject\",\"inLanguage\":\"fi\",\"@id\":\"https:\/\/paliskunnat.fi\/poro\/#primaryimage\",\"url\":\"https:\/\/paliskunnat.fi\/poro\/wp-content\/uploads\/2014\/08\/Vasanleikko-13-Helena-R\u00e4nn\u00e4li-2.jpg\",\"contentUrl\":\"https:\/\/paliskunnat.fi\/poro\/wp-content\/uploads\/2014\/08\/Vasanleikko-13-Helena-R\u00e4nn\u00e4li-2.jpg\",\"width\":960,\"height\":640},{\"@type\":\"BreadcrumbList\",\"@id\":\"https:\/\/paliskunnat.fi\/poro\/#breadcrumb\",\"itemListElement\":[{\"@type\":\"ListItem\",\"position\":1,\"name\":\"Home\",\"item\":\"https:\/\/paliskunnat.fi\/poro\/\"},{\"@type\":\"ListItem\",\"position\":2,\"name\":\"Etusivu\"}]},{\"@type\":\"WebSite\",\"@id\":\"https:\/\/paliskunnat.fi\/poro\/#website\",\"url\":\"https:\/\/paliskunnat.fi\/poro\/\",\"name\":\"Poro ja poronhoito\",\"description\":\"Poro ja poronhoito Suomessa\",\"potentialAction\":[{\"@type\":\"SearchAction\",\"target\":{\"@type\":\"EntryPoint\",\"urlTemplate\":\"https:\/\/paliskunnat.fi\/poro\/?s={search_term_string}\"},\"query-input\":{\"@type\":\"PropertyValueSpecification\",\"valueRequired\":true,\"valueName\":\"search_term_string\"}}],\"inLanguage\":\"fi\"}]}<\/script>\n<!-- \/ Yoast SEO plugin. -->","yoast_head_json":{"title":"Etusivu - Poro ja poronhoito","robots":{"index":"index","follow":"follow","max-snippet":"max-snippet:-1","max-image-preview":"max-image-preview:large","max-video-preview":"max-video-preview:-1"},"canonical":"https:\/\/paliskunnat.fi\/poro\/","og_locale":"fi_FI","og_type":"article","og_title":"Etusivu - Poro ja poronhoito","og_description":"PORO Poro on pohjoisen kulttuurin sielu ja Lapin itseoikeutettu maakuntael\u00e4in &nbsp; Esite (p\u00e4ivitetty 9\/2020)","og_url":"https:\/\/paliskunnat.fi\/poro\/","og_site_name":"Poro ja poronhoito","article_modified_time":"2023-12-29T16:55:27+00:00","og_image":[{"width":960,"height":640,"url":"https:\/\/paliskunnat.fi\/poro\/wp-content\/uploads\/2014\/08\/Vasanleikko-13-Helena-R\u00e4nn\u00e4li-2.jpg","type":"image\/jpeg"}],"twitter_card":"summary_large_image","twitter_misc":{"Arvioitu lukuaika":"2 minuuttia"},"schema":{"@context":"https:\/\/schema.org","@graph":[{"@type":"WebPage","@id":"https:\/\/paliskunnat.fi\/poro\/","url":"https:\/\/paliskunnat.fi\/poro\/","name":"Etusivu - Poro ja poronhoito","isPartOf":{"@id":"https:\/\/paliskunnat.fi\/poro\/#website"},"primaryImageOfPage":{"@id":"https:\/\/paliskunnat.fi\/poro\/#primaryimage"},"image":{"@id":"https:\/\/paliskunnat.fi\/poro\/#primaryimage"},"thumbnailUrl":"https:\/\/paliskunnat.fi\/poro\/wp-content\/uploads\/2014\/08\/Vasanleikko-13-Helena-R\u00e4nn\u00e4li-2.jpg","datePublished":"2014-08-31T13:07:46+00:00","dateModified":"2023-12-29T16:55:27+00:00","breadcrumb":{"@id":"https:\/\/paliskunnat.fi\/poro\/#breadcrumb"},"inLanguage":"fi","potentialAction":[{"@type":"ReadAction","target":["https:\/\/paliskunnat.fi\/poro\/"]}]},{"@type":"ImageObject","inLanguage":"fi","@id":"https:\/\/paliskunnat.fi\/poro\/#primaryimage","url":"https:\/\/paliskunnat.fi\/poro\/wp-content\/uploads\/2014\/08\/Vasanleikko-13-Helena-R\u00e4nn\u00e4li-2.jpg","contentUrl":"https:\/\/paliskunnat.fi\/poro\/wp-content\/uploads\/2014\/08\/Vasanleikko-13-Helena-R\u00e4nn\u00e4li-2.jpg","width":960,"height":640},{"@type":"BreadcrumbList","@id":"https:\/\/paliskunnat.fi\/poro\/#breadcrumb","itemListElement":[{"@type":"ListItem","position":1,"name":"Home","item":"https:\/\/paliskunnat.fi\/poro\/"},{"@type":"ListItem","position":2,"name":"Etusivu"}]},{"@type":"WebSite","@id":"https:\/\/paliskunnat.fi\/poro\/#website","url":"https:\/\/paliskunnat.fi\/poro\/","name":"Poro ja poronhoito","description":"Poro ja poronhoito Suomessa","potentialAction":[{"@type":"SearchAction","target":{"@type":"EntryPoint","urlTemplate":"https:\/\/paliskunnat.fi\/poro\/?s={search_term_string}"},"query-input":{"@type":"PropertyValueSpecification","valueRequired":true,"valueName":"search_term_string"}}],"inLanguage":"fi"}]}},"_links":{"self":[{"href":"https:\/\/paliskunnat.fi\/poro\/wp-json\/wp\/v2\/pages\/5","targetHints":{"allow":["GET"]}}],"collection":[{"href":"https:\/\/paliskunnat.fi\/poro\/wp-json\/wp\/v2\/pages"}],"about":[{"href":"https:\/\/paliskunnat.fi\/poro\/wp-json\/wp\/v2\/types\/page"}],"author":[{"embeddable":true,"href":"https:\/\/paliskunnat.fi\/poro\/wp-json\/wp\/v2\/users\/1"}],"replies":[{"embeddable":true,"href":"https:\/\/paliskunnat.fi\/poro\/wp-json\/wp\/v2\/comments?post=5"}],"version-history":[{"count":110,"href":"https:\/\/paliskunnat.fi\/poro\/wp-json\/wp\/v2\/pages\/5\/revisions"}],"predecessor-version":[{"id":4593,"href":"https:\/\/paliskunnat.fi\/poro\/wp-json\/wp\/v2\/pages\/5\/revisions\/4593"}],"wp:featuredmedia":[{"embeddable":true,"href":"https:\/\/paliskunnat.fi\/poro\/wp-json\/wp\/v2\/media\/2690"}],"wp:attachment":[{"href":"https:\/\/paliskunnat.fi\/poro\/wp-json\/wp\/v2\/media?parent=5"}],"curies":[{"name":"wp","href":"https:\/\/api.w.org\/{rel}","templated":true}]}}