{"id":585,"date":"2014-12-06T11:41:21","date_gmt":"2014-12-06T09:41:21","guid":{"rendered":"http:\/\/80.69.171.23\/poro\/?page_id=585"},"modified":"2024-03-08T15:25:22","modified_gmt":"2024-03-08T13:25:22","slug":"porokilpailusanastoa","status":"publish","type":"page","link":"https:\/\/paliskunnat.fi\/poro\/porokilpailut\/porokilpailusanastoa\/","title":{"rendered":"Porokilpailusanastoa"},"content":{"rendered":"<h2>Porokilpailusanastoa<\/h2>\n<h3>Suopunginheitto<\/h3>\n<p>Suopunki on poronhoidossa k\u00e4ytett\u00e4v\u00e4 perinteinen ty\u00f6v\u00e4line. Suopunginheittokilpailussa pyydystett\u00e4v\u00e4n\u00e4 toimii poron sijasta eri et\u00e4isyyksille asetettu maalitolppa. Tavoitteena on osua mahdollisimman nopeasti omalla radalla eri et\u00e4isyyksill\u00e4 oleviin tolppiin, lyhimm\u00e4st\u00e4 et\u00e4isyydest\u00e4 kauimmaiseen edeten. Naisten heittoet\u00e4isyydet ovat 7\u221211 metri\u00e4 ja miesten 11\u221215 metri\u00e4. Lapsille on omia sarjoja. Kilpailuissa on yleens\u00e4 6\u221210 minuutin aikaraja ja nopeimmin radan suorittanut heitt\u00e4j\u00e4 voittaa. Parhaat heitt\u00e4j\u00e4t l\u00e4p\u00e4isev\u00e4t radan jopa minuutissa. Lis\u00e4tietoja: <a href=\"http:\/\/www.suopunki.fi\/\" class=\"external external_icon\" rel=\"nofollow\">www.suopunki.fi<\/a>.<\/p>\n\n\t\t<style type=\"text\/css\">\n\t\t\t#gallery-1 {\n\t\t\t\tmargin: auto;\n\t\t\t}\n\t\t\t#gallery-1 .gallery-item {\n\t\t\t\tfloat: left;\n\t\t\t\tmargin-top: 10px;\n\t\t\t\ttext-align: center;\n\t\t\t\twidth: 33%;\n\t\t\t}\n\t\t\t#gallery-1 img {\n\t\t\t\tborder: 2px solid #cfcfcf;\n\t\t\t}\n\t\t\t#gallery-1 .gallery-caption {\n\t\t\t\tmargin-left: 0;\n\t\t\t}\n\t\t\t\/* see gallery_shortcode() in wp-includes\/media.php *\/\n\t\t<\/style>\n\t\t<div id='gallery-1' class='gallery galleryid-585 gallery-columns-3 gallery-size-thumbnail'><dl class='gallery-item'>\n\t\t\t<dt class='gallery-icon portrait'>\n\t\t\t\t<a href='https:\/\/paliskunnat.fi\/poro\/wp-content\/uploads\/2014\/12\/suopunki1.jpg' rel=\"lightbox[585]\"><img loading=\"lazy\" decoding=\"async\" width=\"150\" height=\"150\" src=\"https:\/\/paliskunnat.fi\/poro\/wp-content\/uploads\/2014\/12\/suopunki1-150x150.jpg\" class=\"attachment-thumbnail size-thumbnail\" alt=\"\" \/><\/a>\n\t\t\t<\/dt><\/dl><dl class='gallery-item'>\n\t\t\t<dt class='gallery-icon portrait'>\n\t\t\t\t<a href='https:\/\/paliskunnat.fi\/poro\/wp-content\/uploads\/2014\/12\/suopunki2.jpg' rel=\"lightbox[585]\"><img loading=\"lazy\" decoding=\"async\" width=\"150\" height=\"150\" src=\"https:\/\/paliskunnat.fi\/poro\/wp-content\/uploads\/2014\/12\/suopunki2-150x150.jpg\" class=\"attachment-thumbnail size-thumbnail\" alt=\"\" \/><\/a>\n\t\t\t<\/dt><\/dl><dl class='gallery-item'>\n\t\t\t<dt class='gallery-icon portrait'>\n\t\t\t\t<a href='https:\/\/paliskunnat.fi\/poro\/wp-content\/uploads\/2014\/12\/suopunki3.jpg' rel=\"lightbox[585]\"><img loading=\"lazy\" decoding=\"async\" width=\"150\" height=\"150\" src=\"https:\/\/paliskunnat.fi\/poro\/wp-content\/uploads\/2014\/12\/suopunki3-150x150.jpg\" class=\"attachment-thumbnail size-thumbnail\" alt=\"\" \/><\/a>\n\t\t\t<\/dt><\/dl><br style=\"clear: both\" \/><dl class='gallery-item'>\n\t\t\t<dt class='gallery-icon portrait'>\n\t\t\t\t<a href='https:\/\/paliskunnat.fi\/poro\/wp-content\/uploads\/2014\/12\/suopunki4.jpg' rel=\"lightbox[585]\"><img loading=\"lazy\" decoding=\"async\" width=\"150\" height=\"150\" src=\"https:\/\/paliskunnat.fi\/poro\/wp-content\/uploads\/2014\/12\/suopunki4-150x150.jpg\" class=\"attachment-thumbnail size-thumbnail\" alt=\"\" \/><\/a>\n\t\t\t<\/dt><\/dl><dl class='gallery-item'>\n\t\t\t<dt class='gallery-icon portrait'>\n\t\t\t\t<a href='https:\/\/paliskunnat.fi\/poro\/wp-content\/uploads\/2014\/12\/suopunki5.jpg' rel=\"lightbox[585]\"><img loading=\"lazy\" decoding=\"async\" width=\"150\" height=\"150\" src=\"https:\/\/paliskunnat.fi\/poro\/wp-content\/uploads\/2014\/12\/suopunki5-150x150.jpg\" class=\"attachment-thumbnail size-thumbnail\" alt=\"\" \/><\/a>\n\t\t\t<\/dt><\/dl><dl class='gallery-item'>\n\t\t\t<dt class='gallery-icon portrait'>\n\t\t\t\t<a href='https:\/\/paliskunnat.fi\/poro\/wp-content\/uploads\/2014\/12\/suopunki6.jpg' rel=\"lightbox[585]\"><img loading=\"lazy\" decoding=\"async\" width=\"150\" height=\"150\" src=\"https:\/\/paliskunnat.fi\/poro\/wp-content\/uploads\/2014\/12\/suopunki6-150x150.jpg\" class=\"attachment-thumbnail size-thumbnail\" alt=\"\" \/><\/a>\n\t\t\t<\/dt><\/dl><br style=\"clear: both\" \/>\n\t\t<\/div>\n\n<h3>Karsinta-ajo<\/h3>\n<p>Karsinta-ajossa kilpaporokokelaat pyrkiv\u00e4t alittamaan kilometrin yksitt\u00e4isajossa ajan 1:25 (1 min 25 sek). T\u00e4m\u00e4n karsintarajana toimivan ajan alitettuaan ne saavat kilpaporon statuksen ja voivat osallistua virallisiin porokilpailuihin. Karsinta-ajoa valvoo virallinen valvoja.<\/p>\n<h3>Yleinen sarja<\/h3>\n<p>Kilpaporo on alittanut karsinta-ajossa kilometrill\u00e4 ajan 1.25,00 ja poro on rekister\u00f6ity Paliskuntain yhdistyksen yll\u00e4pit\u00e4m\u00e4\u00e4n kilpapororekisteriin kilpapiltalla. Poro kilpailee yleisess\u00e4 sarjassa, kunnes saavuttaa kuuman sarjan tavoiteajan.<\/p>\n<h3>Kuuma sarja<\/h3>\n<p>Kilpaporon saavuttaessa kilometrill\u00e4 ajan 1.19,499 tai parempi, se nousee kuumaan sarjaan. Kuumassa sarjassa kilpailevat siis kaikkein nopeimmat porot. Porocupin kilpailuissa yleisen sarjan A-finaalin kolme parasta siirtyv\u00e4t automaattisesti kuumaan sarjaan.<\/p>\n<h3>Poro Cup-osakilpailut<\/h3>\n<p>Suomen Porokilpailijat ry:n hyv\u00e4ksym\u00e4t ja valvomat porokilpailut ovat yleisi\u00e4 porokilpailuja ja n\u00e4ist\u00e4 enint\u00e4\u00e4n viisi toimii vuosittain ajettavan Poro Cup -kilpailukauden osakilpailuna. Osakilpailujen j\u00e4rjest\u00e4jin\u00e4 toimivat paikalliset yhdistykset ja seurat. Poro Cupin -osakilpailuista eniten pisteit\u00e4 ker\u00e4nnyt poro julistetaan Cup-mestariksi. Suomalaisten kausi huipentuu Porokuninkuusajoihin, joissa kuninkuudesta mittelee 24 eniten Cup-pisteit\u00e4 saanutta kuuman sarjan poroa.<\/p>\n<h3>Sprintti<\/h3>\n<p>Sprinttikilpailut ajetaan 201,12 metrin mittaisella radalla. Sprintit ovat suosittuja kaupunkitapahtumia. \u00a0Sprintti ajetaan my\u00f6s joskus Poro Cup:n ja Porokuninkuusajojen yhteydess\u00e4.<\/p>\n<h3>Kultakelloajo<\/h3>\n<p>Naisten sarjana toimiva Kultakelloajo ajetaan osana Poro Cup:ia. Kultakelloajo ei ole en\u00e4\u00e4 vuosittainen, vaan kisaj\u00e4rjest\u00e4j\u00e4n tulee hakea erikseen kultakelloajon j\u00e4rjest\u00e4misoikeutta. Ensimm\u00e4inen Kultakelloajo ajettiin vuonna 1976. Palkintona on perinteisesti kultakello.<\/p>\n<p>&nbsp;<\/p>\n<p>&nbsp;<\/p>\n","protected":false},"excerpt":{"rendered":"<p>Porokilpailusanastoa Suopunginheitto Suopunki on poronhoidossa k\u00e4ytett\u00e4v\u00e4 perinteinen ty\u00f6v\u00e4line. Suopunginheittokilpailussa pyydystett\u00e4v\u00e4n\u00e4 toimii poron sijasta eri et\u00e4isyyksille asetettu maalitolppa. Tavoitteena on osua mahdollisimman nopeasti omalla radalla eri et\u00e4isyyksill\u00e4 oleviin tolppiin, lyhimm\u00e4st\u00e4 et\u00e4isyydest\u00e4 kauimmaiseen edeten. Naisten heittoet\u00e4isyydet ovat 7\u221211 metri\u00e4 ja miesten 11\u221215 metri\u00e4. Lapsille on omia sarjoja. Kilpailuissa on yleens\u00e4 6\u221210 minuutin aikaraja ja nopeimmin radan suorittanut [&hellip;]<\/p>\n","protected":false},"author":1,"featured_media":0,"parent":455,"menu_order":4,"comment_status":"open","ping_status":"closed","template":"","meta":{"footnotes":""},"class_list":["post-585","page","type-page","status-publish","hentry"],"yoast_head":"<!-- This site is optimized with the Yoast SEO plugin v27.2 - https:\/\/yoast.com\/product\/yoast-seo-wordpress\/ -->\n<title>Porokilpailusanastoa - Poro ja poronhoito<\/title>\n<meta name=\"robots\" content=\"index, follow, max-snippet:-1, max-image-preview:large, max-video-preview:-1\" \/>\n<link rel=\"canonical\" href=\"https:\/\/paliskunnat.fi\/poro\/porokilpailut\/porokilpailusanastoa\/\" \/>\n<meta property=\"og:locale\" content=\"fi_FI\" \/>\n<meta property=\"og:type\" content=\"article\" \/>\n<meta property=\"og:title\" content=\"Porokilpailusanastoa - Poro ja poronhoito\" \/>\n<meta property=\"og:description\" content=\"Porokilpailusanastoa Suopunginheitto Suopunki on poronhoidossa k\u00e4ytett\u00e4v\u00e4 perinteinen ty\u00f6v\u00e4line. Suopunginheittokilpailussa pyydystett\u00e4v\u00e4n\u00e4 toimii poron sijasta eri et\u00e4isyyksille asetettu maalitolppa. Tavoitteena on osua mahdollisimman nopeasti omalla radalla eri et\u00e4isyyksill\u00e4 oleviin tolppiin, lyhimm\u00e4st\u00e4 et\u00e4isyydest\u00e4 kauimmaiseen edeten. Naisten heittoet\u00e4isyydet ovat 7\u221211 metri\u00e4 ja miesten 11\u221215 metri\u00e4. Lapsille on omia sarjoja. Kilpailuissa on yleens\u00e4 6\u221210 minuutin aikaraja ja nopeimmin radan suorittanut [&hellip;]\" \/>\n<meta property=\"og:url\" content=\"https:\/\/paliskunnat.fi\/poro\/porokilpailut\/porokilpailusanastoa\/\" \/>\n<meta property=\"og:site_name\" content=\"Poro ja poronhoito\" \/>\n<meta property=\"article:modified_time\" content=\"2024-03-08T13:25:22+00:00\" \/>\n<meta property=\"og:image\" content=\"https:\/\/paliskunnat.fi\/poro\/wp-content\/uploads\/2014\/12\/suopunki1-150x150.jpg\" \/>\n<meta name=\"twitter:card\" content=\"summary_large_image\" \/>\n<meta name=\"twitter:label1\" content=\"Arvioitu lukuaika\" \/>\n\t<meta name=\"twitter:data1\" content=\"2 minuuttia\" \/>\n<script type=\"application\/ld+json\" class=\"yoast-schema-graph\">{\"@context\":\"https:\/\/schema.org\",\"@graph\":[{\"@type\":\"WebPage\",\"@id\":\"https:\/\/paliskunnat.fi\/poro\/porokilpailut\/porokilpailusanastoa\/\",\"url\":\"https:\/\/paliskunnat.fi\/poro\/porokilpailut\/porokilpailusanastoa\/\",\"name\":\"Porokilpailusanastoa - Poro ja poronhoito\",\"isPartOf\":{\"@id\":\"https:\/\/paliskunnat.fi\/poro\/#website\"},\"datePublished\":\"2014-12-06T09:41:21+00:00\",\"dateModified\":\"2024-03-08T13:25:22+00:00\",\"breadcrumb\":{\"@id\":\"https:\/\/paliskunnat.fi\/poro\/porokilpailut\/porokilpailusanastoa\/#breadcrumb\"},\"inLanguage\":\"fi\",\"potentialAction\":[{\"@type\":\"ReadAction\",\"target\":[\"https:\/\/paliskunnat.fi\/poro\/porokilpailut\/porokilpailusanastoa\/\"]}]},{\"@type\":\"BreadcrumbList\",\"@id\":\"https:\/\/paliskunnat.fi\/poro\/porokilpailut\/porokilpailusanastoa\/#breadcrumb\",\"itemListElement\":[{\"@type\":\"ListItem\",\"position\":1,\"name\":\"Home\",\"item\":\"https:\/\/paliskunnat.fi\/poro\/\"},{\"@type\":\"ListItem\",\"position\":2,\"name\":\"Porokilpailut\",\"item\":\"https:\/\/paliskunnat.fi\/poro\/porokilpailut\/\"},{\"@type\":\"ListItem\",\"position\":3,\"name\":\"Porokilpailusanastoa\"}]},{\"@type\":\"WebSite\",\"@id\":\"https:\/\/paliskunnat.fi\/poro\/#website\",\"url\":\"https:\/\/paliskunnat.fi\/poro\/\",\"name\":\"Poro ja poronhoito\",\"description\":\"Poro ja poronhoito Suomessa\",\"potentialAction\":[{\"@type\":\"SearchAction\",\"target\":{\"@type\":\"EntryPoint\",\"urlTemplate\":\"https:\/\/paliskunnat.fi\/poro\/?s={search_term_string}\"},\"query-input\":{\"@type\":\"PropertyValueSpecification\",\"valueRequired\":true,\"valueName\":\"search_term_string\"}}],\"inLanguage\":\"fi\"}]}<\/script>\n<!-- \/ Yoast SEO plugin. -->","yoast_head_json":{"title":"Porokilpailusanastoa - Poro ja poronhoito","robots":{"index":"index","follow":"follow","max-snippet":"max-snippet:-1","max-image-preview":"max-image-preview:large","max-video-preview":"max-video-preview:-1"},"canonical":"https:\/\/paliskunnat.fi\/poro\/porokilpailut\/porokilpailusanastoa\/","og_locale":"fi_FI","og_type":"article","og_title":"Porokilpailusanastoa - Poro ja poronhoito","og_description":"Porokilpailusanastoa Suopunginheitto Suopunki on poronhoidossa k\u00e4ytett\u00e4v\u00e4 perinteinen ty\u00f6v\u00e4line. Suopunginheittokilpailussa pyydystett\u00e4v\u00e4n\u00e4 toimii poron sijasta eri et\u00e4isyyksille asetettu maalitolppa. Tavoitteena on osua mahdollisimman nopeasti omalla radalla eri et\u00e4isyyksill\u00e4 oleviin tolppiin, lyhimm\u00e4st\u00e4 et\u00e4isyydest\u00e4 kauimmaiseen edeten. Naisten heittoet\u00e4isyydet ovat 7\u221211 metri\u00e4 ja miesten 11\u221215 metri\u00e4. Lapsille on omia sarjoja. Kilpailuissa on yleens\u00e4 6\u221210 minuutin aikaraja ja nopeimmin radan suorittanut [&hellip;]","og_url":"https:\/\/paliskunnat.fi\/poro\/porokilpailut\/porokilpailusanastoa\/","og_site_name":"Poro ja poronhoito","article_modified_time":"2024-03-08T13:25:22+00:00","og_image":[{"url":"https:\/\/paliskunnat.fi\/poro\/wp-content\/uploads\/2014\/12\/suopunki1-150x150.jpg","type":"","width":"","height":""}],"twitter_card":"summary_large_image","twitter_misc":{"Arvioitu lukuaika":"2 minuuttia"},"schema":{"@context":"https:\/\/schema.org","@graph":[{"@type":"WebPage","@id":"https:\/\/paliskunnat.fi\/poro\/porokilpailut\/porokilpailusanastoa\/","url":"https:\/\/paliskunnat.fi\/poro\/porokilpailut\/porokilpailusanastoa\/","name":"Porokilpailusanastoa - Poro ja poronhoito","isPartOf":{"@id":"https:\/\/paliskunnat.fi\/poro\/#website"},"datePublished":"2014-12-06T09:41:21+00:00","dateModified":"2024-03-08T13:25:22+00:00","breadcrumb":{"@id":"https:\/\/paliskunnat.fi\/poro\/porokilpailut\/porokilpailusanastoa\/#breadcrumb"},"inLanguage":"fi","potentialAction":[{"@type":"ReadAction","target":["https:\/\/paliskunnat.fi\/poro\/porokilpailut\/porokilpailusanastoa\/"]}]},{"@type":"BreadcrumbList","@id":"https:\/\/paliskunnat.fi\/poro\/porokilpailut\/porokilpailusanastoa\/#breadcrumb","itemListElement":[{"@type":"ListItem","position":1,"name":"Home","item":"https:\/\/paliskunnat.fi\/poro\/"},{"@type":"ListItem","position":2,"name":"Porokilpailut","item":"https:\/\/paliskunnat.fi\/poro\/porokilpailut\/"},{"@type":"ListItem","position":3,"name":"Porokilpailusanastoa"}]},{"@type":"WebSite","@id":"https:\/\/paliskunnat.fi\/poro\/#website","url":"https:\/\/paliskunnat.fi\/poro\/","name":"Poro ja poronhoito","description":"Poro ja poronhoito Suomessa","potentialAction":[{"@type":"SearchAction","target":{"@type":"EntryPoint","urlTemplate":"https:\/\/paliskunnat.fi\/poro\/?s={search_term_string}"},"query-input":{"@type":"PropertyValueSpecification","valueRequired":true,"valueName":"search_term_string"}}],"inLanguage":"fi"}]}},"_links":{"self":[{"href":"https:\/\/paliskunnat.fi\/poro\/wp-json\/wp\/v2\/pages\/585","targetHints":{"allow":["GET"]}}],"collection":[{"href":"https:\/\/paliskunnat.fi\/poro\/wp-json\/wp\/v2\/pages"}],"about":[{"href":"https:\/\/paliskunnat.fi\/poro\/wp-json\/wp\/v2\/types\/page"}],"author":[{"embeddable":true,"href":"https:\/\/paliskunnat.fi\/poro\/wp-json\/wp\/v2\/users\/1"}],"replies":[{"embeddable":true,"href":"https:\/\/paliskunnat.fi\/poro\/wp-json\/wp\/v2\/comments?post=585"}],"version-history":[{"count":28,"href":"https:\/\/paliskunnat.fi\/poro\/wp-json\/wp\/v2\/pages\/585\/revisions"}],"predecessor-version":[{"id":4628,"href":"https:\/\/paliskunnat.fi\/poro\/wp-json\/wp\/v2\/pages\/585\/revisions\/4628"}],"up":[{"embeddable":true,"href":"https:\/\/paliskunnat.fi\/poro\/wp-json\/wp\/v2\/pages\/455"}],"wp:attachment":[{"href":"https:\/\/paliskunnat.fi\/poro\/wp-json\/wp\/v2\/media?parent=585"}],"curies":[{"name":"wp","href":"https:\/\/api.w.org\/{rel}","templated":true}]}}