{"id":626,"date":"2014-12-06T18:57:45","date_gmt":"2014-12-06T16:57:45","guid":{"rendered":"http:\/\/80.69.171.23\/poro\/?page_id=626"},"modified":"2025-12-13T14:52:30","modified_gmt":"2025-12-13T12:52:30","slug":"porokilpailusaannot","status":"publish","type":"page","link":"https:\/\/paliskunnat.fi\/poro\/porokilpailut\/porokilpailusaannot\/","title":{"rendered":"Porokilpailus\u00e4\u00e4nn\u00f6t"},"content":{"rendered":"<h2>Porokilpailus\u00e4\u00e4nn\u00f6t<\/h2>\n<h3><a href=\"https:\/\/paliskunnat.fi\/poro\/wp-content\/uploads\/2014\/12\/kilpaporo.jpg\" rel=\"lightbox[626]\"><img loading=\"lazy\" decoding=\"async\" class=\"alignnone wp-image-2679\" src=\"https:\/\/paliskunnat.fi\/poro\/wp-content\/uploads\/2014\/12\/kilpaporo.jpg\" alt=\"Kilpaporo ottaa rennosti\" width=\"460\" height=\"249\" srcset=\"https:\/\/paliskunnat.fi\/poro\/wp-content\/uploads\/2014\/12\/kilpaporo.jpg 1000w, https:\/\/paliskunnat.fi\/poro\/wp-content\/uploads\/2014\/12\/kilpaporo-300x163.jpg 300w\" sizes=\"auto, (max-width: 460px) 100vw, 460px\" \/><\/a><\/h3>\n<h3>Porokilpailus\u00e4\u00e4nn\u00f6t<\/h3>\n<ul>\n<li>Porokilpailus\u00e4\u00e4nn\u00f6t Suomen Porokilpailijat ry:n sivulla <a href=\"https:\/\/porokilpailijat.fi\/\" class=\"external external_icon\" rel=\"nofollow\">www.porokilpailijat.fi<\/a><\/li>\n<\/ul>\n<h3><\/h3>\n<p>&nbsp;<\/p>\n<p>&nbsp;<\/p>\n","protected":false},"excerpt":{"rendered":"<p>Porokilpailus\u00e4\u00e4nn\u00f6t Porokilpailus\u00e4\u00e4nn\u00f6t Porokilpailus\u00e4\u00e4nn\u00f6t Suomen Porokilpailijat ry:n sivulla www.porokilpailijat.fi &nbsp; &nbsp;<\/p>\n","protected":false},"author":1,"featured_media":0,"parent":455,"menu_order":4,"comment_status":"open","ping_status":"closed","template":"","meta":{"footnotes":""},"class_list":["post-626","page","type-page","status-publish","hentry"],"yoast_head":"<!-- This site is optimized with the Yoast SEO plugin v27.2 - https:\/\/yoast.com\/product\/yoast-seo-wordpress\/ -->\n<title>Porokilpailus\u00e4\u00e4nn\u00f6t - Poro ja poronhoito<\/title>\n<meta name=\"robots\" content=\"index, follow, max-snippet:-1, max-image-preview:large, max-video-preview:-1\" \/>\n<link rel=\"canonical\" href=\"https:\/\/paliskunnat.fi\/poro\/porokilpailut\/porokilpailusaannot\/\" \/>\n<meta property=\"og:locale\" content=\"fi_FI\" \/>\n<meta property=\"og:type\" content=\"article\" \/>\n<meta property=\"og:title\" content=\"Porokilpailus\u00e4\u00e4nn\u00f6t - Poro ja poronhoito\" \/>\n<meta property=\"og:description\" content=\"Porokilpailus\u00e4\u00e4nn\u00f6t Porokilpailus\u00e4\u00e4nn\u00f6t Porokilpailus\u00e4\u00e4nn\u00f6t Suomen Porokilpailijat ry:n sivulla www.porokilpailijat.fi &nbsp; &nbsp;\" \/>\n<meta property=\"og:url\" content=\"https:\/\/paliskunnat.fi\/poro\/porokilpailut\/porokilpailusaannot\/\" \/>\n<meta property=\"og:site_name\" content=\"Poro ja poronhoito\" \/>\n<meta property=\"article:modified_time\" content=\"2025-12-13T12:52:30+00:00\" \/>\n<meta property=\"og:image\" content=\"https:\/\/paliskunnat.fi\/poro\/wp-content\/uploads\/2014\/12\/kilpaporo.jpg\" \/>\n\t<meta property=\"og:image:width\" content=\"1000\" \/>\n\t<meta property=\"og:image:height\" content=\"542\" \/>\n\t<meta property=\"og:image:type\" content=\"image\/jpeg\" \/>\n<meta name=\"twitter:card\" content=\"summary_large_image\" \/>\n<meta name=\"twitter:label1\" content=\"Arvioitu lukuaika\" \/>\n\t<meta name=\"twitter:data1\" content=\"1 minuutti\" \/>\n<script type=\"application\/ld+json\" class=\"yoast-schema-graph\">{\"@context\":\"https:\/\/schema.org\",\"@graph\":[{\"@type\":\"WebPage\",\"@id\":\"https:\/\/paliskunnat.fi\/poro\/porokilpailut\/porokilpailusaannot\/\",\"url\":\"https:\/\/paliskunnat.fi\/poro\/porokilpailut\/porokilpailusaannot\/\",\"name\":\"Porokilpailus\u00e4\u00e4nn\u00f6t - Poro ja poronhoito\",\"isPartOf\":{\"@id\":\"https:\/\/paliskunnat.fi\/poro\/#website\"},\"primaryImageOfPage\":{\"@id\":\"https:\/\/paliskunnat.fi\/poro\/porokilpailut\/porokilpailusaannot\/#primaryimage\"},\"image\":{\"@id\":\"https:\/\/paliskunnat.fi\/poro\/porokilpailut\/porokilpailusaannot\/#primaryimage\"},\"thumbnailUrl\":\"https:\/\/paliskunnat.fi\/poro\/wp-content\/uploads\/2014\/12\/kilpaporo.jpg\",\"datePublished\":\"2014-12-06T16:57:45+00:00\",\"dateModified\":\"2025-12-13T12:52:30+00:00\",\"breadcrumb\":{\"@id\":\"https:\/\/paliskunnat.fi\/poro\/porokilpailut\/porokilpailusaannot\/#breadcrumb\"},\"inLanguage\":\"fi\",\"potentialAction\":[{\"@type\":\"ReadAction\",\"target\":[\"https:\/\/paliskunnat.fi\/poro\/porokilpailut\/porokilpailusaannot\/\"]}]},{\"@type\":\"ImageObject\",\"inLanguage\":\"fi\",\"@id\":\"https:\/\/paliskunnat.fi\/poro\/porokilpailut\/porokilpailusaannot\/#primaryimage\",\"url\":\"https:\/\/paliskunnat.fi\/poro\/wp-content\/uploads\/2014\/12\/kilpaporo.jpg\",\"contentUrl\":\"https:\/\/paliskunnat.fi\/poro\/wp-content\/uploads\/2014\/12\/kilpaporo.jpg\",\"width\":1000,\"height\":542},{\"@type\":\"BreadcrumbList\",\"@id\":\"https:\/\/paliskunnat.fi\/poro\/porokilpailut\/porokilpailusaannot\/#breadcrumb\",\"itemListElement\":[{\"@type\":\"ListItem\",\"position\":1,\"name\":\"Home\",\"item\":\"https:\/\/paliskunnat.fi\/poro\/\"},{\"@type\":\"ListItem\",\"position\":2,\"name\":\"Porokilpailut\",\"item\":\"https:\/\/paliskunnat.fi\/poro\/porokilpailut\/\"},{\"@type\":\"ListItem\",\"position\":3,\"name\":\"Porokilpailus\u00e4\u00e4nn\u00f6t\"}]},{\"@type\":\"WebSite\",\"@id\":\"https:\/\/paliskunnat.fi\/poro\/#website\",\"url\":\"https:\/\/paliskunnat.fi\/poro\/\",\"name\":\"Poro ja poronhoito\",\"description\":\"Poro ja poronhoito Suomessa\",\"potentialAction\":[{\"@type\":\"SearchAction\",\"target\":{\"@type\":\"EntryPoint\",\"urlTemplate\":\"https:\/\/paliskunnat.fi\/poro\/?s={search_term_string}\"},\"query-input\":{\"@type\":\"PropertyValueSpecification\",\"valueRequired\":true,\"valueName\":\"search_term_string\"}}],\"inLanguage\":\"fi\"}]}<\/script>\n<!-- \/ Yoast SEO plugin. -->","yoast_head_json":{"title":"Porokilpailus\u00e4\u00e4nn\u00f6t - Poro ja poronhoito","robots":{"index":"index","follow":"follow","max-snippet":"max-snippet:-1","max-image-preview":"max-image-preview:large","max-video-preview":"max-video-preview:-1"},"canonical":"https:\/\/paliskunnat.fi\/poro\/porokilpailut\/porokilpailusaannot\/","og_locale":"fi_FI","og_type":"article","og_title":"Porokilpailus\u00e4\u00e4nn\u00f6t - Poro ja poronhoito","og_description":"Porokilpailus\u00e4\u00e4nn\u00f6t Porokilpailus\u00e4\u00e4nn\u00f6t Porokilpailus\u00e4\u00e4nn\u00f6t Suomen Porokilpailijat ry:n sivulla www.porokilpailijat.fi &nbsp; &nbsp;","og_url":"https:\/\/paliskunnat.fi\/poro\/porokilpailut\/porokilpailusaannot\/","og_site_name":"Poro ja poronhoito","article_modified_time":"2025-12-13T12:52:30+00:00","og_image":[{"width":1000,"height":542,"url":"https:\/\/paliskunnat.fi\/poro\/wp-content\/uploads\/2014\/12\/kilpaporo.jpg","type":"image\/jpeg"}],"twitter_card":"summary_large_image","twitter_misc":{"Arvioitu lukuaika":"1 minuutti"},"schema":{"@context":"https:\/\/schema.org","@graph":[{"@type":"WebPage","@id":"https:\/\/paliskunnat.fi\/poro\/porokilpailut\/porokilpailusaannot\/","url":"https:\/\/paliskunnat.fi\/poro\/porokilpailut\/porokilpailusaannot\/","name":"Porokilpailus\u00e4\u00e4nn\u00f6t - Poro ja poronhoito","isPartOf":{"@id":"https:\/\/paliskunnat.fi\/poro\/#website"},"primaryImageOfPage":{"@id":"https:\/\/paliskunnat.fi\/poro\/porokilpailut\/porokilpailusaannot\/#primaryimage"},"image":{"@id":"https:\/\/paliskunnat.fi\/poro\/porokilpailut\/porokilpailusaannot\/#primaryimage"},"thumbnailUrl":"https:\/\/paliskunnat.fi\/poro\/wp-content\/uploads\/2014\/12\/kilpaporo.jpg","datePublished":"2014-12-06T16:57:45+00:00","dateModified":"2025-12-13T12:52:30+00:00","breadcrumb":{"@id":"https:\/\/paliskunnat.fi\/poro\/porokilpailut\/porokilpailusaannot\/#breadcrumb"},"inLanguage":"fi","potentialAction":[{"@type":"ReadAction","target":["https:\/\/paliskunnat.fi\/poro\/porokilpailut\/porokilpailusaannot\/"]}]},{"@type":"ImageObject","inLanguage":"fi","@id":"https:\/\/paliskunnat.fi\/poro\/porokilpailut\/porokilpailusaannot\/#primaryimage","url":"https:\/\/paliskunnat.fi\/poro\/wp-content\/uploads\/2014\/12\/kilpaporo.jpg","contentUrl":"https:\/\/paliskunnat.fi\/poro\/wp-content\/uploads\/2014\/12\/kilpaporo.jpg","width":1000,"height":542},{"@type":"BreadcrumbList","@id":"https:\/\/paliskunnat.fi\/poro\/porokilpailut\/porokilpailusaannot\/#breadcrumb","itemListElement":[{"@type":"ListItem","position":1,"name":"Home","item":"https:\/\/paliskunnat.fi\/poro\/"},{"@type":"ListItem","position":2,"name":"Porokilpailut","item":"https:\/\/paliskunnat.fi\/poro\/porokilpailut\/"},{"@type":"ListItem","position":3,"name":"Porokilpailus\u00e4\u00e4nn\u00f6t"}]},{"@type":"WebSite","@id":"https:\/\/paliskunnat.fi\/poro\/#website","url":"https:\/\/paliskunnat.fi\/poro\/","name":"Poro ja poronhoito","description":"Poro ja poronhoito Suomessa","potentialAction":[{"@type":"SearchAction","target":{"@type":"EntryPoint","urlTemplate":"https:\/\/paliskunnat.fi\/poro\/?s={search_term_string}"},"query-input":{"@type":"PropertyValueSpecification","valueRequired":true,"valueName":"search_term_string"}}],"inLanguage":"fi"}]}},"_links":{"self":[{"href":"https:\/\/paliskunnat.fi\/poro\/wp-json\/wp\/v2\/pages\/626","targetHints":{"allow":["GET"]}}],"collection":[{"href":"https:\/\/paliskunnat.fi\/poro\/wp-json\/wp\/v2\/pages"}],"about":[{"href":"https:\/\/paliskunnat.fi\/poro\/wp-json\/wp\/v2\/types\/page"}],"author":[{"embeddable":true,"href":"https:\/\/paliskunnat.fi\/poro\/wp-json\/wp\/v2\/users\/1"}],"replies":[{"embeddable":true,"href":"https:\/\/paliskunnat.fi\/poro\/wp-json\/wp\/v2\/comments?post=626"}],"version-history":[{"count":66,"href":"https:\/\/paliskunnat.fi\/poro\/wp-json\/wp\/v2\/pages\/626\/revisions"}],"predecessor-version":[{"id":4760,"href":"https:\/\/paliskunnat.fi\/poro\/wp-json\/wp\/v2\/pages\/626\/revisions\/4760"}],"up":[{"embeddable":true,"href":"https:\/\/paliskunnat.fi\/poro\/wp-json\/wp\/v2\/pages\/455"}],"wp:attachment":[{"href":"https:\/\/paliskunnat.fi\/poro\/wp-json\/wp\/v2\/media?parent=626"}],"curies":[{"name":"wp","href":"https:\/\/api.w.org\/{rel}","templated":true}]}}