{"id":1126,"date":"2014-11-18T18:11:33","date_gmt":"2014-11-18T16:11:33","guid":{"rendered":"http:\/\/80.69.171.23\/py\/?page_id=1126"},"modified":"2026-03-05T11:55:12","modified_gmt":"2026-03-05T09:55:12","slug":"poronomistajat","status":"publish","type":"page","link":"https:\/\/paliskunnat.fi\/py\/materiaalit\/tilastot\/poronomistajat\/","title":{"rendered":"Poronomistajat"},"content":{"rendered":"<h2>Poronomistajat<\/h2>\n<p>Poronomistajien m\u00e4\u00e4r\u00e4n kehitys 1990-2024 poronhoitovuosittain\u00a0 (kuva alla). Poronhoitovuosi p\u00e4\u00e4ttyy 31.5. ja seuraava alkaa 1.6. Klikkaamalla kuvaa n\u00e4et kaavion suuremmassa koossa.<\/p>\n<p><a href=\"https:\/\/paliskunnat.fi\/py\/wp-content\/uploads\/2026\/03\/poronomistajia-suomessa-1990-2025.jpg\" rel=\"lightbox[1126]\"><img loading=\"lazy\" decoding=\"async\" class=\"alignnone wp-image-8787\" src=\"https:\/\/paliskunnat.fi\/py\/wp-content\/uploads\/2026\/03\/poronomistajia-suomessa-1990-2025.jpg\" alt=\"Poronhoitajien lukum\u00e4\u00e4r\u00e4 Suomessa 1990-2025.\" width=\"460\" height=\"291\" srcset=\"https:\/\/paliskunnat.fi\/py\/wp-content\/uploads\/2026\/03\/poronomistajia-suomessa-1990-2025.jpg 1200w, https:\/\/paliskunnat.fi\/py\/wp-content\/uploads\/2026\/03\/poronomistajia-suomessa-1990-2025-300x190.jpg 300w, https:\/\/paliskunnat.fi\/py\/wp-content\/uploads\/2026\/03\/poronomistajia-suomessa-1990-2025-1024x647.jpg 1024w, https:\/\/paliskunnat.fi\/py\/wp-content\/uploads\/2026\/03\/poronomistajia-suomessa-1990-2025-768x485.jpg 768w\" sizes=\"auto, (max-width: 460px) 100vw, 460px\" \/><\/a><\/p>\n<p>Poroja omistavien naisten m\u00e4\u00e4r\u00e4 on v\u00e4hentynyt vain hieman suhteessa miesten m\u00e4\u00e4r\u00e4\u00e4n. Nuorten ja keski-ik\u00e4isten poronomistajien suhteellinen osuus on edelleen vahva (kuva alla).<\/p>\n<p><a href=\"https:\/\/paliskunnat.fi\/py\/wp-content\/uploads\/2020\/04\/miehia_ja_naisia_poronomistajissa_1990_2018.jpg\" rel=\"lightbox[1126]\"><img loading=\"lazy\" decoding=\"async\" class=\"alignnone wp-image-6558\" src=\"https:\/\/paliskunnat.fi\/py\/wp-content\/uploads\/2020\/04\/miehia_ja_naisia_poronomistajissa_1990_2018.jpg\" alt=\"Miesten ja naisten m\u00e4\u00e4r\u00e4n kehitys poronomistajissa 1990-2018\" width=\"460\" height=\"308\" srcset=\"https:\/\/paliskunnat.fi\/py\/wp-content\/uploads\/2020\/04\/miehia_ja_naisia_poronomistajissa_1990_2018.jpg 1200w, https:\/\/paliskunnat.fi\/py\/wp-content\/uploads\/2020\/04\/miehia_ja_naisia_poronomistajissa_1990_2018-300x201.jpg 300w, https:\/\/paliskunnat.fi\/py\/wp-content\/uploads\/2020\/04\/miehia_ja_naisia_poronomistajissa_1990_2018-1024x685.jpg 1024w, https:\/\/paliskunnat.fi\/py\/wp-content\/uploads\/2020\/04\/miehia_ja_naisia_poronomistajissa_1990_2018-768x514.jpg 768w\" sizes=\"auto, (max-width: 460px) 100vw, 460px\" \/><\/a><\/p>\n<p>&nbsp;<\/p>\n<p><!--more--><\/p>\n<h2>Poroblogi &#8211; Anne Ollila<\/h2>\n<p><a href=\"https:\/\/paliskuntainyhdistys.blogspot.fi\/2014\/08\/nuorissa-ontulevaisuus-julkisissa.html\">Nuorissa on tulevaisuus!<\/a><\/p>\n","protected":false},"excerpt":{"rendered":"<p>Poronomistajat Poronomistajien m\u00e4\u00e4r\u00e4n kehitys 1990-2024 poronhoitovuosittain\u00a0 (kuva alla). Poronhoitovuosi p\u00e4\u00e4ttyy 31.5. ja seuraava alkaa 1.6. Klikkaamalla kuvaa n\u00e4et kaavion suuremmassa koossa. Poroja omistavien naisten m\u00e4\u00e4r\u00e4 on v\u00e4hentynyt vain hieman suhteessa miesten m\u00e4\u00e4r\u00e4\u00e4n. Nuorten ja keski-ik\u00e4isten poronomistajien suhteellinen osuus on edelleen vahva (kuva alla). &nbsp;<\/p>\n","protected":false},"author":1,"featured_media":0,"parent":1105,"menu_order":2,"comment_status":"open","ping_status":"closed","template":"","meta":{"footnotes":""},"class_list":["post-1126","page","type-page","status-publish","hentry"],"_links":{"self":[{"href":"https:\/\/paliskunnat.fi\/py\/wp-json\/wp\/v2\/pages\/1126","targetHints":{"allow":["GET"]}}],"collection":[{"href":"https:\/\/paliskunnat.fi\/py\/wp-json\/wp\/v2\/pages"}],"about":[{"href":"https:\/\/paliskunnat.fi\/py\/wp-json\/wp\/v2\/types\/page"}],"author":[{"embeddable":true,"href":"https:\/\/paliskunnat.fi\/py\/wp-json\/wp\/v2\/users\/1"}],"replies":[{"embeddable":true,"href":"https:\/\/paliskunnat.fi\/py\/wp-json\/wp\/v2\/comments?post=1126"}],"version-history":[{"count":65,"href":"https:\/\/paliskunnat.fi\/py\/wp-json\/wp\/v2\/pages\/1126\/revisions"}],"predecessor-version":[{"id":8788,"href":"https:\/\/paliskunnat.fi\/py\/wp-json\/wp\/v2\/pages\/1126\/revisions\/8788"}],"up":[{"embeddable":true,"href":"https:\/\/paliskunnat.fi\/py\/wp-json\/wp\/v2\/pages\/1105"}],"wp:attachment":[{"href":"https:\/\/paliskunnat.fi\/py\/wp-json\/wp\/v2\/media?parent=1126"}],"curies":[{"name":"wp","href":"https:\/\/api.w.org\/{rel}","templated":true}]}}

<h2>Poronomistajat</h2>
<p>Poronomistajien määrän kehitys 1990-2024 poronhoitovuosittain  (kuva alla). Poronhoitovuosi päättyy 31.5. ja seuraava alkaa 1.6. Klikkaamalla kuvaa näet kaavion suuremmassa koossa.</p>
<p><a href="https://paliskunnat.fi/py/wp-content/uploads/2026/03/poronomistajia-suomessa-1990-2025.jpg" rel="lightbox[1126]"><img loading="lazy" decoding="async" class="alignnone wp-image-8787" src="https://paliskunnat.fi/py/wp-content/uploads/2026/03/poronomistajia-suomessa-1990-2025.jpg" alt="Poronhoitajien lukumäärä Suomessa 1990-2025." width="460" height="291" srcset="https://paliskunnat.fi/py/wp-content/uploads/2026/03/poronomistajia-suomessa-1990-2025.jpg 1200w, https://paliskunnat.fi/py/wp-content/uploads/2026/03/poronomistajia-suomessa-1990-2025-300x190.jpg 300w, https://paliskunnat.fi/py/wp-content/uploads/2026/03/poronomistajia-suomessa-1990-2025-1024x647.jpg 1024w, https://paliskunnat.fi/py/wp-content/uploads/2026/03/poronomistajia-suomessa-1990-2025-768x485.jpg 768w" sizes="auto, (max-width: 460px) 100vw, 460px" /></a></p>
<p>Poroja omistavien naisten määrä on vähentynyt vain hieman suhteessa miesten määrään. Nuorten ja keski-ikäisten poronomistajien suhteellinen osuus on edelleen vahva (kuva alla).</p>
<p><a href="https://paliskunnat.fi/py/wp-content/uploads/2020/04/miehia_ja_naisia_poronomistajissa_1990_2018.jpg" rel="lightbox[1126]"><img loading="lazy" decoding="async" class="alignnone wp-image-6558" src="https://paliskunnat.fi/py/wp-content/uploads/2020/04/miehia_ja_naisia_poronomistajissa_1990_2018.jpg" alt="Miesten ja naisten määrän kehitys poronomistajissa 1990-2018" width="460" height="308" srcset="https://paliskunnat.fi/py/wp-content/uploads/2020/04/miehia_ja_naisia_poronomistajissa_1990_2018.jpg 1200w, https://paliskunnat.fi/py/wp-content/uploads/2020/04/miehia_ja_naisia_poronomistajissa_1990_2018-300x201.jpg 300w, https://paliskunnat.fi/py/wp-content/uploads/2020/04/miehia_ja_naisia_poronomistajissa_1990_2018-1024x685.jpg 1024w, https://paliskunnat.fi/py/wp-content/uploads/2020/04/miehia_ja_naisia_poronomistajissa_1990_2018-768x514.jpg 768w" sizes="auto, (max-width: 460px) 100vw, 460px" /></a></p>
<p>&nbsp;</p>
<p><!--more--></p>
<h2>Poroblogi &#8211; Anne Ollila</h2>
<p><a href="https://paliskuntainyhdistys.blogspot.fi/2014/08/nuorissa-ontulevaisuus-julkisissa.html">Nuorissa on tulevaisuus!</a></p>

<p>Poronomistajat Poronomistajien määrän kehitys 1990-2024 poronhoitovuosittain  (kuva alla). Poronhoitovuosi päättyy 31.5. ja seuraava alkaa 1.6. Klikkaamalla kuvaa näet kaavion suuremmassa koossa. Poroja omistavien naisten määrä on vähentynyt vain hieman suhteessa miesten määrään. Nuorten ja keski-ikäisten poronomistajien suhteellinen osuus on edelleen vahva (kuva alla). &nbsp;</p>
