{"id":1420,"date":"2014-11-23T11:50:30","date_gmt":"2014-11-23T09:50:30","guid":{"rendered":"http:\/\/80.69.171.23\/py\/?page_id=1420"},"modified":"2024-01-03T05:49:22","modified_gmt":"2024-01-03T03:49:22","slug":"syvajarvi","status":"publish","type":"page","link":"https:\/\/paliskunnat.fi\/py\/paliskunnat\/paliskuntien-tiedot\/syvajarvi\/","title":{"rendered":"19 Syv\u00e4j\u00e4rvi"},"content":{"rendered":"<h2>Syv\u00e4j\u00e4rvi<\/h2>\n<p>Porois\u00e4nt\u00e4: Hannula Jari<br \/>\nPuhelin: 040 742 0291<br \/>\nS\u00e4hk\u00f6posti: &#x6a;a&#x72;&#105;&#46;&#x68;&#97;&#x6e;&#110;u&#x6c;&#97;&#x2e;&#115;y&#x76;&#97;&#x70;&#x6c;k&#x40;&#103;m&#x61;&#105;&#x6c;&#46;c&#x6f;&#109;<\/p>\n<p><a href=\"https:\/\/paliskunnat.fi\/py\/wp-content\/uploads\/2014\/11\/19_syvajarvi.png\" rel=\"lightbox[1420]\"><img loading=\"lazy\" decoding=\"async\" class=\"alignnone wp-image-1427\" src=\"https:\/\/paliskunnat.fi\/py\/wp-content\/uploads\/2014\/11\/19_syvajarvi.png\" alt=\"19_syvajarvi\" width=\"300\" height=\"387\" srcset=\"https:\/\/paliskunnat.fi\/py\/wp-content\/uploads\/2014\/11\/19_syvajarvi.png 776w, https:\/\/paliskunnat.fi\/py\/wp-content\/uploads\/2014\/11\/19_syvajarvi-232x300.png 232w\" sizes=\"auto, (max-width: 300px) 100vw, 300px\" \/><\/a><\/p>\n<table width=\"450\">\n<tbody>\n<tr>\n<td>Kotikunta:<\/td>\n<td>Sodankyl\u00e4<\/td>\n<\/tr>\n<tr>\n<td>Pinta-ala:<\/td>\n<td>2 263,4 km<sup>2<\/sup><\/td>\n<\/tr>\n<tr>\n<td>Suurin sallittu eloporom\u00e4\u00e4r\u00e4:<\/td>\n<td>5 500<\/td>\n<\/tr>\n<tr>\n<td>Poronomistajia:<\/td>\n<td>106<\/td>\n<\/tr>\n<\/tbody>\n<\/table>\n<p>Syv\u00e4j\u00e4rven paliskunta kuuluu Sodankyl\u00e4n merkkipiiriin. Paliskunta sijaitsee Sodankyl\u00e4n kunnan etel\u00e4osassa ja ylt\u00e4\u00e4 pienelt\u00e4 osalta Rovaniemen puolelle. Pohjoisessa paliskunta rajoittuu Sattasniemen, id\u00e4ss\u00e4 Oraniemen ja Pyh\u00e4-kallion, etel\u00e4ss\u00e4 Poikaj\u00e4rven ja l\u00e4nness\u00e4 Alakyl\u00e4n paliskuntiin.<\/p>\n<p>Paliskunnan maapinta-alasta 51,3 % on valtionmaata ja 48,7 % on muiden maanomistajien omistuksessa. Kyl\u00e4j\u00e4rven ampuma-alue sijoittuu Piitti\u00f6nkairaan, joka on valtion omistuksessa ja puolustusvoimien k\u00e4yt\u00f6ss\u00e4. Paliskunnassa on turvetuotantoalue ja Sodankyl\u00e4n Joukhaisselk\u00e4\u00e4n rakennetaan tuulivoiman tuotantoalue.<\/p>\n<p>Palkisella on kattava aitaverkosto, joka koostuu noin 24 aidasta.<\/p>\n<p>Merkitt\u00e4v\u00e4 asutuskeskus on Sodankyl\u00e4n kirkonkyl\u00e4.<\/p>\n<p>&nbsp;<\/p>\n","protected":false},"excerpt":{"rendered":"<p>Syv\u00e4j\u00e4rvi Porois\u00e4nt\u00e4: Hannula Jari Puhelin: 040 742 0291 S\u00e4hk\u00f6posti: jar&#105;&#46;&#104;&#97;&#x6e;&#x6e;&#x75;&#x6c;&#x61;&#x2e;&#x73;yva&#112;&#108;&#107;&#64;&#103;&#x6d;&#x61;&#x69;&#x6c;&#x2e;&#x63;om Kotikunta: Sodankyl\u00e4 Pinta-ala: 2 263,4 km2 Suurin sallittu eloporom\u00e4\u00e4r\u00e4: 5 500 Poronomistajia: 106 Syv\u00e4j\u00e4rven paliskunta kuuluu Sodankyl\u00e4n merkkipiiriin. Paliskunta sijaitsee Sodankyl\u00e4n kunnan etel\u00e4osassa ja ylt\u00e4\u00e4 pienelt\u00e4 osalta Rovaniemen puolelle. Pohjoisessa paliskunta rajoittuu Sattasniemen, id\u00e4ss\u00e4 Oraniemen ja Pyh\u00e4-kallion, etel\u00e4ss\u00e4 Poikaj\u00e4rven ja l\u00e4nness\u00e4 Alakyl\u00e4n paliskuntiin. Paliskunnan maapinta-alasta [&hellip;]<\/p>\n","protected":false},"author":1,"featured_media":0,"parent":420,"menu_order":19,"comment_status":"open","ping_status":"closed","template":"paliskuntasivut.php","meta":{"footnotes":""},"class_list":["post-1420","page","type-page","status-publish","hentry"],"_links":{"self":[{"href":"https:\/\/paliskunnat.fi\/py\/wp-json\/wp\/v2\/pages\/1420","targetHints":{"allow":["GET"]}}],"collection":[{"href":"https:\/\/paliskunnat.fi\/py\/wp-json\/wp\/v2\/pages"}],"about":[{"href":"https:\/\/paliskunnat.fi\/py\/wp-json\/wp\/v2\/types\/page"}],"author":[{"embeddable":true,"href":"https:\/\/paliskunnat.fi\/py\/wp-json\/wp\/v2\/users\/1"}],"replies":[{"embeddable":true,"href":"https:\/\/paliskunnat.fi\/py\/wp-json\/wp\/v2\/comments?post=1420"}],"version-history":[{"count":23,"href":"https:\/\/paliskunnat.fi\/py\/wp-json\/wp\/v2\/pages\/1420\/revisions"}],"predecessor-version":[{"id":7980,"href":"https:\/\/paliskunnat.fi\/py\/wp-json\/wp\/v2\/pages\/1420\/revisions\/7980"}],"up":[{"embeddable":true,"href":"https:\/\/paliskunnat.fi\/py\/wp-json\/wp\/v2\/pages\/420"}],"wp:attachment":[{"href":"https:\/\/paliskunnat.fi\/py\/wp-json\/wp\/v2\/media?parent=1420"}],"curies":[{"name":"wp","href":"https:\/\/api.w.org\/{rel}","templated":true}]}}

19 Syväjärvi

<h2>Syväjärvi</h2>
<p>Poroisäntä: Hannula Jari<br />
Puhelin: 040 742 0291<br />
Sähköposti: &#x6a;a&#x72;&#105;&#46;&#x68;&#97;&#x6e;&#110;u&#x6c;&#97;&#x2e;&#115;y&#x76;&#97;&#x70;&#x6c;k&#x40;&#103;m&#x61;&#105;&#x6c;&#46;c&#x6f;&#109;</p>
<p><a href="https://paliskunnat.fi/py/wp-content/uploads/2014/11/19_syvajarvi.png" rel="lightbox[1420]"><img loading="lazy" decoding="async" class="alignnone wp-image-1427" src="https://paliskunnat.fi/py/wp-content/uploads/2014/11/19_syvajarvi.png" alt="19_syvajarvi" width="300" height="387" srcset="https://paliskunnat.fi/py/wp-content/uploads/2014/11/19_syvajarvi.png 776w, https://paliskunnat.fi/py/wp-content/uploads/2014/11/19_syvajarvi-232x300.png 232w" sizes="auto, (max-width: 300px) 100vw, 300px" /></a></p>
<table width="450">
<tbody>
<tr>
<td>Kotikunta:</td>
<td>Sodankylä</td>
</tr>
<tr>
<td>Pinta-ala:</td>
<td>2 263,4 km<sup>2</sup></td>
</tr>
<tr>
<td>Suurin sallittu eloporomäärä:</td>
<td>5 500</td>
</tr>
<tr>
<td>Poronomistajia:</td>
<td>106</td>
</tr>
</tbody>
</table>
<p>Syväjärven paliskunta kuuluu Sodankylän merkkipiiriin. Paliskunta sijaitsee Sodankylän kunnan eteläosassa ja yltää pieneltä osalta Rovaniemen puolelle. Pohjoisessa paliskunta rajoittuu Sattasniemen, idässä Oraniemen ja Pyhä-kallion, etelässä Poikajärven ja lännessä Alakylän paliskuntiin.</p>
<p>Paliskunnan maapinta-alasta 51,3 % on valtionmaata ja 48,7 % on muiden maanomistajien omistuksessa. Kyläjärven ampuma-alue sijoittuu Piittiönkairaan, joka on valtion omistuksessa ja puolustusvoimien käytössä. Paliskunnassa on turvetuotantoalue ja Sodankylän Joukhaisselkään rakennetaan tuulivoiman tuotantoalue.</p>
<p>Palkisella on kattava aitaverkosto, joka koostuu noin 24 aidasta.</p>
<p>Merkittävä asutuskeskus on Sodankylän kirkonkylä.</p>
<p>&nbsp;</p>

<p>Syväjärvi Poroisäntä: Hannula Jari Puhelin: 040 742 0291 Sähköposti: jar&#105;&#46;&#104;&#97;&#x6e;&#x6e;&#x75;&#x6c;&#x61;&#x2e;&#x73;yva&#112;&#108;&#107;&#64;&#103;&#x6d;&#x61;&#x69;&#x6c;&#x2e;&#x63;om Kotikunta: Sodankylä Pinta-ala: 2 263,4 km2 Suurin sallittu eloporomäärä: 5 500 Poronomistajia: 106 Syväjärven paliskunta kuuluu Sodankylän merkkipiiriin. Paliskunta sijaitsee Sodankylän kunnan eteläosassa ja yltää pieneltä osalta Rovaniemen puolelle. Pohjoisessa paliskunta rajoittuu Sattasniemen, idässä Oraniemen ja Pyhä-kallion, etelässä Poikajärven ja lännessä Alakylän paliskuntiin. Paliskunnan maapinta-alasta [&hellip;]</p>
