{"id":1562,"date":"2014-11-23T18:39:27","date_gmt":"2014-11-23T16:39:27","guid":{"rendered":"http:\/\/80.69.171.23\/py\/?page_id=1562"},"modified":"2023-06-08T10:55:57","modified_gmt":"2023-06-08T07:55:57","slug":"oijarvi","status":"publish","type":"page","link":"https:\/\/paliskunnat.fi\/py\/paliskunnat\/paliskuntien-tiedot\/oijarvi\/","title":{"rendered":"50 Oij\u00e4rvi"},"content":{"rendered":"<h2>Oij\u00e4rvi<\/h2>\n<p>Porois\u00e4nt\u00e4: Siurua Henri<br \/>\nPuhelin: 044 972 6619<br \/>\nS\u00e4hk\u00f6posti: &#x68;&#x65;&#x6e;&#x65;&#x2e;&#x73;&#105;&#64;&#104;&#111;tmai&#x6c;&#x2e;&#x63;&#x6f;&#x6d;<\/p>\n<p><a href=\"https:\/\/paliskunnat.fi\/py\/wp-content\/uploads\/2014\/11\/50_oijarvi.png\" rel=\"lightbox[1562]\"><img loading=\"lazy\" decoding=\"async\" class=\"alignnone wp-image-1563\" src=\"https:\/\/paliskunnat.fi\/py\/wp-content\/uploads\/2014\/11\/50_oijarvi.png\" alt=\"50 Oij\u00e4rven paliskunta\" width=\"300\" height=\"387\" srcset=\"https:\/\/paliskunnat.fi\/py\/wp-content\/uploads\/2014\/11\/50_oijarvi.png 775w, https:\/\/paliskunnat.fi\/py\/wp-content\/uploads\/2014\/11\/50_oijarvi-232x300.png 232w\" sizes=\"auto, (max-width: 300px) 100vw, 300px\" \/><\/a><\/p>\n<table width=\"450\">\n<tbody>\n<tr>\n<td>Kotikunta:<\/td>\n<td>Ii<\/td>\n<\/tr>\n<tr>\n<td>Pinta-ala:<\/td>\n<td>1 278,4 km<sup>2<\/sup><\/td>\n<\/tr>\n<tr>\n<td>Suurin sallittu eloporom\u00e4\u00e4r\u00e4:<\/td>\n<td>1 300<\/td>\n<\/tr>\n<tr>\n<td>Poronomistajia:<\/td>\n<td>45<\/td>\n<\/tr>\n<\/tbody>\n<\/table>\n<p>Oij\u00e4rven paliskunta kuuluu Pudasj\u00e4rven merkkipiiriin. Paliskunta sijaitsee Iin kunnan alueella. Paliskunta rajoittuu pohjoisessa Isosyd\u00e4nmaan, koillisessa Kuukkaan, id\u00e4ss\u00e4 Ikosen, etel\u00e4-kaakossa Kiiminki-Kollajan paliskuntiin ja lounaassa poronhoitoalueen etel\u00e4rajaan.<\/p>\n<p>Paliskunnan maapinta-alasta 39,1 % on valtionmaata ja 60,9 % on muiden maanomistajien omistuksessa. Paliskunnan alueella harjoitetaan voimakkaasti turvetuotantoa ja maataloutta. Malminetsint\u00e4valtauksia on kolmella eri yrityksell\u00e4. Litokairassa on soidensuojelualue.<\/p>\n<p>Viljelysten suoja-aitoja on 10, aktiiviviljelyksess\u00e4 olevaa aidattua aluetta on noin 120 hehtaaria. Suoja-aitoja on rakennettu paljon. Hepokankaassa sek\u00e4 Lamminper\u00e4ss\u00e4 sijaitsevat kiintoaidat. Paliskunnalla ei ole kattavaa aitaverkostoa, joten siirtoaitoja k\u00e4ytet\u00e4\u00e4n tarpeen mukaan.<\/p>\n<p>Merkitt\u00e4v\u00e4 asutuskeskus on Kuivaniemen kirkonkyl\u00e4. Palkisen alueella on lukuisia kyli\u00e4, kuten Tannila, Jakkukyl\u00e4 ja Oij\u00e4rvi sek\u00e4 maatalousvaltaisia alueita kuten Leua ja Luola-aapa.<\/p>\n<p>&nbsp;<\/p>\n<p>&nbsp;<\/p>\n<p>&nbsp;<\/p>\n","protected":false},"excerpt":{"rendered":"<p>Oij\u00e4rvi Porois\u00e4nt\u00e4: Siurua Henri Puhelin: 044 972 6619 S\u00e4hk\u00f6posti: &#x68;e&#x6e;&#101;&#46;&#x73;&#105;&#x40;&#104;o&#x74;&#109;&#x61;&#105;l&#x2e;&#99;&#x6f;&#x6d; Kotikunta: Ii Pinta-ala: 1 278,4 km2 Suurin sallittu eloporom\u00e4\u00e4r\u00e4: 1 300 Poronomistajia: 45 Oij\u00e4rven paliskunta kuuluu Pudasj\u00e4rven merkkipiiriin. Paliskunta sijaitsee Iin kunnan alueella. Paliskunta rajoittuu pohjoisessa Isosyd\u00e4nmaan, koillisessa Kuukkaan, id\u00e4ss\u00e4 Ikosen, etel\u00e4-kaakossa Kiiminki-Kollajan paliskuntiin ja lounaassa poronhoitoalueen etel\u00e4rajaan. Paliskunnan maapinta-alasta 39,1 % on valtionmaata ja [&hellip;]<\/p>\n","protected":false},"author":1,"featured_media":0,"parent":420,"menu_order":50,"comment_status":"open","ping_status":"closed","template":"paliskuntasivut.php","meta":{"footnotes":""},"class_list":["post-1562","page","type-page","status-publish","hentry"],"_links":{"self":[{"href":"https:\/\/paliskunnat.fi\/py\/wp-json\/wp\/v2\/pages\/1562","targetHints":{"allow":["GET"]}}],"collection":[{"href":"https:\/\/paliskunnat.fi\/py\/wp-json\/wp\/v2\/pages"}],"about":[{"href":"https:\/\/paliskunnat.fi\/py\/wp-json\/wp\/v2\/types\/page"}],"author":[{"embeddable":true,"href":"https:\/\/paliskunnat.fi\/py\/wp-json\/wp\/v2\/users\/1"}],"replies":[{"embeddable":true,"href":"https:\/\/paliskunnat.fi\/py\/wp-json\/wp\/v2\/comments?post=1562"}],"version-history":[{"count":22,"href":"https:\/\/paliskunnat.fi\/py\/wp-json\/wp\/v2\/pages\/1562\/revisions"}],"predecessor-version":[{"id":7845,"href":"https:\/\/paliskunnat.fi\/py\/wp-json\/wp\/v2\/pages\/1562\/revisions\/7845"}],"up":[{"embeddable":true,"href":"https:\/\/paliskunnat.fi\/py\/wp-json\/wp\/v2\/pages\/420"}],"wp:attachment":[{"href":"https:\/\/paliskunnat.fi\/py\/wp-json\/wp\/v2\/media?parent=1562"}],"curies":[{"name":"wp","href":"https:\/\/api.w.org\/{rel}","templated":true}]}}

50 Oijärvi

<h2>Oijärvi</h2>
<p>Poroisäntä: Siurua Henri<br />
Puhelin: 044 972 6619<br />
Sähköposti: &#x68;&#x65;&#x6e;&#x65;&#x2e;&#x73;&#105;&#64;&#104;&#111;tmai&#x6c;&#x2e;&#x63;&#x6f;&#x6d;</p>
<p><a href="https://paliskunnat.fi/py/wp-content/uploads/2014/11/50_oijarvi.png" rel="lightbox[1562]"><img loading="lazy" decoding="async" class="alignnone wp-image-1563" src="https://paliskunnat.fi/py/wp-content/uploads/2014/11/50_oijarvi.png" alt="50 Oijärven paliskunta" width="300" height="387" srcset="https://paliskunnat.fi/py/wp-content/uploads/2014/11/50_oijarvi.png 775w, https://paliskunnat.fi/py/wp-content/uploads/2014/11/50_oijarvi-232x300.png 232w" sizes="auto, (max-width: 300px) 100vw, 300px" /></a></p>
<table width="450">
<tbody>
<tr>
<td>Kotikunta:</td>
<td>Ii</td>
</tr>
<tr>
<td>Pinta-ala:</td>
<td>1 278,4 km<sup>2</sup></td>
</tr>
<tr>
<td>Suurin sallittu eloporomäärä:</td>
<td>1 300</td>
</tr>
<tr>
<td>Poronomistajia:</td>
<td>45</td>
</tr>
</tbody>
</table>
<p>Oijärven paliskunta kuuluu Pudasjärven merkkipiiriin. Paliskunta sijaitsee Iin kunnan alueella. Paliskunta rajoittuu pohjoisessa Isosydänmaan, koillisessa Kuukkaan, idässä Ikosen, etelä-kaakossa Kiiminki-Kollajan paliskuntiin ja lounaassa poronhoitoalueen etelärajaan.</p>
<p>Paliskunnan maapinta-alasta 39,1 % on valtionmaata ja 60,9 % on muiden maanomistajien omistuksessa. Paliskunnan alueella harjoitetaan voimakkaasti turvetuotantoa ja maataloutta. Malminetsintävaltauksia on kolmella eri yrityksellä. Litokairassa on soidensuojelualue.</p>
<p>Viljelysten suoja-aitoja on 10, aktiiviviljelyksessä olevaa aidattua aluetta on noin 120 hehtaaria. Suoja-aitoja on rakennettu paljon. Hepokankaassa sekä Lamminperässä sijaitsevat kiintoaidat. Paliskunnalla ei ole kattavaa aitaverkostoa, joten siirtoaitoja käytetään tarpeen mukaan.</p>
<p>Merkittävä asutuskeskus on Kuivaniemen kirkonkylä. Palkisen alueella on lukuisia kyliä, kuten Tannila, Jakkukylä ja Oijärvi sekä maatalousvaltaisia alueita kuten Leua ja Luola-aapa.</p>
<p>&nbsp;</p>
<p>&nbsp;</p>
<p>&nbsp;</p>

<p>Oijärvi Poroisäntä: Siurua Henri Puhelin: 044 972 6619 Sähköposti: &#x68;e&#x6e;&#101;&#46;&#x73;&#105;&#x40;&#104;o&#x74;&#109;&#x61;&#105;l&#x2e;&#99;&#x6f;&#x6d; Kotikunta: Ii Pinta-ala: 1 278,4 km2 Suurin sallittu eloporomäärä: 1 300 Poronomistajia: 45 Oijärven paliskunta kuuluu Pudasjärven merkkipiiriin. Paliskunta sijaitsee Iin kunnan alueella. Paliskunta rajoittuu pohjoisessa Isosydänmaan, koillisessa Kuukkaan, idässä Ikosen, etelä-kaakossa Kiiminki-Kollajan paliskuntiin ja lounaassa poronhoitoalueen etelärajaan. Paliskunnan maapinta-alasta 39,1 % on valtionmaata ja [&hellip;]</p>
