{"id":179,"date":"2014-08-25T16:26:24","date_gmt":"2014-08-25T13:26:24","guid":{"rendered":"http:\/\/80.69.171.23\/py\/?page_id=179"},"modified":"2025-02-25T09:54:48","modified_gmt":"2025-02-25T07:54:48","slug":"materiaalit","status":"publish","type":"page","link":"https:\/\/paliskunnat.fi\/py\/materiaalit\/","title":{"rendered":"Porotietoa"},"content":{"rendered":"<h2>Oppaat, tilastot ja muut materiaalit<\/h2>\n<p>N\u00e4ilt\u00e4 sivuilta l\u00f6yd\u00e4t poronhoidon esitteet ja oppaita sek\u00e4 tilastoja. Klikkaamalla kuvaa n\u00e4et kaavion suuremmassa koossa.<\/p>\n<p><a href=\"https:\/\/paliskunnat.fi\/py\/wp-content\/uploads\/2025\/02\/auton-alle-jaaneet-porot-2015-2024.jpg\" rel=\"lightbox[179]\"><img loading=\"lazy\" decoding=\"async\" class=\"alignnone wp-image-8520\" src=\"https:\/\/paliskunnat.fi\/py\/wp-content\/uploads\/2025\/02\/auton-alle-jaaneet-porot-2015-2024.jpg\" alt=\"Porokolarien kuukausittainen kertym\u00e4 2015-2024.\" width=\"460\" height=\"279\" srcset=\"https:\/\/paliskunnat.fi\/py\/wp-content\/uploads\/2025\/02\/auton-alle-jaaneet-porot-2015-2024.jpg 1200w, https:\/\/paliskunnat.fi\/py\/wp-content\/uploads\/2025\/02\/auton-alle-jaaneet-porot-2015-2024-300x182.jpg 300w, https:\/\/paliskunnat.fi\/py\/wp-content\/uploads\/2025\/02\/auton-alle-jaaneet-porot-2015-2024-1024x622.jpg 1024w, https:\/\/paliskunnat.fi\/py\/wp-content\/uploads\/2025\/02\/auton-alle-jaaneet-porot-2015-2024-768x467.jpg 768w\" sizes=\"auto, (max-width: 460px) 100vw, 460px\" \/><\/a><\/p>\n<p>Kaavio 1 (yll\u00e4). Porokolareja tapahtuu eniten loppukes\u00e4n ja talven pime\u00e4n\u00e4 aikana. Alkutalvesta porokolarien m\u00e4\u00e4riss\u00e4 on huomattavaa vuosittaista vaihtelua. Tammi-huhtikuussa osa poroista on tarhoissa, joten vahingot ovat v\u00e4h\u00e4isempi\u00e4 loppuvuoteen verrattuna. Kev\u00e4\u00e4n edetess\u00e4 p\u00e4iv\u00e4t pidentyv\u00e4t ja tien varressa olevien porojen havaitseminen helpottuu.<\/p>\n<p>Lis\u00e4tietoa <a href=\"https:\/\/paliskunnat.fi\/py\/porovahingot\/liikennevahingot\/porokolarin-sattuessa\/\">porokolareista<\/a>.<\/p>\n<p>&nbsp;<\/p>\n<p>&nbsp;<\/p>\n<p><!--more--><\/p>\n<h2>Poikkeuksellinen talvi 2019-2020<\/h2>\n<p><a href=\"https:\/\/jukuri.luke.fi\/handle\/10024\/546154\" target=\"_blank\" rel=\"noopener\">Talven 2019\u20132020<\/a> s\u00e4\u00e4-, lumi- ja luonnonolosuhteiden poikkeuksellisuus ja vaikutukset poronhoitoon (Luke)<\/p>\n<h2>Talvilaitumet 2016-2018<\/h2>\n<p>Poronhoitoalueen <a href=\"https:\/\/jukuri.luke.fi\/handle\/10024\/544124\" target=\"_blank\" rel=\"noopener\">talvilaitumet vuosien 2016-2018<\/a> laiduninventoinnissa.<\/p>\n<h2>Tietoa Ruotsin ja Norjan suurpedoista<\/h2>\n<p><a href=\"https:\/\/www.rovbase.no\/?type=1&amp;rovdyr=15&amp;tidsperiode=%C3%A5r&amp;SprakID=4\" target=\"_blank\" rel=\"noopener noreferrer\">www.rovbase.no<\/a><\/p>\n","protected":false},"excerpt":{"rendered":"<p>Oppaat, tilastot ja muut materiaalit N\u00e4ilt\u00e4 sivuilta l\u00f6yd\u00e4t poronhoidon esitteet ja oppaita sek\u00e4 tilastoja. Klikkaamalla kuvaa n\u00e4et kaavion suuremmassa koossa. Kaavio 1 (yll\u00e4). Porokolareja tapahtuu eniten loppukes\u00e4n ja talven pime\u00e4n\u00e4 aikana. Alkutalvesta porokolarien m\u00e4\u00e4riss\u00e4 on huomattavaa vuosittaista vaihtelua. Tammi-huhtikuussa osa poroista on tarhoissa, joten vahingot ovat v\u00e4h\u00e4isempi\u00e4 loppuvuoteen verrattuna. Kev\u00e4\u00e4n edetess\u00e4 p\u00e4iv\u00e4t pidentyv\u00e4t ja tien [&hellip;]<\/p>\n","protected":false},"author":1,"featured_media":0,"parent":0,"menu_order":6,"comment_status":"open","ping_status":"closed","template":"","meta":{"footnotes":""},"class_list":["post-179","page","type-page","status-publish","hentry"],"_links":{"self":[{"href":"https:\/\/paliskunnat.fi\/py\/wp-json\/wp\/v2\/pages\/179","targetHints":{"allow":["GET"]}}],"collection":[{"href":"https:\/\/paliskunnat.fi\/py\/wp-json\/wp\/v2\/pages"}],"about":[{"href":"https:\/\/paliskunnat.fi\/py\/wp-json\/wp\/v2\/types\/page"}],"author":[{"embeddable":true,"href":"https:\/\/paliskunnat.fi\/py\/wp-json\/wp\/v2\/users\/1"}],"replies":[{"embeddable":true,"href":"https:\/\/paliskunnat.fi\/py\/wp-json\/wp\/v2\/comments?post=179"}],"version-history":[{"count":69,"href":"https:\/\/paliskunnat.fi\/py\/wp-json\/wp\/v2\/pages\/179\/revisions"}],"predecessor-version":[{"id":8521,"href":"https:\/\/paliskunnat.fi\/py\/wp-json\/wp\/v2\/pages\/179\/revisions\/8521"}],"wp:attachment":[{"href":"https:\/\/paliskunnat.fi\/py\/wp-json\/wp\/v2\/media?parent=179"}],"curies":[{"name":"wp","href":"https:\/\/api.w.org\/{rel}","templated":true}]}}

<h2>Oppaat, tilastot ja muut materiaalit</h2>
<p>Näiltä sivuilta löydät poronhoidon esitteet ja oppaita sekä tilastoja. Klikkaamalla kuvaa näet kaavion suuremmassa koossa.</p>
<p><a href="https://paliskunnat.fi/py/wp-content/uploads/2025/02/auton-alle-jaaneet-porot-2015-2024.jpg" rel="lightbox[179]"><img loading="lazy" decoding="async" class="alignnone wp-image-8520" src="https://paliskunnat.fi/py/wp-content/uploads/2025/02/auton-alle-jaaneet-porot-2015-2024.jpg" alt="Porokolarien kuukausittainen kertymä 2015-2024." width="460" height="279" srcset="https://paliskunnat.fi/py/wp-content/uploads/2025/02/auton-alle-jaaneet-porot-2015-2024.jpg 1200w, https://paliskunnat.fi/py/wp-content/uploads/2025/02/auton-alle-jaaneet-porot-2015-2024-300x182.jpg 300w, https://paliskunnat.fi/py/wp-content/uploads/2025/02/auton-alle-jaaneet-porot-2015-2024-1024x622.jpg 1024w, https://paliskunnat.fi/py/wp-content/uploads/2025/02/auton-alle-jaaneet-porot-2015-2024-768x467.jpg 768w" sizes="auto, (max-width: 460px) 100vw, 460px" /></a></p>
<p>Kaavio 1 (yllä). Porokolareja tapahtuu eniten loppukesän ja talven pimeänä aikana. Alkutalvesta porokolarien määrissä on huomattavaa vuosittaista vaihtelua. Tammi-huhtikuussa osa poroista on tarhoissa, joten vahingot ovat vähäisempiä loppuvuoteen verrattuna. Kevään edetessä päivät pidentyvät ja tien varressa olevien porojen havaitseminen helpottuu.</p>
<p>Lisätietoa <a href="https://paliskunnat.fi/py/porovahingot/liikennevahingot/porokolarin-sattuessa/">porokolareista</a>.</p>
<p>&nbsp;</p>
<p>&nbsp;</p>
<p><!--more--></p>
<h2>Poikkeuksellinen talvi 2019-2020</h2>
<p><a href="https://jukuri.luke.fi/handle/10024/546154" target="_blank" rel="noopener">Talven 2019–2020</a> sää-, lumi- ja luonnonolosuhteiden poikkeuksellisuus ja vaikutukset poronhoitoon (Luke)</p>
<h2>Talvilaitumet 2016-2018</h2>
<p>Poronhoitoalueen <a href="https://jukuri.luke.fi/handle/10024/544124" target="_blank" rel="noopener">talvilaitumet vuosien 2016-2018</a> laiduninventoinnissa.</p>
<h2>Tietoa Ruotsin ja Norjan suurpedoista</h2>
<p><a href="https://www.rovbase.no/?type=1&amp;rovdyr=15&amp;tidsperiode=%C3%A5r&amp;SprakID=4" target="_blank" rel="noopener noreferrer">www.rovbase.no</a></p>

<p>Oppaat, tilastot ja muut materiaalit Näiltä sivuilta löydät poronhoidon esitteet ja oppaita sekä tilastoja. Klikkaamalla kuvaa näet kaavion suuremmassa koossa. Kaavio 1 (yllä). Porokolareja tapahtuu eniten loppukesän ja talven pimeänä aikana. Alkutalvesta porokolarien määrissä on huomattavaa vuosittaista vaihtelua. Tammi-huhtikuussa osa poroista on tarhoissa, joten vahingot ovat vähäisempiä loppuvuoteen verrattuna. Kevään edetessä päivät pidentyvät ja tien [&hellip;]</p>
