{"id":3393,"date":"2015-04-15T11:39:39","date_gmt":"2015-04-15T08:39:39","guid":{"rendered":"http:\/\/80.69.171.23\/py\/?page_id=3393"},"modified":"2024-03-07T12:37:46","modified_gmt":"2024-03-07T10:37:46","slug":"maankayton-hairiovaikutus","status":"publish","type":"page","link":"https:\/\/paliskunnat.fi\/py\/materiaalit\/tutkimustietoa\/maankayton-hairiovaikutus\/","title":{"rendered":"Maank\u00e4yt\u00f6n h\u00e4iri\u00f6vaikutus"},"content":{"rendered":"<h2>Maank\u00e4yt\u00f6n h\u00e4iri\u00f6vaikutus<\/h2>\n<p>Anttonen, M., Kumpula, J. &amp; Colpaert, A. 2011. <em>Range Selection by Semi-Domesticated Reindeer (Rangifer tarandus tarandus) in Relation to Infrastructure and Human Activity in the Boreal Forest Environment, Northern Finland<\/em>, Arctic vol. 64, No. 1, 1\u201314.<\/p>\n<p>Helldin, J. O., Jung, J., Neumann, W., Olsson, M., Skarin, A. &amp; Widemo, F. 2013. <em>The impacts of wind power on terrestrial mammals<\/em>, Swedish Environmental Protection Agency, report 6510.<\/p>\n<p>Helle, T. &amp; Jaakkola, L. 2008.<em>T<\/em><em>ransition in herd management of semi-domesticated reindeer in northern Finland<\/em>. Ann.Zool.Fennici Vol 45, pp. 81-101.<br \/>\n<a href=\"https:\/\/doi.org\/10.5735\/086.045.0201\">https:\/\/doi.org\/10.5735\/086.045.0201<\/a><\/p>\n<p>Helle, T., Mikkola, K., Rauhala, J., Santonen, T., Niva, A. &amp; Hyv\u00f6nen, J. 2013. <em>Poronhoito sotaharjoitusalueella \u2013 tapaustutkimus Rovaj\u00e4rvelt\u00e4, <\/em>Metlan ty\u00f6raportteja 254<\/p>\n<p>Horstkotte, T., Kumpula, J., Sandstr\u00f6m, P., T\u00f8mmervik, H., Kivinen, S., Skarin, A, Moen, J. &amp; Sandstr\u00f6m, S. 2022. <em>Pastures under pressure: Effects of other land users and the environment<\/em>. <span style=\"font-weight: 400;\">Teoksessa (toim.) Horstkotte, T., Holand, \u00d8., Kumpul, J. ja Moen, J., Reindeer Husbandry and Global Environmental Change: Pastoralism in Fennoscandia. Routledge. s.76-98<\/span><\/p>\n<p>Kivinen, S. &amp; Kumpula, T. 2014. Detecting land cover disturbances in the Lappi reindeer herding district using multi-source remote sensing and GIS data, International Journal of Applied Earth Observation and Geoinformation, Vol 27, s. 13-19.<br \/>\n<a href=\"https:\/\/doi.org\/10.1016\/j.jag.2013.05.009\">https:\/\/doi.org\/10.1016\/j.jag.2013.05.009<\/a><\/p>\n<p>Kumpula, J., Colpaert, A. &amp; Anttonen, M. 2007.<em> Does forest harvesting and linear infrastructure change the usability value of pastureland for semi-domesticated reindeer (Rangifer tarandus tarandus)? <\/em>Ann. Zool. Fennici 44:161\u2013178.<br \/>\n<a href=\"https:\/\/www.sekj.org\/PDF\/anz44-free\/anz44-161.pdf\">https:\/\/www.sekj.org\/PDF\/anz44-free\/anz44-161.pdf\u00a0<\/a><\/p>\n<p>Kumpula, J., Colpaert, A. &amp; Tanskanen, A. 2008. <em>Porojen laidunten valinta muuttuneessa mets\u00e4- ja maisemarakenteessa Keski-Lapissa,<\/em> Suomen Riista 54: 69\u201382.<\/p>\n<p>Kumpula, J., Kurkilahti, M., Helle, T. ja Colpaert, A. 2013. <em>Both reindeer management and several other land use factors explain the reduction in ground lichens (Cladonia spp.) in pastures grazed by semi-domesticated reindeer in Finland<\/em>, Regional Environmental Change 14(2):541\u2013559.<\/p>\n<p>Nyk\u00e4nen, J. &amp; Colpaert, A. 2016. <em>Suunnitellut Kollajan altaan vaikutus poronhoitoon. Porojen GPS-seurannan tulokset ja laidunalueiden k\u00e4ytt\u00f6. <\/em>University of Eastern Finland.<br \/>\n<a href=\"https:\/\/urn.fi\/URN:ISBN:978-952-61-2084-3\">https:\/\/urn.fi\/URN:ISBN:978-952-61-2084-3\u00a0<\/a><\/p>\n<p>Skarin, A. &amp; \u00c5hman, B. 2014. <em>Do human activity and infrastructure disturb domesticated reindeer? The need for the reindeer\u2019s perspective<\/em>, Polar Biology 37, s. 1041\u20131054.<\/p>\n<p>Skarin, A., Sandstr\u00f6m, P. &amp; Alam, M. 2018. <em>Out of sight of wind turbines\u2014Reindeer response to wind farms in operation<\/em>. Ecology and Evolution 8(19) 9906\u20139919.<br \/>\n<a href=\"https:\/\/doi.org\/10.1002\/ece3.4476\">https:\/\/doi.org\/10.1002\/ece3.4476<\/a><\/p>\n<p>Skarin, A., Sandstr\u00f6m, P., Brand\u00e3o Niebuhr, B., Alam, M. &amp; Adler, S. 2021. <em>Renar, rensk\u00f6tsel och vindkraft: vinter-och barmarksbete<\/em>. Rapport 7011. Naturv\u00e5rdsverket, Tukholma.<br \/>\n<a href=\"https:\/\/publications.slu.se\/?file=publ\/show&amp;id=115488\">https:\/\/publications.slu.se\/?file=publ\/show&amp;id=115488<\/a><\/p>\n<p>Strand, O., Colman, J. E., Eftest\u00f8l, S., Sandstr\u00f6m, P., Skarin, A. &amp; Thomassen, J. 2018. <em>Vindkraft och renar: En kunskapssammanst\u00e4llning<\/em>. Rapport 6799. Naturv\u00e5rdsverket, Tukholma.<br \/>\n<a href=\"https:\/\/www.naturvardsverket.se\/4ac657\/globalassets\/media\/publikationer-pdf\/6700\/978-91-620-6799-1.pdf\">https:\/\/www.naturvardsverket.se\/4ac657\/globalassets\/media\/publikationer-pdf\/6700\/978-91-620-6799-1.pdf<\/a><\/p>\n<p>Stoessel, M., Moen, J. &amp; Lindborg, R. 2022.\u00a0<em>Mapping cumulative pressures on the grazing lands of northern Fennoscandia<\/em>, Scientific Reports<br \/>\n<a href=\"https:\/\/www.nature.com\/articles\/s41598-022-20095-w\">https:\/\/www.nature.com\/articles\/s41598-022-20095-w<\/a><\/p>\n","protected":false},"excerpt":{"rendered":"<p>Maank\u00e4yt\u00f6n h\u00e4iri\u00f6vaikutus Anttonen, M., Kumpula, J. &amp; Colpaert, A. 2011. Range Selection by Semi-Domesticated Reindeer (Rangifer tarandus tarandus) in Relation to Infrastructure and Human Activity in the Boreal Forest Environment, Northern Finland, Arctic vol. 64, No. 1, 1\u201314. Helldin, J. O., Jung, J., Neumann, W., Olsson, M., Skarin, A. &amp; Widemo, F. 2013. The impacts [&hellip;]<\/p>\n","protected":false},"author":1,"featured_media":0,"parent":2616,"menu_order":0,"comment_status":"open","ping_status":"closed","template":"","meta":{"footnotes":""},"class_list":["post-3393","page","type-page","status-publish","hentry"],"_links":{"self":[{"href":"https:\/\/paliskunnat.fi\/py\/wp-json\/wp\/v2\/pages\/3393","targetHints":{"allow":["GET"]}}],"collection":[{"href":"https:\/\/paliskunnat.fi\/py\/wp-json\/wp\/v2\/pages"}],"about":[{"href":"https:\/\/paliskunnat.fi\/py\/wp-json\/wp\/v2\/types\/page"}],"author":[{"embeddable":true,"href":"https:\/\/paliskunnat.fi\/py\/wp-json\/wp\/v2\/users\/1"}],"replies":[{"embeddable":true,"href":"https:\/\/paliskunnat.fi\/py\/wp-json\/wp\/v2\/comments?post=3393"}],"version-history":[{"count":30,"href":"https:\/\/paliskunnat.fi\/py\/wp-json\/wp\/v2\/pages\/3393\/revisions"}],"predecessor-version":[{"id":8197,"href":"https:\/\/paliskunnat.fi\/py\/wp-json\/wp\/v2\/pages\/3393\/revisions\/8197"}],"up":[{"embeddable":true,"href":"https:\/\/paliskunnat.fi\/py\/wp-json\/wp\/v2\/pages\/2616"}],"wp:attachment":[{"href":"https:\/\/paliskunnat.fi\/py\/wp-json\/wp\/v2\/media?parent=3393"}],"curies":[{"name":"wp","href":"https:\/\/api.w.org\/{rel}","templated":true}]}}

Maankäytön häiriövaikutus

<h2>Maankäytön häiriövaikutus</h2>
<p>Anttonen, M., Kumpula, J. &amp; Colpaert, A. 2011. <em>Range Selection by Semi-Domesticated Reindeer (Rangifer tarandus tarandus) in Relation to Infrastructure and Human Activity in the Boreal Forest Environment, Northern Finland</em>, Arctic vol. 64, No. 1, 1–14.</p>
<p>Helldin, J. O., Jung, J., Neumann, W., Olsson, M., Skarin, A. &amp; Widemo, F. 2013. <em>The impacts of wind power on terrestrial mammals</em>, Swedish Environmental Protection Agency, report 6510.</p>
<p>Helle, T. &amp; Jaakkola, L. 2008.<em>T</em><em>ransition in herd management of semi-domesticated reindeer in northern Finland</em>. Ann.Zool.Fennici Vol 45, pp. 81-101.<br />
<a href="https://doi.org/10.5735/086.045.0201">https://doi.org/10.5735/086.045.0201</a></p>
<p>Helle, T., Mikkola, K., Rauhala, J., Santonen, T., Niva, A. &amp; Hyvönen, J. 2013. <em>Poronhoito sotaharjoitusalueella – tapaustutkimus Rovajärveltä, </em>Metlan työraportteja 254</p>
<p>Horstkotte, T., Kumpula, J., Sandström, P., Tømmervik, H., Kivinen, S., Skarin, A, Moen, J. &amp; Sandström, S. 2022. <em>Pastures under pressure: Effects of other land users and the environment</em>. <span style="font-weight: 400;">Teoksessa (toim.) Horstkotte, T., Holand, Ø., Kumpul, J. ja Moen, J., Reindeer Husbandry and Global Environmental Change: Pastoralism in Fennoscandia. Routledge. s.76-98</span></p>
<p>Kivinen, S. &amp; Kumpula, T. 2014. Detecting land cover disturbances in the Lappi reindeer herding district using multi-source remote sensing and GIS data, International Journal of Applied Earth Observation and Geoinformation, Vol 27, s. 13-19.<br />
<a href="https://doi.org/10.1016/j.jag.2013.05.009">https://doi.org/10.1016/j.jag.2013.05.009</a></p>
<p>Kumpula, J., Colpaert, A. &amp; Anttonen, M. 2007.<em> Does forest harvesting and linear infrastructure change the usability value of pastureland for semi-domesticated reindeer (Rangifer tarandus tarandus)? </em>Ann. Zool. Fennici 44:161–178.<br />
<a href="https://www.sekj.org/PDF/anz44-free/anz44-161.pdf">https://www.sekj.org/PDF/anz44-free/anz44-161.pdf </a></p>
<p>Kumpula, J., Colpaert, A. &amp; Tanskanen, A. 2008. <em>Porojen laidunten valinta muuttuneessa metsä- ja maisemarakenteessa Keski-Lapissa,</em> Suomen Riista 54: 69–82.</p>
<p>Kumpula, J., Kurkilahti, M., Helle, T. ja Colpaert, A. 2013. <em>Both reindeer management and several other land use factors explain the reduction in ground lichens (Cladonia spp.) in pastures grazed by semi-domesticated reindeer in Finland</em>, Regional Environmental Change 14(2):541–559.</p>
<p>Nykänen, J. &amp; Colpaert, A. 2016. <em>Suunnitellut Kollajan altaan vaikutus poronhoitoon. Porojen GPS-seurannan tulokset ja laidunalueiden käyttö. </em>University of Eastern Finland.<br />
<a href="https://urn.fi/URN:ISBN:978-952-61-2084-3">https://urn.fi/URN:ISBN:978-952-61-2084-3 </a></p>
<p>Skarin, A. &amp; Åhman, B. 2014. <em>Do human activity and infrastructure disturb domesticated reindeer? The need for the reindeer’s perspective</em>, Polar Biology 37, s. 1041–1054.</p>
<p>Skarin, A., Sandström, P. &amp; Alam, M. 2018. <em>Out of sight of wind turbines—Reindeer response to wind farms in operation</em>. Ecology and Evolution 8(19) 9906–9919.<br />
<a href="https://doi.org/10.1002/ece3.4476">https://doi.org/10.1002/ece3.4476</a></p>
<p>Skarin, A., Sandström, P., Brandão Niebuhr, B., Alam, M. &amp; Adler, S. 2021. <em>Renar, renskötsel och vindkraft: vinter-och barmarksbete</em>. Rapport 7011. Naturvårdsverket, Tukholma.<br />
<a href="https://publications.slu.se/?file=publ/show&amp;id=115488">https://publications.slu.se/?file=publ/show&amp;id=115488</a></p>
<p>Strand, O., Colman, J. E., Eftestøl, S., Sandström, P., Skarin, A. &amp; Thomassen, J. 2018. <em>Vindkraft och renar: En kunskapssammanställning</em>. Rapport 6799. Naturvårdsverket, Tukholma.<br />
<a href="https://www.naturvardsverket.se/4ac657/globalassets/media/publikationer-pdf/6700/978-91-620-6799-1.pdf">https://www.naturvardsverket.se/4ac657/globalassets/media/publikationer-pdf/6700/978-91-620-6799-1.pdf</a></p>
<p>Stoessel, M., Moen, J. &amp; Lindborg, R. 2022. <em>Mapping cumulative pressures on the grazing lands of northern Fennoscandia</em>, Scientific Reports<br />
<a href="https://www.nature.com/articles/s41598-022-20095-w">https://www.nature.com/articles/s41598-022-20095-w</a></p>

<p>Maankäytön häiriövaikutus Anttonen, M., Kumpula, J. &amp; Colpaert, A. 2011. Range Selection by Semi-Domesticated Reindeer (Rangifer tarandus tarandus) in Relation to Infrastructure and Human Activity in the Boreal Forest Environment, Northern Finland, Arctic vol. 64, No. 1, 1–14. Helldin, J. O., Jung, J., Neumann, W., Olsson, M., Skarin, A. &amp; Widemo, F. 2013. The impacts [&hellip;]</p>
