{"id":1279,"date":"2014-11-20T14:38:31","date_gmt":"2014-11-20T12:38:31","guid":{"rendered":"http:\/\/80.69.171.23\/py\/?page_id=1279"},"modified":"2024-01-03T06:04:38","modified_gmt":"2024-01-03T04:04:38","slug":"kasivarsi","status":"publish","type":"page","link":"https:\/\/paliskunnat.fi\/reindeer-herders-association\/cooperatives\/cooperatives-info\/kasivarsi\/","title":{"rendered":"12 K\u00e4sivarsi"},"content":{"rendered":"<h2>K\u00e4sivarsi<\/h2>\n<p>Chief of District: Valkeap\u00e4\u00e4 Lars-Jona<br \/>\nMobile: +358 040 678 1185<br \/>\nEmail: &#x6b;&#97;s&#x69;&#118;a&#x72;&#114;e&#x6e;&#x70;&#97;&#x6c;&#x69;&#115;k&#x75;&#110;t&#x61;&#64;g&#x6d;&#x61;&#105;&#x6c;&#x2e;&#99;o&#x6d;<\/p>\n<p><a href=\"https:\/\/paliskunnat.fi\/reindeer-herders-association\/wp-content\/uploads\/2014\/11\/12_kasivarsi.png\" rel=\"lightbox[1279]\"><img loading=\"lazy\" decoding=\"async\" class=\"alignnone wp-image-1282\" src=\"https:\/\/paliskunnat.fi\/reindeer-herders-association\/wp-content\/uploads\/2014\/11\/12_kasivarsi.png\" alt=\"12 K\u00e4sivarsi\" width=\"300\" height=\"387\" srcset=\"https:\/\/paliskunnat.fi\/reindeer-herders-association\/wp-content\/uploads\/2014\/11\/12_kasivarsi.png 776w, https:\/\/paliskunnat.fi\/reindeer-herders-association\/wp-content\/uploads\/2014\/11\/12_kasivarsi-233x300.png 233w\" sizes=\"auto, (max-width: 300px) 100vw, 300px\" \/><\/a><\/p>\n<table width=\"450\">\n<tbody>\n<tr>\n<td>Hometown:<\/td>\n<td>Enonteki\u00f6<\/td>\n<\/tr>\n<tr>\n<td>Total area:<\/td>\n<td>4 839.7 km<sup>2<\/sup><\/td>\n<\/tr>\n<tr>\n<td>Maximum number of reindeer:<\/td>\n<td>10 000<\/td>\n<\/tr>\n<tr>\n<td>Reindeer herders:<\/td>\n<td>191<\/td>\n<\/tr>\n<\/tbody>\n<\/table>\n<p>K\u00e4sivarsi reindeer herding cooperative is part of the Enonteki\u00f6 reindeer marking district. The cooperative is located to the northwest part of Enonteki\u00f6 municipality.\u00a0 The cooperative borders in west with Sweden and in north with Norway. In south and east they neighbour with N\u00e4kk\u00e4l\u00e4 cooperative.<\/p>\n<p>95.7 % of the cooperative\u2019s total area is state land and 4.3 % is owned by other landowners. Over half of the cooperative area are wilderness areas or mire reserves. In the northeast of Kilpisj\u00e4rvi there is a strict nature reserve area called Malla. Most of the cooperative area does not have roads and is inhabited.<\/p>\n<p>The main round up fences are in Raittij\u00e4rvi, Njamakka, Saarikoski, Kultima and Paloj\u00e4rvi. Other fence areas are in Salvasj\u00e4rvi, Jehkas and PIhtsusj\u00e4rvi. Njamakka and Saarikoski areas have a 15 kilometres corridor for slaughter reindeer.<\/p>\n<p>Population is sparse and is located to the small villages between road 21 and Road Ruijatie. The biggest village is Kaaresuvanto.<\/p>\n<p>&nbsp;<\/p>\n<p>&nbsp;<\/p>\n<p><!--more--><\/p>\n<h2>K\u00e4sivarsi cooperatives<\/h2>\n<p>The <a href=\"http:\/\/www.kasivarrenpaliskunta.fi\/en\/\">website<\/a>\u00a0(in Finnish and English) of K\u00e4sivarsi reindeer herding cooperative<\/p>\n<h2>Following wolverine<\/h2>\n<p>Following a wolverine with the Chief of District Tuomas I. Paloj\u00e4rvi in Paloj\u00e4rvi, Enonteki\u00f6 (<a href=\"https:\/\/www.youtube.com\/watch?v=QyOfrgpPtjw\">Youtube<\/a>). Lapin kansa \u2013 published 3\/2013<\/p>\n","protected":false},"excerpt":{"rendered":"<p>K\u00e4sivarsi Chief of District: Valkeap\u00e4\u00e4 Lars-Jona Mobile: +358 040 678 1185 Email: &#x6b;&#x61;&#x73;&#105;&#118;ar&#x72;&#x65;&#x6e;&#112;&#97;li&#x73;&#x6b;&#x75;&#110;&#116;a&#64;&#x67;&#x6d;&#x61;&#105;&#108;&#46;c&#x6f;&#x6d; Hometown: Enonteki\u00f6 Total area: 4 839.7 km2 Maximum number of reindeer: 10 000 Reindeer herders: 191 K\u00e4sivarsi reindeer herding cooperative is part of the Enonteki\u00f6 reindeer marking district. The cooperative is located to the northwest part of Enonteki\u00f6 municipality.\u00a0 The cooperative borders [&hellip;]<\/p>\n","protected":false},"author":1,"featured_media":0,"parent":420,"menu_order":12,"comment_status":"open","ping_status":"closed","template":"paliskuntasivut.php","meta":{"footnotes":""},"class_list":["post-1279","page","type-page","status-publish","hentry"],"yoast_head":"<!-- This site is optimized with the Yoast SEO plugin v27.1.1 - https:\/\/yoast.com\/product\/yoast-seo-wordpress\/ -->\n<title>12 K\u00e4sivarsi - Reindeer Herders&#039; Association<\/title>\n<meta name=\"robots\" content=\"index, follow, max-snippet:-1, max-image-preview:large, max-video-preview:-1\" \/>\n<link rel=\"canonical\" href=\"https:\/\/paliskunnat.fi\/reindeer-herders-association\/cooperatives\/cooperatives-info\/kasivarsi\/\" \/>\n<meta property=\"og:locale\" content=\"en_US\" \/>\n<meta property=\"og:type\" content=\"article\" \/>\n<meta property=\"og:title\" content=\"12 K\u00e4sivarsi - Reindeer Herders&#039; Association\" \/>\n<meta property=\"og:description\" content=\"K\u00e4sivarsi Chief of District: Valkeap\u00e4\u00e4 Lars-Jona Mobile: +358 040 678 1185 Email: &#107;&#x61;&#x73;i&#118;&#x61;r&#114;&#x65;&#x6e;p&#097;&#x6c;i&#115;&#x6b;&#x75;n&#116;&#x61;&#064;&#103;&#x6d;&#x61;&#105;&#108;&#x2e;c&#111;&#x6d; Hometown: Enonteki\u00f6 Total area: 4 839.7 km2 Maximum number of reindeer: 10 000 Reindeer herders: 191 K\u00e4sivarsi reindeer herding cooperative is part of the Enonteki\u00f6 reindeer marking district. The cooperative is located to the northwest part of Enonteki\u00f6 municipality.\u00a0 The cooperative borders [&hellip;]\" \/>\n<meta property=\"og:url\" content=\"https:\/\/paliskunnat.fi\/reindeer-herders-association\/cooperatives\/cooperatives-info\/kasivarsi\/\" \/>\n<meta property=\"og:site_name\" content=\"Reindeer Herders&#039; Association\" \/>\n<meta property=\"article:modified_time\" content=\"2024-01-03T04:04:38+00:00\" \/>\n<meta property=\"og:image\" content=\"https:\/\/paliskunnat.fi\/reindeer-herders-association\/wp-content\/uploads\/2014\/11\/12_kasivarsi.png\" \/>\n<meta name=\"twitter:card\" content=\"summary_large_image\" \/>\n<meta name=\"twitter:label1\" content=\"Est. reading time\" \/>\n\t<meta name=\"twitter:data1\" content=\"2 minutes\" \/>\n<script type=\"application\/ld+json\" class=\"yoast-schema-graph\">{\"@context\":\"https:\/\/schema.org\",\"@graph\":[{\"@type\":\"WebPage\",\"@id\":\"https:\/\/paliskunnat.fi\/reindeer-herders-association\/cooperatives\/cooperatives-info\/kasivarsi\/\",\"url\":\"https:\/\/paliskunnat.fi\/reindeer-herders-association\/cooperatives\/cooperatives-info\/kasivarsi\/\",\"name\":\"12 K\u00e4sivarsi - Reindeer Herders&#039; Association\",\"isPartOf\":{\"@id\":\"https:\/\/paliskunnat.fi\/reindeer-herders-association\/#website\"},\"primaryImageOfPage\":{\"@id\":\"https:\/\/paliskunnat.fi\/reindeer-herders-association\/cooperatives\/cooperatives-info\/kasivarsi\/#primaryimage\"},\"image\":{\"@id\":\"https:\/\/paliskunnat.fi\/reindeer-herders-association\/cooperatives\/cooperatives-info\/kasivarsi\/#primaryimage\"},\"thumbnailUrl\":\"https:\/\/paliskunnat.fi\/reindeer-herders-association\/wp-content\/uploads\/2014\/11\/12_kasivarsi.png\",\"datePublished\":\"2014-11-20T12:38:31+00:00\",\"dateModified\":\"2024-01-03T04:04:38+00:00\",\"breadcrumb\":{\"@id\":\"https:\/\/paliskunnat.fi\/reindeer-herders-association\/cooperatives\/cooperatives-info\/kasivarsi\/#breadcrumb\"},\"inLanguage\":\"en-US\",\"potentialAction\":[{\"@type\":\"ReadAction\",\"target\":[\"https:\/\/paliskunnat.fi\/reindeer-herders-association\/cooperatives\/cooperatives-info\/kasivarsi\/\"]}]},{\"@type\":\"ImageObject\",\"inLanguage\":\"en-US\",\"@id\":\"https:\/\/paliskunnat.fi\/reindeer-herders-association\/cooperatives\/cooperatives-info\/kasivarsi\/#primaryimage\",\"url\":\"https:\/\/paliskunnat.fi\/reindeer-herders-association\/wp-content\/uploads\/2014\/11\/12_kasivarsi.png\",\"contentUrl\":\"https:\/\/paliskunnat.fi\/reindeer-herders-association\/wp-content\/uploads\/2014\/11\/12_kasivarsi.png\"},{\"@type\":\"BreadcrumbList\",\"@id\":\"https:\/\/paliskunnat.fi\/reindeer-herders-association\/cooperatives\/cooperatives-info\/kasivarsi\/#breadcrumb\",\"itemListElement\":[{\"@type\":\"ListItem\",\"position\":1,\"name\":\"Home\",\"item\":\"https:\/\/paliskunnat.fi\/reindeer-herders-association\/\"},{\"@type\":\"ListItem\",\"position\":2,\"name\":\"Cooperatives\",\"item\":\"https:\/\/paliskunnat.fi\/reindeer-herders-association\/cooperatives\/\"},{\"@type\":\"ListItem\",\"position\":3,\"name\":\"Information of cooperatives\",\"item\":\"https:\/\/paliskunnat.fi\/reindeer-herders-association\/cooperatives\/cooperatives-info\/\"},{\"@type\":\"ListItem\",\"position\":4,\"name\":\"12 K\u00e4sivarsi\"}]},{\"@type\":\"WebSite\",\"@id\":\"https:\/\/paliskunnat.fi\/reindeer-herders-association\/#website\",\"url\":\"https:\/\/paliskunnat.fi\/reindeer-herders-association\/\",\"name\":\"Reindeer Herders&#039; Association\",\"description\":\"Finnish Reindeer Herders&#039; Association\",\"potentialAction\":[{\"@type\":\"SearchAction\",\"target\":{\"@type\":\"EntryPoint\",\"urlTemplate\":\"https:\/\/paliskunnat.fi\/reindeer-herders-association\/?s={search_term_string}\"},\"query-input\":{\"@type\":\"PropertyValueSpecification\",\"valueRequired\":true,\"valueName\":\"search_term_string\"}}],\"inLanguage\":\"en-US\"}]}<\/script>\n<!-- \/ Yoast SEO plugin. -->","yoast_head_json":{"title":"12 K\u00e4sivarsi - Reindeer Herders&#039; Association","robots":{"index":"index","follow":"follow","max-snippet":"max-snippet:-1","max-image-preview":"max-image-preview:large","max-video-preview":"max-video-preview:-1"},"canonical":"https:\/\/paliskunnat.fi\/reindeer-herders-association\/cooperatives\/cooperatives-info\/kasivarsi\/","og_locale":"en_US","og_type":"article","og_title":"12 K\u00e4sivarsi - Reindeer Herders&#039; Association","og_description":"K\u00e4sivarsi Chief of District: Valkeap\u00e4\u00e4 Lars-Jona Mobile: +358 040 678 1185 Email: &#107;&#x61;&#x73;i&#118;&#x61;r&#114;&#x65;&#x6e;p&#97;&#x6c;i&#115;&#x6b;&#x75;n&#116;&#x61;&#64;&#103;&#x6d;&#x61;&#105;&#108;&#x2e;c&#111;&#x6d; Hometown: Enonteki\u00f6 Total area: 4 839.7 km2 Maximum number of reindeer: 10 000 Reindeer herders: 191 K\u00e4sivarsi reindeer herding cooperative is part of the Enonteki\u00f6 reindeer marking district. The cooperative is located to the northwest part of Enonteki\u00f6 municipality.\u00a0 The cooperative borders [&hellip;]","og_url":"https:\/\/paliskunnat.fi\/reindeer-herders-association\/cooperatives\/cooperatives-info\/kasivarsi\/","og_site_name":"Reindeer Herders&#039; Association","article_modified_time":"2024-01-03T04:04:38+00:00","og_image":[{"url":"https:\/\/paliskunnat.fi\/reindeer-herders-association\/wp-content\/uploads\/2014\/11\/12_kasivarsi.png","type":"","width":"","height":""}],"twitter_card":"summary_large_image","twitter_misc":{"Est. reading time":"2 minutes"},"schema":{"@context":"https:\/\/schema.org","@graph":[{"@type":"WebPage","@id":"https:\/\/paliskunnat.fi\/reindeer-herders-association\/cooperatives\/cooperatives-info\/kasivarsi\/","url":"https:\/\/paliskunnat.fi\/reindeer-herders-association\/cooperatives\/cooperatives-info\/kasivarsi\/","name":"12 K\u00e4sivarsi - Reindeer Herders&#039; Association","isPartOf":{"@id":"https:\/\/paliskunnat.fi\/reindeer-herders-association\/#website"},"primaryImageOfPage":{"@id":"https:\/\/paliskunnat.fi\/reindeer-herders-association\/cooperatives\/cooperatives-info\/kasivarsi\/#primaryimage"},"image":{"@id":"https:\/\/paliskunnat.fi\/reindeer-herders-association\/cooperatives\/cooperatives-info\/kasivarsi\/#primaryimage"},"thumbnailUrl":"https:\/\/paliskunnat.fi\/reindeer-herders-association\/wp-content\/uploads\/2014\/11\/12_kasivarsi.png","datePublished":"2014-11-20T12:38:31+00:00","dateModified":"2024-01-03T04:04:38+00:00","breadcrumb":{"@id":"https:\/\/paliskunnat.fi\/reindeer-herders-association\/cooperatives\/cooperatives-info\/kasivarsi\/#breadcrumb"},"inLanguage":"en-US","potentialAction":[{"@type":"ReadAction","target":["https:\/\/paliskunnat.fi\/reindeer-herders-association\/cooperatives\/cooperatives-info\/kasivarsi\/"]}]},{"@type":"ImageObject","inLanguage":"en-US","@id":"https:\/\/paliskunnat.fi\/reindeer-herders-association\/cooperatives\/cooperatives-info\/kasivarsi\/#primaryimage","url":"https:\/\/paliskunnat.fi\/reindeer-herders-association\/wp-content\/uploads\/2014\/11\/12_kasivarsi.png","contentUrl":"https:\/\/paliskunnat.fi\/reindeer-herders-association\/wp-content\/uploads\/2014\/11\/12_kasivarsi.png"},{"@type":"BreadcrumbList","@id":"https:\/\/paliskunnat.fi\/reindeer-herders-association\/cooperatives\/cooperatives-info\/kasivarsi\/#breadcrumb","itemListElement":[{"@type":"ListItem","position":1,"name":"Home","item":"https:\/\/paliskunnat.fi\/reindeer-herders-association\/"},{"@type":"ListItem","position":2,"name":"Cooperatives","item":"https:\/\/paliskunnat.fi\/reindeer-herders-association\/cooperatives\/"},{"@type":"ListItem","position":3,"name":"Information of cooperatives","item":"https:\/\/paliskunnat.fi\/reindeer-herders-association\/cooperatives\/cooperatives-info\/"},{"@type":"ListItem","position":4,"name":"12 K\u00e4sivarsi"}]},{"@type":"WebSite","@id":"https:\/\/paliskunnat.fi\/reindeer-herders-association\/#website","url":"https:\/\/paliskunnat.fi\/reindeer-herders-association\/","name":"Reindeer Herders&#039; Association","description":"Finnish Reindeer Herders&#039; Association","potentialAction":[{"@type":"SearchAction","target":{"@type":"EntryPoint","urlTemplate":"https:\/\/paliskunnat.fi\/reindeer-herders-association\/?s={search_term_string}"},"query-input":{"@type":"PropertyValueSpecification","valueRequired":true,"valueName":"search_term_string"}}],"inLanguage":"en-US"}]}},"_links":{"self":[{"href":"https:\/\/paliskunnat.fi\/reindeer-herders-association\/wp-json\/wp\/v2\/pages\/1279","targetHints":{"allow":["GET"]}}],"collection":[{"href":"https:\/\/paliskunnat.fi\/reindeer-herders-association\/wp-json\/wp\/v2\/pages"}],"about":[{"href":"https:\/\/paliskunnat.fi\/reindeer-herders-association\/wp-json\/wp\/v2\/types\/page"}],"author":[{"embeddable":true,"href":"https:\/\/paliskunnat.fi\/reindeer-herders-association\/wp-json\/wp\/v2\/users\/1"}],"replies":[{"embeddable":true,"href":"https:\/\/paliskunnat.fi\/reindeer-herders-association\/wp-json\/wp\/v2\/comments?post=1279"}],"version-history":[{"count":17,"href":"https:\/\/paliskunnat.fi\/reindeer-herders-association\/wp-json\/wp\/v2\/pages\/1279\/revisions"}],"predecessor-version":[{"id":6280,"href":"https:\/\/paliskunnat.fi\/reindeer-herders-association\/wp-json\/wp\/v2\/pages\/1279\/revisions\/6280"}],"up":[{"embeddable":true,"href":"https:\/\/paliskunnat.fi\/reindeer-herders-association\/wp-json\/wp\/v2\/pages\/420"}],"wp:attachment":[{"href":"https:\/\/paliskunnat.fi\/reindeer-herders-association\/wp-json\/wp\/v2\/media?parent=1279"}],"curies":[{"name":"wp","href":"https:\/\/api.w.org\/{rel}","templated":true}]}}