{"id":1383,"date":"2014-11-22T23:28:51","date_gmt":"2014-11-22T21:28:51","guid":{"rendered":"http:\/\/80.69.171.23\/py\/?page_id=1383"},"modified":"2023-06-06T14:37:41","modified_gmt":"2023-06-06T11:37:41","slug":"sattasniemi","status":"publish","type":"page","link":"https:\/\/paliskunnat.fi\/reindeer-herders-association\/cooperatives\/cooperatives-info\/sattasniemi\/","title":{"rendered":"17 Sattasniemi"},"content":{"rendered":"<h2>Sattasniemi<\/h2>\n<p>Porois\u00e4nt\u00e4: Riipi Matti<br \/>\nMobile: +358 40 706 6832<br \/>\nEmail: s&#97;&#116;&#x74;&#x61;&#x73;n&#105;&#101;&#x6d;&#x69;&#x6d;at&#116;&#x69;&#x40;&#x67;ma&#105;&#108;&#x2e;&#x63;&#x6f;m<\/p>\n<p><a href=\"https:\/\/paliskunnat.fi\/reindeer-herders-association\/wp-content\/uploads\/2014\/11\/17_sattasniemi.png\" rel=\"lightbox[1383]\"><img loading=\"lazy\" decoding=\"async\" class=\"alignnone wp-image-1385\" src=\"https:\/\/paliskunnat.fi\/reindeer-herders-association\/wp-content\/uploads\/2014\/11\/17_sattasniemi.png\" alt=\"17 Sattasniemi\" width=\"300\" height=\"387\" srcset=\"https:\/\/paliskunnat.fi\/reindeer-herders-association\/wp-content\/uploads\/2014\/11\/17_sattasniemi.png 776w, https:\/\/paliskunnat.fi\/reindeer-herders-association\/wp-content\/uploads\/2014\/11\/17_sattasniemi-233x300.png 233w\" sizes=\"auto, (max-width: 300px) 100vw, 300px\" \/><\/a><\/p>\n<table width=\"450\">\n<tbody>\n<tr>\n<td>Hometown:<\/td>\n<td>Sodankyl\u00e4<\/td>\n<\/tr>\n<tr>\n<td>Total area:<\/td>\n<td>2 431.9 km<sup>2<\/sup><\/td>\n<\/tr>\n<tr>\n<td>Maximum number of reindeer:<\/td>\n<td>5 300<\/td>\n<\/tr>\n<tr>\n<td>Reindeer herders:<\/td>\n<td>163<\/td>\n<\/tr>\n<\/tbody>\n<\/table>\n<p>Sattasniemi reindeer herding cooperative is part of the Sodankyl\u00e4 reindeer marking district. The cooperative is located to the Sodankyl\u00e4 municipality. The cooperative borders in north with Lappi, in east with Oraniemi, in south with Syv\u00e4j\u00e4rvi and in west Kuivasalmi cooperatives.<\/p>\n<p>85.9 % of the cooperative\u2019s total area is state land and 14.1 % is owned by other landowners. There are reserve areas in Pomokaira and Kaarestunturi that comprise 31.5 % of the total area. In addition, there are five reservoirs for water power production. There is also Pahtavaara gold mine that is not currently working. Sodankyl\u00e4 garrison is also located in the cooperative area.<\/p>\n<p>The main round up fences are Kautoselk\u00e4 and Sattasvaara. Other fences are in Kurkiper\u00e4vaara, Kaarresselk\u00e4, Hirvilauttanen, Vanttio, Poksaselk\u00e4, Kuorajoki, VUoromarova, Salmuri and Kunnanen.<\/p>\n<p>The population is strongest in the centre of Sodankyl\u00e4. Rajala village is in the centre of the cooperative and other villages (Kersil\u00f6, Sattanen, Jeesi\u00f6 and Sodankyl\u00e4) are located on the sides of the cooperative.<\/p>\n<p>&nbsp;<\/p>\n<p>&nbsp;<\/p>\n","protected":false},"excerpt":{"rendered":"<p>Sattasniemi Porois\u00e4nt\u00e4: Riipi Matti Mobile: +358 40 706 6832 Email: s&#97;&#x74;&#x74;a&#115;&#110;&#x69;&#x65;m&#105;&#x6d;&#x61;t&#116;&#105;&#x40;&#x67;m&#97;&#x69;&#x6c;&#46;&#99;&#111;&#x6d; Hometown: Sodankyl\u00e4 Total area: 2 431.9 km2 Maximum number of reindeer: 5 300 Reindeer herders: 163 Sattasniemi reindeer herding cooperative is part of the Sodankyl\u00e4 reindeer marking district. The cooperative is located to the Sodankyl\u00e4 municipality. The cooperative borders in north with Lappi, in [&hellip;]<\/p>\n","protected":false},"author":1,"featured_media":0,"parent":420,"menu_order":17,"comment_status":"open","ping_status":"closed","template":"paliskuntasivut.php","meta":{"footnotes":""},"class_list":["post-1383","page","type-page","status-publish","hentry"],"yoast_head":"<!-- This site is optimized with the Yoast SEO plugin v27.1.1 - https:\/\/yoast.com\/product\/yoast-seo-wordpress\/ -->\n<title>17 Sattasniemi - Reindeer Herders&#039; Association<\/title>\n<meta name=\"robots\" content=\"index, follow, max-snippet:-1, max-image-preview:large, max-video-preview:-1\" \/>\n<link rel=\"canonical\" href=\"https:\/\/paliskunnat.fi\/reindeer-herders-association\/cooperatives\/cooperatives-info\/sattasniemi\/\" \/>\n<meta property=\"og:locale\" content=\"en_US\" \/>\n<meta property=\"og:type\" content=\"article\" \/>\n<meta property=\"og:title\" content=\"17 Sattasniemi - Reindeer Herders&#039; Association\" \/>\n<meta property=\"og:description\" content=\"Sattasniemi Porois\u00e4nt\u00e4: Riipi Matti Mobile: +358 40 706 6832 Email: &#115;&#x61;t&#x74;&#x61;&#115;&#x6e;i&#x65;&#x6d;&#105;&#x6d;a&#x74;&#x74;&#105;&#x40;g&#x6d;&#x61;&#105;&#x6c;&#046;&#x63;&#x6f;&#109; Hometown: Sodankyl\u00e4 Total area: 2 431.9 km2 Maximum number of reindeer: 5 300 Reindeer herders: 163 Sattasniemi reindeer herding cooperative is part of the Sodankyl\u00e4 reindeer marking district. The cooperative is located to the Sodankyl\u00e4 municipality. The cooperative borders in north with Lappi, in [&hellip;]\" \/>\n<meta property=\"og:url\" content=\"https:\/\/paliskunnat.fi\/reindeer-herders-association\/cooperatives\/cooperatives-info\/sattasniemi\/\" \/>\n<meta property=\"og:site_name\" content=\"Reindeer Herders&#039; Association\" \/>\n<meta property=\"article:modified_time\" content=\"2023-06-06T11:37:41+00:00\" \/>\n<meta property=\"og:image\" content=\"https:\/\/paliskunnat.fi\/reindeer-herders-association\/wp-content\/uploads\/2014\/11\/17_sattasniemi.png\" \/>\n<meta name=\"twitter:card\" content=\"summary_large_image\" \/>\n<meta name=\"twitter:label1\" content=\"Est. reading time\" \/>\n\t<meta name=\"twitter:data1\" content=\"2 minutes\" \/>\n<script type=\"application\/ld+json\" class=\"yoast-schema-graph\">{\"@context\":\"https:\/\/schema.org\",\"@graph\":[{\"@type\":\"WebPage\",\"@id\":\"https:\/\/paliskunnat.fi\/reindeer-herders-association\/cooperatives\/cooperatives-info\/sattasniemi\/\",\"url\":\"https:\/\/paliskunnat.fi\/reindeer-herders-association\/cooperatives\/cooperatives-info\/sattasniemi\/\",\"name\":\"17 Sattasniemi - Reindeer Herders&#039; Association\",\"isPartOf\":{\"@id\":\"https:\/\/paliskunnat.fi\/reindeer-herders-association\/#website\"},\"primaryImageOfPage\":{\"@id\":\"https:\/\/paliskunnat.fi\/reindeer-herders-association\/cooperatives\/cooperatives-info\/sattasniemi\/#primaryimage\"},\"image\":{\"@id\":\"https:\/\/paliskunnat.fi\/reindeer-herders-association\/cooperatives\/cooperatives-info\/sattasniemi\/#primaryimage\"},\"thumbnailUrl\":\"https:\/\/paliskunnat.fi\/reindeer-herders-association\/wp-content\/uploads\/2014\/11\/17_sattasniemi.png\",\"datePublished\":\"2014-11-22T21:28:51+00:00\",\"dateModified\":\"2023-06-06T11:37:41+00:00\",\"breadcrumb\":{\"@id\":\"https:\/\/paliskunnat.fi\/reindeer-herders-association\/cooperatives\/cooperatives-info\/sattasniemi\/#breadcrumb\"},\"inLanguage\":\"en-US\",\"potentialAction\":[{\"@type\":\"ReadAction\",\"target\":[\"https:\/\/paliskunnat.fi\/reindeer-herders-association\/cooperatives\/cooperatives-info\/sattasniemi\/\"]}]},{\"@type\":\"ImageObject\",\"inLanguage\":\"en-US\",\"@id\":\"https:\/\/paliskunnat.fi\/reindeer-herders-association\/cooperatives\/cooperatives-info\/sattasniemi\/#primaryimage\",\"url\":\"https:\/\/paliskunnat.fi\/reindeer-herders-association\/wp-content\/uploads\/2014\/11\/17_sattasniemi.png\",\"contentUrl\":\"https:\/\/paliskunnat.fi\/reindeer-herders-association\/wp-content\/uploads\/2014\/11\/17_sattasniemi.png\"},{\"@type\":\"BreadcrumbList\",\"@id\":\"https:\/\/paliskunnat.fi\/reindeer-herders-association\/cooperatives\/cooperatives-info\/sattasniemi\/#breadcrumb\",\"itemListElement\":[{\"@type\":\"ListItem\",\"position\":1,\"name\":\"Home\",\"item\":\"https:\/\/paliskunnat.fi\/reindeer-herders-association\/\"},{\"@type\":\"ListItem\",\"position\":2,\"name\":\"Cooperatives\",\"item\":\"https:\/\/paliskunnat.fi\/reindeer-herders-association\/cooperatives\/\"},{\"@type\":\"ListItem\",\"position\":3,\"name\":\"Information of cooperatives\",\"item\":\"https:\/\/paliskunnat.fi\/reindeer-herders-association\/cooperatives\/cooperatives-info\/\"},{\"@type\":\"ListItem\",\"position\":4,\"name\":\"17 Sattasniemi\"}]},{\"@type\":\"WebSite\",\"@id\":\"https:\/\/paliskunnat.fi\/reindeer-herders-association\/#website\",\"url\":\"https:\/\/paliskunnat.fi\/reindeer-herders-association\/\",\"name\":\"Reindeer Herders&#039; Association\",\"description\":\"Finnish Reindeer Herders&#039; Association\",\"potentialAction\":[{\"@type\":\"SearchAction\",\"target\":{\"@type\":\"EntryPoint\",\"urlTemplate\":\"https:\/\/paliskunnat.fi\/reindeer-herders-association\/?s={search_term_string}\"},\"query-input\":{\"@type\":\"PropertyValueSpecification\",\"valueRequired\":true,\"valueName\":\"search_term_string\"}}],\"inLanguage\":\"en-US\"}]}<\/script>\n<!-- \/ Yoast SEO plugin. -->","yoast_head_json":{"title":"17 Sattasniemi - Reindeer Herders&#039; Association","robots":{"index":"index","follow":"follow","max-snippet":"max-snippet:-1","max-image-preview":"max-image-preview:large","max-video-preview":"max-video-preview:-1"},"canonical":"https:\/\/paliskunnat.fi\/reindeer-herders-association\/cooperatives\/cooperatives-info\/sattasniemi\/","og_locale":"en_US","og_type":"article","og_title":"17 Sattasniemi - Reindeer Herders&#039; Association","og_description":"Sattasniemi Porois\u00e4nt\u00e4: Riipi Matti Mobile: +358 40 706 6832 Email: &#115;&#x61;t&#x74;&#x61;&#115;&#x6e;i&#x65;&#x6d;&#105;&#x6d;a&#x74;&#x74;&#105;&#x40;g&#x6d;&#x61;&#105;&#x6c;&#46;&#x63;&#x6f;&#109; Hometown: Sodankyl\u00e4 Total area: 2 431.9 km2 Maximum number of reindeer: 5 300 Reindeer herders: 163 Sattasniemi reindeer herding cooperative is part of the Sodankyl\u00e4 reindeer marking district. The cooperative is located to the Sodankyl\u00e4 municipality. The cooperative borders in north with Lappi, in [&hellip;]","og_url":"https:\/\/paliskunnat.fi\/reindeer-herders-association\/cooperatives\/cooperatives-info\/sattasniemi\/","og_site_name":"Reindeer Herders&#039; Association","article_modified_time":"2023-06-06T11:37:41+00:00","og_image":[{"url":"https:\/\/paliskunnat.fi\/reindeer-herders-association\/wp-content\/uploads\/2014\/11\/17_sattasniemi.png","type":"","width":"","height":""}],"twitter_card":"summary_large_image","twitter_misc":{"Est. reading time":"2 minutes"},"schema":{"@context":"https:\/\/schema.org","@graph":[{"@type":"WebPage","@id":"https:\/\/paliskunnat.fi\/reindeer-herders-association\/cooperatives\/cooperatives-info\/sattasniemi\/","url":"https:\/\/paliskunnat.fi\/reindeer-herders-association\/cooperatives\/cooperatives-info\/sattasniemi\/","name":"17 Sattasniemi - Reindeer Herders&#039; Association","isPartOf":{"@id":"https:\/\/paliskunnat.fi\/reindeer-herders-association\/#website"},"primaryImageOfPage":{"@id":"https:\/\/paliskunnat.fi\/reindeer-herders-association\/cooperatives\/cooperatives-info\/sattasniemi\/#primaryimage"},"image":{"@id":"https:\/\/paliskunnat.fi\/reindeer-herders-association\/cooperatives\/cooperatives-info\/sattasniemi\/#primaryimage"},"thumbnailUrl":"https:\/\/paliskunnat.fi\/reindeer-herders-association\/wp-content\/uploads\/2014\/11\/17_sattasniemi.png","datePublished":"2014-11-22T21:28:51+00:00","dateModified":"2023-06-06T11:37:41+00:00","breadcrumb":{"@id":"https:\/\/paliskunnat.fi\/reindeer-herders-association\/cooperatives\/cooperatives-info\/sattasniemi\/#breadcrumb"},"inLanguage":"en-US","potentialAction":[{"@type":"ReadAction","target":["https:\/\/paliskunnat.fi\/reindeer-herders-association\/cooperatives\/cooperatives-info\/sattasniemi\/"]}]},{"@type":"ImageObject","inLanguage":"en-US","@id":"https:\/\/paliskunnat.fi\/reindeer-herders-association\/cooperatives\/cooperatives-info\/sattasniemi\/#primaryimage","url":"https:\/\/paliskunnat.fi\/reindeer-herders-association\/wp-content\/uploads\/2014\/11\/17_sattasniemi.png","contentUrl":"https:\/\/paliskunnat.fi\/reindeer-herders-association\/wp-content\/uploads\/2014\/11\/17_sattasniemi.png"},{"@type":"BreadcrumbList","@id":"https:\/\/paliskunnat.fi\/reindeer-herders-association\/cooperatives\/cooperatives-info\/sattasniemi\/#breadcrumb","itemListElement":[{"@type":"ListItem","position":1,"name":"Home","item":"https:\/\/paliskunnat.fi\/reindeer-herders-association\/"},{"@type":"ListItem","position":2,"name":"Cooperatives","item":"https:\/\/paliskunnat.fi\/reindeer-herders-association\/cooperatives\/"},{"@type":"ListItem","position":3,"name":"Information of cooperatives","item":"https:\/\/paliskunnat.fi\/reindeer-herders-association\/cooperatives\/cooperatives-info\/"},{"@type":"ListItem","position":4,"name":"17 Sattasniemi"}]},{"@type":"WebSite","@id":"https:\/\/paliskunnat.fi\/reindeer-herders-association\/#website","url":"https:\/\/paliskunnat.fi\/reindeer-herders-association\/","name":"Reindeer Herders&#039; Association","description":"Finnish Reindeer Herders&#039; Association","potentialAction":[{"@type":"SearchAction","target":{"@type":"EntryPoint","urlTemplate":"https:\/\/paliskunnat.fi\/reindeer-herders-association\/?s={search_term_string}"},"query-input":{"@type":"PropertyValueSpecification","valueRequired":true,"valueName":"search_term_string"}}],"inLanguage":"en-US"}]}},"_links":{"self":[{"href":"https:\/\/paliskunnat.fi\/reindeer-herders-association\/wp-json\/wp\/v2\/pages\/1383","targetHints":{"allow":["GET"]}}],"collection":[{"href":"https:\/\/paliskunnat.fi\/reindeer-herders-association\/wp-json\/wp\/v2\/pages"}],"about":[{"href":"https:\/\/paliskunnat.fi\/reindeer-herders-association\/wp-json\/wp\/v2\/types\/page"}],"author":[{"embeddable":true,"href":"https:\/\/paliskunnat.fi\/reindeer-herders-association\/wp-json\/wp\/v2\/users\/1"}],"replies":[{"embeddable":true,"href":"https:\/\/paliskunnat.fi\/reindeer-herders-association\/wp-json\/wp\/v2\/comments?post=1383"}],"version-history":[{"count":8,"href":"https:\/\/paliskunnat.fi\/reindeer-herders-association\/wp-json\/wp\/v2\/pages\/1383\/revisions"}],"predecessor-version":[{"id":6184,"href":"https:\/\/paliskunnat.fi\/reindeer-herders-association\/wp-json\/wp\/v2\/pages\/1383\/revisions\/6184"}],"up":[{"embeddable":true,"href":"https:\/\/paliskunnat.fi\/reindeer-herders-association\/wp-json\/wp\/v2\/pages\/420"}],"wp:attachment":[{"href":"https:\/\/paliskunnat.fi\/reindeer-herders-association\/wp-json\/wp\/v2\/media?parent=1383"}],"curies":[{"name":"wp","href":"https:\/\/api.w.org\/{rel}","templated":true}]}}