{"id":1488,"date":"2014-11-23T17:42:53","date_gmt":"2014-11-23T15:42:53","guid":{"rendered":"http:\/\/80.69.171.23\/py\/?page_id=1488"},"modified":"2025-06-11T10:03:01","modified_gmt":"2025-06-11T07:03:01","slug":"hossa-irni","status":"publish","type":"page","link":"https:\/\/paliskunnat.fi\/reindeer-herders-association\/cooperatives\/cooperatives-info\/hossa-irni\/","title":{"rendered":"44 Hossa-Irni"},"content":{"rendered":"<h2>Hossa-Irni<\/h2>\n<p>Chief of District: Sepp\u00e4nen Ville<br \/>\nMobile:\u00a0 +358\u00a040 569 6592<br \/>\nEmail: &#x68;&#x6f;&#115;sa&#x69;&#x72;&#110;&#105;p&#x6c;&#x6b;&#64;&#103;m&#x61;&#x69;&#x6c;&#46;co&#x6d;<\/p>\n<p><a href=\"https:\/\/paliskunnat.fi\/reindeer-herders-association\/wp-content\/uploads\/2014\/11\/44_hossa_irni.png\" rel=\"lightbox[1488]\"><img loading=\"lazy\" decoding=\"async\" class=\"alignnone wp-image-1546\" src=\"https:\/\/paliskunnat.fi\/reindeer-herders-association\/wp-content\/uploads\/2014\/11\/44_hossa_irni.png\" alt=\"44 Hossa-Irni\" width=\"300\" height=\"387\" srcset=\"https:\/\/paliskunnat.fi\/reindeer-herders-association\/wp-content\/uploads\/2014\/11\/44_hossa_irni.png 775w, https:\/\/paliskunnat.fi\/reindeer-herders-association\/wp-content\/uploads\/2014\/11\/44_hossa_irni-233x300.png 233w\" sizes=\"auto, (max-width: 300px) 100vw, 300px\" \/><\/a><\/p>\n<table width=\"450\">\n<tbody>\n<tr>\n<td>Hometown:<\/td>\n<td>Suomussalmi<\/td>\n<\/tr>\n<tr>\n<td>Total area:<\/td>\n<td>3 087.4 km<sup>2<\/sup><\/td>\n<\/tr>\n<tr>\n<td>Maximum number of reindeer:<\/td>\n<td>3 000<\/td>\n<\/tr>\n<tr>\n<td>Reindeer herders<\/td>\n<td>71<\/td>\n<\/tr>\n<\/tbody>\n<\/table>\n<p>Hossa-Irni reindeer herding cooperative is part of the Kuusamo reindeer marking district. The cooperative is located to the Kuusamo, Taivalkoski and Suomussalmi municipalities. The cooperative borders in east with Russian border, in south with N\u00e4lj\u00e4nk\u00e4, in west with Taivalkoski, in North with Akanlahti and Kallioluoma cooperatives.<\/p>\n<p>50.5 % of the cooperative\u2019s total area is state land and 49.5 % is owned by other landowners. There are several Natura 2000 areas, most significant being Martinselkonen, Hossa and Romevaara.<\/p>\n<p>The cooperative does not have border or pasture fences. There are altogether nine autumn round up fences. In parts of these fences, there are separate feeding fences where reindeer can be kept and fed.<\/p>\n<p>Most of the people live in the northern part, on the riveside of Iijoki. Also there are lot of people living by the Kianta waters. The biggest villages are Hossa, Ruhtinansalmi and Teeriranta. The herders live mainly in the Hossa area in Suomussalmi.<\/p>\n<p>&nbsp;<\/p>\n<p>&nbsp;<\/p>\n","protected":false},"excerpt":{"rendered":"<p>Hossa-Irni Chief of District: Sepp\u00e4nen Ville Mobile:\u00a0 +358\u00a040 569 6592 Email: &#104;&#x6f;s&#x73;&#x61;&#105;&#x72;n&#x69;&#x70;&#108;&#x6b;&#64;&#x67;&#x6d;&#97;&#x69;l&#x2e;&#x63;&#111;&#x6d; Hometown: Suomussalmi Total area: 3 087.4 km2 Maximum number of reindeer: 3 000 Reindeer herders 71 Hossa-Irni reindeer herding cooperative is part of the Kuusamo reindeer marking district. The cooperative is located to the Kuusamo, Taivalkoski and Suomussalmi municipalities. The cooperative borders in [&hellip;]<\/p>\n","protected":false},"author":1,"featured_media":0,"parent":420,"menu_order":44,"comment_status":"open","ping_status":"closed","template":"paliskuntasivut.php","meta":{"footnotes":""},"class_list":["post-1488","page","type-page","status-publish","hentry"],"yoast_head":"<!-- This site is optimized with the Yoast SEO plugin v27.1.1 - https:\/\/yoast.com\/product\/yoast-seo-wordpress\/ -->\n<title>44 Hossa-Irni - Reindeer Herders&#039; Association<\/title>\n<meta name=\"robots\" content=\"index, follow, max-snippet:-1, max-image-preview:large, max-video-preview:-1\" \/>\n<link rel=\"canonical\" href=\"https:\/\/paliskunnat.fi\/reindeer-herders-association\/cooperatives\/cooperatives-info\/hossa-irni\/\" \/>\n<meta property=\"og:locale\" content=\"en_US\" \/>\n<meta property=\"og:type\" content=\"article\" \/>\n<meta property=\"og:title\" content=\"44 Hossa-Irni - Reindeer Herders&#039; Association\" \/>\n<meta property=\"og:description\" content=\"Hossa-Irni Chief of District: Sepp\u00e4nen Ville Mobile:\u00a0 +358\u00a040 569 6592 Email: &#x68;&#x6f;&#115;&#115;a&#x69;&#x72;&#x6e;&#105;&#112;l&#x6b;&#x40;&#x67;&#109;&#097;i&#x6c;&#x2e;&#x63;&#111;&#109; Hometown: Suomussalmi Total area: 3 087.4 km2 Maximum number of reindeer: 3 000 Reindeer herders 71 Hossa-Irni reindeer herding cooperative is part of the Kuusamo reindeer marking district. The cooperative is located to the Kuusamo, Taivalkoski and Suomussalmi municipalities. The cooperative borders in [&hellip;]\" \/>\n<meta property=\"og:url\" content=\"https:\/\/paliskunnat.fi\/reindeer-herders-association\/cooperatives\/cooperatives-info\/hossa-irni\/\" \/>\n<meta property=\"og:site_name\" content=\"Reindeer Herders&#039; Association\" \/>\n<meta property=\"article:modified_time\" content=\"2025-06-11T07:03:01+00:00\" \/>\n<meta property=\"og:image\" content=\"https:\/\/paliskunnat.fi\/reindeer-herders-association\/wp-content\/uploads\/2014\/11\/44_hossa_irni.png\" \/>\n\t<meta property=\"og:image:width\" content=\"775\" \/>\n\t<meta property=\"og:image:height\" content=\"1000\" \/>\n\t<meta property=\"og:image:type\" content=\"image\/png\" \/>\n<meta name=\"twitter:card\" content=\"summary_large_image\" \/>\n<meta name=\"twitter:label1\" content=\"Est. reading time\" \/>\n\t<meta name=\"twitter:data1\" content=\"2 minutes\" \/>\n<script type=\"application\/ld+json\" class=\"yoast-schema-graph\">{\"@context\":\"https:\/\/schema.org\",\"@graph\":[{\"@type\":\"WebPage\",\"@id\":\"https:\/\/paliskunnat.fi\/reindeer-herders-association\/cooperatives\/cooperatives-info\/hossa-irni\/\",\"url\":\"https:\/\/paliskunnat.fi\/reindeer-herders-association\/cooperatives\/cooperatives-info\/hossa-irni\/\",\"name\":\"44 Hossa-Irni - Reindeer Herders&#039; Association\",\"isPartOf\":{\"@id\":\"https:\/\/paliskunnat.fi\/reindeer-herders-association\/#website\"},\"primaryImageOfPage\":{\"@id\":\"https:\/\/paliskunnat.fi\/reindeer-herders-association\/cooperatives\/cooperatives-info\/hossa-irni\/#primaryimage\"},\"image\":{\"@id\":\"https:\/\/paliskunnat.fi\/reindeer-herders-association\/cooperatives\/cooperatives-info\/hossa-irni\/#primaryimage\"},\"thumbnailUrl\":\"https:\/\/paliskunnat.fi\/reindeer-herders-association\/wp-content\/uploads\/2014\/11\/44_hossa_irni.png\",\"datePublished\":\"2014-11-23T15:42:53+00:00\",\"dateModified\":\"2025-06-11T07:03:01+00:00\",\"breadcrumb\":{\"@id\":\"https:\/\/paliskunnat.fi\/reindeer-herders-association\/cooperatives\/cooperatives-info\/hossa-irni\/#breadcrumb\"},\"inLanguage\":\"en-US\",\"potentialAction\":[{\"@type\":\"ReadAction\",\"target\":[\"https:\/\/paliskunnat.fi\/reindeer-herders-association\/cooperatives\/cooperatives-info\/hossa-irni\/\"]}]},{\"@type\":\"ImageObject\",\"inLanguage\":\"en-US\",\"@id\":\"https:\/\/paliskunnat.fi\/reindeer-herders-association\/cooperatives\/cooperatives-info\/hossa-irni\/#primaryimage\",\"url\":\"https:\/\/paliskunnat.fi\/reindeer-herders-association\/wp-content\/uploads\/2014\/11\/44_hossa_irni.png\",\"contentUrl\":\"https:\/\/paliskunnat.fi\/reindeer-herders-association\/wp-content\/uploads\/2014\/11\/44_hossa_irni.png\"},{\"@type\":\"BreadcrumbList\",\"@id\":\"https:\/\/paliskunnat.fi\/reindeer-herders-association\/cooperatives\/cooperatives-info\/hossa-irni\/#breadcrumb\",\"itemListElement\":[{\"@type\":\"ListItem\",\"position\":1,\"name\":\"Home\",\"item\":\"https:\/\/paliskunnat.fi\/reindeer-herders-association\/\"},{\"@type\":\"ListItem\",\"position\":2,\"name\":\"Cooperatives\",\"item\":\"https:\/\/paliskunnat.fi\/reindeer-herders-association\/cooperatives\/\"},{\"@type\":\"ListItem\",\"position\":3,\"name\":\"Information of cooperatives\",\"item\":\"https:\/\/paliskunnat.fi\/reindeer-herders-association\/cooperatives\/cooperatives-info\/\"},{\"@type\":\"ListItem\",\"position\":4,\"name\":\"44 Hossa-Irni\"}]},{\"@type\":\"WebSite\",\"@id\":\"https:\/\/paliskunnat.fi\/reindeer-herders-association\/#website\",\"url\":\"https:\/\/paliskunnat.fi\/reindeer-herders-association\/\",\"name\":\"Reindeer Herders&#039; Association\",\"description\":\"Finnish Reindeer Herders&#039; Association\",\"potentialAction\":[{\"@type\":\"SearchAction\",\"target\":{\"@type\":\"EntryPoint\",\"urlTemplate\":\"https:\/\/paliskunnat.fi\/reindeer-herders-association\/?s={search_term_string}\"},\"query-input\":{\"@type\":\"PropertyValueSpecification\",\"valueRequired\":true,\"valueName\":\"search_term_string\"}}],\"inLanguage\":\"en-US\"}]}<\/script>\n<!-- \/ Yoast SEO plugin. -->","yoast_head_json":{"title":"44 Hossa-Irni - Reindeer Herders&#039; Association","robots":{"index":"index","follow":"follow","max-snippet":"max-snippet:-1","max-image-preview":"max-image-preview:large","max-video-preview":"max-video-preview:-1"},"canonical":"https:\/\/paliskunnat.fi\/reindeer-herders-association\/cooperatives\/cooperatives-info\/hossa-irni\/","og_locale":"en_US","og_type":"article","og_title":"44 Hossa-Irni - Reindeer Herders&#039; Association","og_description":"Hossa-Irni Chief of District: Sepp\u00e4nen Ville Mobile:\u00a0 +358\u00a040 569 6592 Email: &#x68;&#x6f;&#115;&#115;a&#x69;&#x72;&#x6e;&#105;&#112;l&#x6b;&#x40;&#x67;&#109;&#97;i&#x6c;&#x2e;&#x63;&#111;&#109; Hometown: Suomussalmi Total area: 3 087.4 km2 Maximum number of reindeer: 3 000 Reindeer herders 71 Hossa-Irni reindeer herding cooperative is part of the Kuusamo reindeer marking district. The cooperative is located to the Kuusamo, Taivalkoski and Suomussalmi municipalities. The cooperative borders in [&hellip;]","og_url":"https:\/\/paliskunnat.fi\/reindeer-herders-association\/cooperatives\/cooperatives-info\/hossa-irni\/","og_site_name":"Reindeer Herders&#039; Association","article_modified_time":"2025-06-11T07:03:01+00:00","og_image":[{"width":775,"height":1000,"url":"https:\/\/paliskunnat.fi\/reindeer-herders-association\/wp-content\/uploads\/2014\/11\/44_hossa_irni.png","type":"image\/png"}],"twitter_card":"summary_large_image","twitter_misc":{"Est. reading time":"2 minutes"},"schema":{"@context":"https:\/\/schema.org","@graph":[{"@type":"WebPage","@id":"https:\/\/paliskunnat.fi\/reindeer-herders-association\/cooperatives\/cooperatives-info\/hossa-irni\/","url":"https:\/\/paliskunnat.fi\/reindeer-herders-association\/cooperatives\/cooperatives-info\/hossa-irni\/","name":"44 Hossa-Irni - Reindeer Herders&#039; Association","isPartOf":{"@id":"https:\/\/paliskunnat.fi\/reindeer-herders-association\/#website"},"primaryImageOfPage":{"@id":"https:\/\/paliskunnat.fi\/reindeer-herders-association\/cooperatives\/cooperatives-info\/hossa-irni\/#primaryimage"},"image":{"@id":"https:\/\/paliskunnat.fi\/reindeer-herders-association\/cooperatives\/cooperatives-info\/hossa-irni\/#primaryimage"},"thumbnailUrl":"https:\/\/paliskunnat.fi\/reindeer-herders-association\/wp-content\/uploads\/2014\/11\/44_hossa_irni.png","datePublished":"2014-11-23T15:42:53+00:00","dateModified":"2025-06-11T07:03:01+00:00","breadcrumb":{"@id":"https:\/\/paliskunnat.fi\/reindeer-herders-association\/cooperatives\/cooperatives-info\/hossa-irni\/#breadcrumb"},"inLanguage":"en-US","potentialAction":[{"@type":"ReadAction","target":["https:\/\/paliskunnat.fi\/reindeer-herders-association\/cooperatives\/cooperatives-info\/hossa-irni\/"]}]},{"@type":"ImageObject","inLanguage":"en-US","@id":"https:\/\/paliskunnat.fi\/reindeer-herders-association\/cooperatives\/cooperatives-info\/hossa-irni\/#primaryimage","url":"https:\/\/paliskunnat.fi\/reindeer-herders-association\/wp-content\/uploads\/2014\/11\/44_hossa_irni.png","contentUrl":"https:\/\/paliskunnat.fi\/reindeer-herders-association\/wp-content\/uploads\/2014\/11\/44_hossa_irni.png"},{"@type":"BreadcrumbList","@id":"https:\/\/paliskunnat.fi\/reindeer-herders-association\/cooperatives\/cooperatives-info\/hossa-irni\/#breadcrumb","itemListElement":[{"@type":"ListItem","position":1,"name":"Home","item":"https:\/\/paliskunnat.fi\/reindeer-herders-association\/"},{"@type":"ListItem","position":2,"name":"Cooperatives","item":"https:\/\/paliskunnat.fi\/reindeer-herders-association\/cooperatives\/"},{"@type":"ListItem","position":3,"name":"Information of cooperatives","item":"https:\/\/paliskunnat.fi\/reindeer-herders-association\/cooperatives\/cooperatives-info\/"},{"@type":"ListItem","position":4,"name":"44 Hossa-Irni"}]},{"@type":"WebSite","@id":"https:\/\/paliskunnat.fi\/reindeer-herders-association\/#website","url":"https:\/\/paliskunnat.fi\/reindeer-herders-association\/","name":"Reindeer Herders&#039; Association","description":"Finnish Reindeer Herders&#039; Association","potentialAction":[{"@type":"SearchAction","target":{"@type":"EntryPoint","urlTemplate":"https:\/\/paliskunnat.fi\/reindeer-herders-association\/?s={search_term_string}"},"query-input":{"@type":"PropertyValueSpecification","valueRequired":true,"valueName":"search_term_string"}}],"inLanguage":"en-US"}]}},"_links":{"self":[{"href":"https:\/\/paliskunnat.fi\/reindeer-herders-association\/wp-json\/wp\/v2\/pages\/1488","targetHints":{"allow":["GET"]}}],"collection":[{"href":"https:\/\/paliskunnat.fi\/reindeer-herders-association\/wp-json\/wp\/v2\/pages"}],"about":[{"href":"https:\/\/paliskunnat.fi\/reindeer-herders-association\/wp-json\/wp\/v2\/types\/page"}],"author":[{"embeddable":true,"href":"https:\/\/paliskunnat.fi\/reindeer-herders-association\/wp-json\/wp\/v2\/users\/1"}],"replies":[{"embeddable":true,"href":"https:\/\/paliskunnat.fi\/reindeer-herders-association\/wp-json\/wp\/v2\/comments?post=1488"}],"version-history":[{"count":11,"href":"https:\/\/paliskunnat.fi\/reindeer-herders-association\/wp-json\/wp\/v2\/pages\/1488\/revisions"}],"predecessor-version":[{"id":6475,"href":"https:\/\/paliskunnat.fi\/reindeer-herders-association\/wp-json\/wp\/v2\/pages\/1488\/revisions\/6475"}],"up":[{"embeddable":true,"href":"https:\/\/paliskunnat.fi\/reindeer-herders-association\/wp-json\/wp\/v2\/pages\/420"}],"wp:attachment":[{"href":"https:\/\/paliskunnat.fi\/reindeer-herders-association\/wp-json\/wp\/v2\/media?parent=1488"}],"curies":[{"name":"wp","href":"https:\/\/api.w.org\/{rel}","templated":true}]}}